{"id":9869,"date":"2025-07-01T10:16:06","date_gmt":"2025-07-01T08:16:06","guid":{"rendered":"https:\/\/oigs.hr\/novo\/?page_id=9869"},"modified":"2026-01-28T18:33:30","modified_gmt":"2026-01-28T17:33:30","slug":"skolski-odbor-2","status":"publish","type":"page","link":"https:\/\/oigs.hr\/novo\/skolski-odbor-2\/","title":{"rendered":"\u0160kolski odbor"},"content":{"rendered":"<p><img loading=\"lazy\" decoding=\"async\" class=\"alignnone size-medium wp-image-9806\" src=\"https:\/\/oigs.hr\/novo\/wp-content\/uploads\/2025\/07\/7MFbUfEdVc0jiHyWcVaz6-300x300.png\" alt=\"\" width=\"300\" height=\"300\" srcset=\"https:\/\/oigs.hr\/novo\/wp-content\/uploads\/2025\/07\/7MFbUfEdVc0jiHyWcVaz6-300x300.png 300w, https:\/\/oigs.hr\/novo\/wp-content\/uploads\/2025\/07\/7MFbUfEdVc0jiHyWcVaz6-150x150.png 150w, https:\/\/oigs.hr\/novo\/wp-content\/uploads\/2025\/07\/7MFbUfEdVc0jiHyWcVaz6-768x768.png 768w, https:\/\/oigs.hr\/novo\/wp-content\/uploads\/2025\/07\/7MFbUfEdVc0jiHyWcVaz6-70x70.png 70w, https:\/\/oigs.hr\/novo\/wp-content\/uploads\/2025\/07\/7MFbUfEdVc0jiHyWcVaz6-246x246.png 246w, https:\/\/oigs.hr\/novo\/wp-content\/uploads\/2025\/07\/7MFbUfEdVc0jiHyWcVaz6-276x276.png 276w, https:\/\/oigs.hr\/novo\/wp-content\/uploads\/2025\/07\/7MFbUfEdVc0jiHyWcVaz6-125x125.png 125w, https:\/\/oigs.hr\/novo\/wp-content\/uploads\/2025\/07\/7MFbUfEdVc0jiHyWcVaz6.png 1024w\" sizes=\"auto, (max-width: 300px) 100vw, 300px\" \/><\/p>\n<h3 data-start=\"152\" data-end=\"169\">\u0160kolski odbor<\/h3>\n<p data-start=\"171\" data-end=\"403\">\u0160kolski odbor je upravno tijelo \u0161kole koje ima va\u017enu ulogu u dono\u0161enju odluka klju\u010dnih za rad i razvoj \u0161kole. Sastoji se od predstavnika osniva\u010da, roditelja i zaposlenika \u0161kole.<\/p>\n<p data-start=\"405\" data-end=\"455\">Odbor odlu\u010duje o najva\u017enijim pitanjima kao \u0161to su:<\/p>\n<ul data-start=\"456\" data-end=\"743\">\n<li data-start=\"456\" data-end=\"536\">\n<p data-start=\"458\" data-end=\"536\">dono\u0161enje i usvajanje \u0161kolskih dokumenata (npr. godi\u0161nji plan i program rada),<\/p>\n<\/li>\n<li data-start=\"537\" data-end=\"593\">\n<p data-start=\"539\" data-end=\"593\">davanje suglasnosti na financijske planove i izvje\u0161\u0107a,<\/p>\n<\/li>\n<li data-start=\"594\" data-end=\"632\">\n<p data-start=\"596\" data-end=\"632\">imenovanje i razrje\u0161enje ravnatelja,<\/p>\n<\/li>\n<li data-start=\"633\" data-end=\"667\">\n<p data-start=\"635\" data-end=\"667\">pra\u0107enje zakonitosti rada \u0161kole,<\/p>\n<\/li>\n<li data-start=\"668\" data-end=\"743\">\n<p data-start=\"670\" data-end=\"743\">odlu\u010divanje o pitanjima iz radnih odnosa zaposlenika (kada je propisano).<\/p>\n<\/li>\n<\/ul>\n<p data-start=\"745\" data-end=\"937\">Rad \u0160kolskog odbora temelji se na va\u017ee\u0107im zakonima i propisima, a njegov cilj je osigurati kvalitetno i transparentno upravljanje \u0161kolom u interesu u\u010denika, roditelja, zaposlenika i zajednice.<\/p>\n<p><strong>\u010cLANOVI \u0160KOLSKOG ODBORA<\/strong><\/p>\n<ol>\n<li>Marijana Br\u010di\u0107, predsjednica, iz reda nastavnika<\/li>\n<li>Petar Modri\u0107, zamjenik predsjednice, iz reda nastavnika<\/li>\n<li>Ana Jerbi\u0107, \u010dlanica, predstavnica radnika<\/li>\n<li>Marko Lidmila, \u010dlan, iz reda roditelja<\/li>\n<li>Iskra Mandari\u0107, \u010dlanica, imenovana od Osniva\u010da<\/li>\n<li>Slaven Ru\u017ei\u0107, \u010dlan, imenovan od Osniva\u010da<\/li>\n<li>&#8211;<\/li>\n<\/ol>\n<p data-start=\"84\" data-end=\"220\">Klikom na slike ispod mo\u017eete vidjeti popis \u010dlanova \u0160kolskog odbora OIG\u0160-a, pozive na sjednice i zapisnike sa sjednica.<\/p>\n<p data-start=\"745\" data-end=\"937\"><a href=\"https:\/\/oigs.hr\/novo\/clanovi-skolskog-odbora-2\/\"><img loading=\"lazy\" decoding=\"async\" class=\"alignnone size-medium wp-image-9876\" src=\"https:\/\/oigs.hr\/novo\/wp-content\/uploads\/2025\/07\/oS1cv-ukJ6uQeQbEBCvZH-300x300.png\" alt=\"\" width=\"300\" height=\"300\" srcset=\"https:\/\/oigs.hr\/novo\/wp-content\/uploads\/2025\/07\/oS1cv-ukJ6uQeQbEBCvZH-300x300.png 300w, https:\/\/oigs.hr\/novo\/wp-content\/uploads\/2025\/07\/oS1cv-ukJ6uQeQbEBCvZH-150x150.png 150w, https:\/\/oigs.hr\/novo\/wp-content\/uploads\/2025\/07\/oS1cv-ukJ6uQeQbEBCvZH-768x768.png 768w, https:\/\/oigs.hr\/novo\/wp-content\/uploads\/2025\/07\/oS1cv-ukJ6uQeQbEBCvZH-70x70.png 70w, https:\/\/oigs.hr\/novo\/wp-content\/uploads\/2025\/07\/oS1cv-ukJ6uQeQbEBCvZH-246x246.png 246w, https:\/\/oigs.hr\/novo\/wp-content\/uploads\/2025\/07\/oS1cv-ukJ6uQeQbEBCvZH-276x276.png 276w, https:\/\/oigs.hr\/novo\/wp-content\/uploads\/2025\/07\/oS1cv-ukJ6uQeQbEBCvZH-125x125.png 125w, https:\/\/oigs.hr\/novo\/wp-content\/uploads\/2025\/07\/oS1cv-ukJ6uQeQbEBCvZH.png 1024w\" sizes=\"auto, (max-width: 300px) 100vw, 300px\" \/><\/a><\/p>\n<p data-start=\"745\" data-end=\"937\"><a href=\"https:\/\/oigs.hr\/novo\/pozivi-za-sjednice-skolskog-odbora\/\"><img loading=\"lazy\" decoding=\"async\" class=\"alignnone size-medium wp-image-9874\" src=\"https:\/\/oigs.hr\/novo\/wp-content\/uploads\/2025\/07\/5xgbhCkmerfwY9ko461Zq-300x300.png\" alt=\"\" width=\"300\" height=\"300\" srcset=\"https:\/\/oigs.hr\/novo\/wp-content\/uploads\/2025\/07\/5xgbhCkmerfwY9ko461Zq-300x300.png 300w, https:\/\/oigs.hr\/novo\/wp-content\/uploads\/2025\/07\/5xgbhCkmerfwY9ko461Zq-150x150.png 150w, https:\/\/oigs.hr\/novo\/wp-content\/uploads\/2025\/07\/5xgbhCkmerfwY9ko461Zq-768x768.png 768w, https:\/\/oigs.hr\/novo\/wp-content\/uploads\/2025\/07\/5xgbhCkmerfwY9ko461Zq-70x70.png 70w, https:\/\/oigs.hr\/novo\/wp-content\/uploads\/2025\/07\/5xgbhCkmerfwY9ko461Zq-246x246.png 246w, https:\/\/oigs.hr\/novo\/wp-content\/uploads\/2025\/07\/5xgbhCkmerfwY9ko461Zq-276x276.png 276w, https:\/\/oigs.hr\/novo\/wp-content\/uploads\/2025\/07\/5xgbhCkmerfwY9ko461Zq-125x125.png 125w, https:\/\/oigs.hr\/novo\/wp-content\/uploads\/2025\/07\/5xgbhCkmerfwY9ko461Zq.png 1024w\" sizes=\"auto, (max-width: 300px) 100vw, 300px\" \/><\/a><\/p>\n<p data-start=\"745\" data-end=\"937\"><a href=\"https:\/\/oigs.hr\/novo\/zapisnici-so\/\"><img loading=\"lazy\" decoding=\"async\" class=\"alignnone size-medium wp-image-9872\" src=\"https:\/\/oigs.hr\/novo\/wp-content\/uploads\/2025\/07\/AveAYNAQG3bnAiRY1lEJ_-300x300.png\" alt=\"\" width=\"300\" height=\"300\" srcset=\"https:\/\/oigs.hr\/novo\/wp-content\/uploads\/2025\/07\/AveAYNAQG3bnAiRY1lEJ_-300x300.png 300w, https:\/\/oigs.hr\/novo\/wp-content\/uploads\/2025\/07\/AveAYNAQG3bnAiRY1lEJ_-150x150.png 150w, https:\/\/oigs.hr\/novo\/wp-content\/uploads\/2025\/07\/AveAYNAQG3bnAiRY1lEJ_-768x768.png 768w, https:\/\/oigs.hr\/novo\/wp-content\/uploads\/2025\/07\/AveAYNAQG3bnAiRY1lEJ_-70x70.png 70w, https:\/\/oigs.hr\/novo\/wp-content\/uploads\/2025\/07\/AveAYNAQG3bnAiRY1lEJ_-246x246.png 246w, https:\/\/oigs.hr\/novo\/wp-content\/uploads\/2025\/07\/AveAYNAQG3bnAiRY1lEJ_-276x276.png 276w, https:\/\/oigs.hr\/novo\/wp-content\/uploads\/2025\/07\/AveAYNAQG3bnAiRY1lEJ_-125x125.png 125w, https:\/\/oigs.hr\/novo\/wp-content\/uploads\/2025\/07\/AveAYNAQG3bnAiRY1lEJ_.png 1024w\" sizes=\"auto, (max-width: 300px) 100vw, 300px\" \/><\/a><\/p>\n","protected":false},"excerpt":{"rendered":"<p>\u0160kolski odbor \u0160kolski odbor je upravno tijelo \u0161kole koje ima va\u017enu ulogu u dono\u0161enju odluka klju\u010dnih za rad i razvoj &hellip; <\/p>\n","protected":false},"author":3,"featured_media":0,"parent":0,"menu_order":0,"comment_status":"closed","ping_status":"closed","template":"","meta":{"footnotes":""},"class_list":["post-9869","page","type-page","status-publish","hentry"],"yoast_head":"<!-- This site is optimized with the Yoast SEO plugin v27.4 - https:\/\/yoast.com\/product\/yoast-seo-wordpress\/ -->\n<title>\u0160kolski odbor - OIG\u0160<\/title>\n<meta name=\"description\" content=\"\u0160kolski odbor \u0160kolski odbor je upravno tijelo \u0161kole koje ima va\u017enu ulogu u dono\u0161enju odluka klju\u010dnih za rad i razvoj \u0161kole. Sastoji se od predstavnika\" \/>\n<meta name=\"robots\" content=\"index, follow, max-snippet:-1, max-image-preview:large, max-video-preview:-1\" \/>\n<link rel=\"canonical\" href=\"https:\/\/oigs.hr\/novo\/skolski-odbor-2\/\" \/>\n<meta property=\"og:locale\" content=\"hr_HR\" \/>\n<meta property=\"og:type\" content=\"article\" \/>\n<meta property=\"og:title\" content=\"\u0160kolski odbor - OIG\u0160\" \/>\n<meta property=\"og:description\" content=\"\u0160kolski odbor \u0160kolski odbor je upravno tijelo \u0161kole koje ima va\u017enu ulogu u dono\u0161enju odluka klju\u010dnih za rad i razvoj \u0161kole. Sastoji se od predstavnika\" \/>\n<meta property=\"og:url\" content=\"https:\/\/oigs.hr\/novo\/skolski-odbor-2\/\" \/>\n<meta property=\"og:site_name\" content=\"OIG\u0160\" \/>\n<meta property=\"article:publisher\" content=\"https:\/\/www.facebook.com\/oigs.srednjaskola\/\" \/>\n<meta property=\"article:modified_time\" content=\"2026-01-28T17:33:30+00:00\" \/>\n<meta property=\"og:image\" content=\"https:\/\/oigs.hr\/novo\/wp-content\/uploads\/2025\/07\/7MFbUfEdVc0jiHyWcVaz6.png\" \/>\n\t<meta property=\"og:image:width\" content=\"1024\" \/>\n\t<meta property=\"og:image:height\" content=\"1024\" \/>\n\t<meta property=\"og:image:type\" content=\"image\/png\" \/>\n<meta name=\"twitter:card\" content=\"summary_large_image\" \/>\n<meta name=\"twitter:label1\" content=\"Procijenjeno vrijeme \u010ditanja\" \/>\n\t<meta name=\"twitter:data1\" content=\"2 minute\" \/>\n<script type=\"application\/ld+json\" class=\"yoast-schema-graph\">{\"@context\":\"https:\\\/\\\/schema.org\",\"@graph\":[{\"@type\":\"WebPage\",\"@id\":\"https:\\\/\\\/oigs.hr\\\/novo\\\/skolski-odbor-2\\\/\",\"url\":\"https:\\\/\\\/oigs.hr\\\/novo\\\/skolski-odbor-2\\\/\",\"name\":\"\u0160kolski odbor - OIG\u0160\",\"isPartOf\":{\"@id\":\"https:\\\/\\\/oigs.hr\\\/novo\\\/#website\"},\"primaryImageOfPage\":{\"@id\":\"https:\\\/\\\/oigs.hr\\\/novo\\\/skolski-odbor-2\\\/#primaryimage\"},\"image\":{\"@id\":\"https:\\\/\\\/oigs.hr\\\/novo\\\/skolski-odbor-2\\\/#primaryimage\"},\"thumbnailUrl\":\"https:\\\/\\\/oigs.hr\\\/novo\\\/wp-content\\\/uploads\\\/2025\\\/07\\\/7MFbUfEdVc0jiHyWcVaz6-300x300.png\",\"datePublished\":\"2025-07-01T08:16:06+00:00\",\"dateModified\":\"2026-01-28T17:33:30+00:00\",\"description\":\"\u0160kolski odbor \u0160kolski odbor je upravno tijelo \u0161kole koje ima va\u017enu ulogu u dono\u0161enju odluka klju\u010dnih za rad i razvoj \u0161kole. Sastoji se od predstavnika\",\"breadcrumb\":{\"@id\":\"https:\\\/\\\/oigs.hr\\\/novo\\\/skolski-odbor-2\\\/#breadcrumb\"},\"inLanguage\":\"hr\",\"potentialAction\":[{\"@type\":\"ReadAction\",\"target\":[\"https:\\\/\\\/oigs.hr\\\/novo\\\/skolski-odbor-2\\\/\"]}]},{\"@type\":\"ImageObject\",\"inLanguage\":\"hr\",\"@id\":\"https:\\\/\\\/oigs.hr\\\/novo\\\/skolski-odbor-2\\\/#primaryimage\",\"url\":\"https:\\\/\\\/oigs.hr\\\/novo\\\/wp-content\\\/uploads\\\/2025\\\/07\\\/7MFbUfEdVc0jiHyWcVaz6.png\",\"contentUrl\":\"https:\\\/\\\/oigs.hr\\\/novo\\\/wp-content\\\/uploads\\\/2025\\\/07\\\/7MFbUfEdVc0jiHyWcVaz6.png\",\"width\":1024,\"height\":1024},{\"@type\":\"BreadcrumbList\",\"@id\":\"https:\\\/\\\/oigs.hr\\\/novo\\\/skolski-odbor-2\\\/#breadcrumb\",\"itemListElement\":[{\"@type\":\"ListItem\",\"position\":1,\"name\":\"Po\u010detna stranica\",\"item\":\"https:\\\/\\\/oigs.hr\\\/novo\\\/\"},{\"@type\":\"ListItem\",\"position\":2,\"name\":\"\u0160kolski odbor\"}]},{\"@type\":\"WebSite\",\"@id\":\"https:\\\/\\\/oigs.hr\\\/novo\\\/#website\",\"url\":\"https:\\\/\\\/oigs.hr\\\/novo\\\/\",\"name\":\"OIG\u0160\",\"description\":\"Obrtni\u010dka i industrijska graditeljska \u0161kola\",\"publisher\":{\"@id\":\"https:\\\/\\\/oigs.hr\\\/novo\\\/#organization\"},\"potentialAction\":[{\"@type\":\"SearchAction\",\"target\":{\"@type\":\"EntryPoint\",\"urlTemplate\":\"https:\\\/\\\/oigs.hr\\\/novo\\\/?s={search_term_string}\"},\"query-input\":{\"@type\":\"PropertyValueSpecification\",\"valueRequired\":true,\"valueName\":\"search_term_string\"}}],\"inLanguage\":\"hr\"},{\"@type\":\"Organization\",\"@id\":\"https:\\\/\\\/oigs.hr\\\/novo\\\/#organization\",\"name\":\"OIG\u0160\",\"url\":\"https:\\\/\\\/oigs.hr\\\/novo\\\/\",\"logo\":{\"@type\":\"ImageObject\",\"inLanguage\":\"hr\",\"@id\":\"https:\\\/\\\/oigs.hr\\\/novo\\\/#\\\/schema\\\/logo\\\/image\\\/\",\"url\":\"https:\\\/\\\/oigs.hr\\\/novo\\\/wp-content\\\/uploads\\\/2020\\\/06\\\/logo-1-e1592001907410.png\",\"contentUrl\":\"https:\\\/\\\/oigs.hr\\\/novo\\\/wp-content\\\/uploads\\\/2020\\\/06\\\/logo-1-e1592001907410.png\",\"width\":195,\"height\":181,\"caption\":\"OIG\u0160\"},\"image\":{\"@id\":\"https:\\\/\\\/oigs.hr\\\/novo\\\/#\\\/schema\\\/logo\\\/image\\\/\"},\"sameAs\":[\"https:\\\/\\\/www.facebook.com\\\/oigs.srednjaskola\\\/\"]}]}<\/script>\n<!-- \/ Yoast SEO plugin. -->","yoast_head_json":{"title":"\u0160kolski odbor - OIG\u0160","description":"\u0160kolski odbor \u0160kolski odbor je upravno tijelo \u0161kole koje ima va\u017enu ulogu u dono\u0161enju odluka klju\u010dnih za rad i razvoj \u0161kole. Sastoji se od predstavnika","robots":{"index":"index","follow":"follow","max-snippet":"max-snippet:-1","max-image-preview":"max-image-preview:large","max-video-preview":"max-video-preview:-1"},"canonical":"https:\/\/oigs.hr\/novo\/skolski-odbor-2\/","og_locale":"hr_HR","og_type":"article","og_title":"\u0160kolski odbor - OIG\u0160","og_description":"\u0160kolski odbor \u0160kolski odbor je upravno tijelo \u0161kole koje ima va\u017enu ulogu u dono\u0161enju odluka klju\u010dnih za rad i razvoj \u0161kole. Sastoji se od predstavnika","og_url":"https:\/\/oigs.hr\/novo\/skolski-odbor-2\/","og_site_name":"OIG\u0160","article_publisher":"https:\/\/www.facebook.com\/oigs.srednjaskola\/","article_modified_time":"2026-01-28T17:33:30+00:00","og_image":[{"width":1024,"height":1024,"url":"https:\/\/oigs.hr\/novo\/wp-content\/uploads\/2025\/07\/7MFbUfEdVc0jiHyWcVaz6.png","type":"image\/png"}],"twitter_card":"summary_large_image","twitter_misc":{"Procijenjeno vrijeme \u010ditanja":"2 minute"},"schema":{"@context":"https:\/\/schema.org","@graph":[{"@type":"WebPage","@id":"https:\/\/oigs.hr\/novo\/skolski-odbor-2\/","url":"https:\/\/oigs.hr\/novo\/skolski-odbor-2\/","name":"\u0160kolski odbor - OIG\u0160","isPartOf":{"@id":"https:\/\/oigs.hr\/novo\/#website"},"primaryImageOfPage":{"@id":"https:\/\/oigs.hr\/novo\/skolski-odbor-2\/#primaryimage"},"image":{"@id":"https:\/\/oigs.hr\/novo\/skolski-odbor-2\/#primaryimage"},"thumbnailUrl":"https:\/\/oigs.hr\/novo\/wp-content\/uploads\/2025\/07\/7MFbUfEdVc0jiHyWcVaz6-300x300.png","datePublished":"2025-07-01T08:16:06+00:00","dateModified":"2026-01-28T17:33:30+00:00","description":"\u0160kolski odbor \u0160kolski odbor je upravno tijelo \u0161kole koje ima va\u017enu ulogu u dono\u0161enju odluka klju\u010dnih za rad i razvoj \u0161kole. Sastoji se od predstavnika","breadcrumb":{"@id":"https:\/\/oigs.hr\/novo\/skolski-odbor-2\/#breadcrumb"},"inLanguage":"hr","potentialAction":[{"@type":"ReadAction","target":["https:\/\/oigs.hr\/novo\/skolski-odbor-2\/"]}]},{"@type":"ImageObject","inLanguage":"hr","@id":"https:\/\/oigs.hr\/novo\/skolski-odbor-2\/#primaryimage","url":"https:\/\/oigs.hr\/novo\/wp-content\/uploads\/2025\/07\/7MFbUfEdVc0jiHyWcVaz6.png","contentUrl":"https:\/\/oigs.hr\/novo\/wp-content\/uploads\/2025\/07\/7MFbUfEdVc0jiHyWcVaz6.png","width":1024,"height":1024},{"@type":"BreadcrumbList","@id":"https:\/\/oigs.hr\/novo\/skolski-odbor-2\/#breadcrumb","itemListElement":[{"@type":"ListItem","position":1,"name":"Po\u010detna stranica","item":"https:\/\/oigs.hr\/novo\/"},{"@type":"ListItem","position":2,"name":"\u0160kolski odbor"}]},{"@type":"WebSite","@id":"https:\/\/oigs.hr\/novo\/#website","url":"https:\/\/oigs.hr\/novo\/","name":"OIG\u0160","description":"Obrtni\u010dka i industrijska graditeljska \u0161kola","publisher":{"@id":"https:\/\/oigs.hr\/novo\/#organization"},"potentialAction":[{"@type":"SearchAction","target":{"@type":"EntryPoint","urlTemplate":"https:\/\/oigs.hr\/novo\/?s={search_term_string}"},"query-input":{"@type":"PropertyValueSpecification","valueRequired":true,"valueName":"search_term_string"}}],"inLanguage":"hr"},{"@type":"Organization","@id":"https:\/\/oigs.hr\/novo\/#organization","name":"OIG\u0160","url":"https:\/\/oigs.hr\/novo\/","logo":{"@type":"ImageObject","inLanguage":"hr","@id":"https:\/\/oigs.hr\/novo\/#\/schema\/logo\/image\/","url":"https:\/\/oigs.hr\/novo\/wp-content\/uploads\/2020\/06\/logo-1-e1592001907410.png","contentUrl":"https:\/\/oigs.hr\/novo\/wp-content\/uploads\/2020\/06\/logo-1-e1592001907410.png","width":195,"height":181,"caption":"OIG\u0160"},"image":{"@id":"https:\/\/oigs.hr\/novo\/#\/schema\/logo\/image\/"},"sameAs":["https:\/\/www.facebook.com\/oigs.srednjaskola\/"]}]}},"_links":{"self":[{"href":"https:\/\/oigs.hr\/novo\/wp-json\/wp\/v2\/pages\/9869","targetHints":{"allow":["GET"]}}],"collection":[{"href":"https:\/\/oigs.hr\/novo\/wp-json\/wp\/v2\/pages"}],"about":[{"href":"https:\/\/oigs.hr\/novo\/wp-json\/wp\/v2\/types\/page"}],"author":[{"embeddable":true,"href":"https:\/\/oigs.hr\/novo\/wp-json\/wp\/v2\/users\/3"}],"replies":[{"embeddable":true,"href":"https:\/\/oigs.hr\/novo\/wp-json\/wp\/v2\/comments?post=9869"}],"version-history":[{"count":15,"href":"https:\/\/oigs.hr\/novo\/wp-json\/wp\/v2\/pages\/9869\/revisions"}],"predecessor-version":[{"id":10655,"href":"https:\/\/oigs.hr\/novo\/wp-json\/wp\/v2\/pages\/9869\/revisions\/10655"}],"wp:attachment":[{"href":"https:\/\/oigs.hr\/novo\/wp-json\/wp\/v2\/media?parent=9869"}],"curies":[{"name":"wp","href":"https:\/\/api.w.org\/{rel}","templated":true}]}}