{"id":9782,"date":"2025-06-30T13:06:05","date_gmt":"2025-06-30T11:06:05","guid":{"rendered":"https:\/\/oigs.hr\/novo\/?page_id=9782"},"modified":"2025-06-30T13:14:21","modified_gmt":"2025-06-30T11:14:21","slug":"worldskills-2","status":"publish","type":"page","link":"https:\/\/oigs.hr\/novo\/worldskills-2\/","title":{"rendered":"WorldSkills"},"content":{"rendered":"<h3>Na\u0161i majstori predstavljaju Hrvatsku na EuroSkillsu 2025!<\/h3>\n<p><img loading=\"lazy\" decoding=\"async\" class=\"alignnone wp-image-9628 lazy loaded\" src=\"https:\/\/oigs.hr\/novo\/wp-content\/uploads\/2025\/06\/511565677_18273317830287972_3563327924381362651_n-240x300.jpeg\" sizes=\"auto, (max-width: 458px) 100vw, 458px\" srcset=\"https:\/\/oigs.hr\/novo\/wp-content\/uploads\/2025\/06\/511565677_18273317830287972_3563327924381362651_n-240x300.jpeg 240w, https:\/\/oigs.hr\/novo\/wp-content\/uploads\/2025\/06\/511565677_18273317830287972_3563327924381362651_n-819x1024.jpeg 819w, https:\/\/oigs.hr\/novo\/wp-content\/uploads\/2025\/06\/511565677_18273317830287972_3563327924381362651_n-768x960.jpeg 768w, https:\/\/oigs.hr\/novo\/wp-content\/uploads\/2025\/06\/511565677_18273317830287972_3563327924381362651_n.jpeg 1152w\" alt=\"\" width=\"458\" height=\"573\" data-src=\"https:\/\/oigs.hr\/novo\/wp-content\/uploads\/2025\/06\/511565677_18273317830287972_3563327924381362651_n-240x300.jpeg\" data-srcset=\"https:\/\/oigs.hr\/novo\/wp-content\/uploads\/2025\/06\/511565677_18273317830287972_3563327924381362651_n-240x300.jpeg 240w, https:\/\/oigs.hr\/novo\/wp-content\/uploads\/2025\/06\/511565677_18273317830287972_3563327924381362651_n-819x1024.jpeg 819w, https:\/\/oigs.hr\/novo\/wp-content\/uploads\/2025\/06\/511565677_18273317830287972_3563327924381362651_n-768x960.jpeg 768w, https:\/\/oigs.hr\/novo\/wp-content\/uploads\/2025\/06\/511565677_18273317830287972_3563327924381362651_n.jpeg 1152w\" data-sizes=\"(max-width: 458px) 100vw, 458px\" data-was-processed=\"true\" \/><\/p>\n<p data-start=\"226\" data-end=\"454\">Ponosno objavljujemo da \u0107e na\u0161i predstavnici Jasmin Korpar, u\u010denik zidarstva, i njegov mentor \u2013 ekspert Anton Cviti\u0107 \u2013 nositi hrvatsku zastavu na presti\u017enom me\u0111unarodnom natjecanju EuroSkills Herning 2025!<\/p>\n<p data-start=\"456\" data-end=\"649\">Ovo natjecanje okuplja najbolje mlade majstore iz cijele Europe, a na\u0161 dvojac bit \u0107e dio hrvatske delegacije koja \u0107e pokazati znanje, vje\u0161tinu, preciznost i predanost struci na najvi\u0161oj razini.<\/p>\n<p data-start=\"651\" data-end=\"799\">Jasmin i Anton svojim su radom, uporno\u0161\u0107u i izvrsnim rezultatima zaslu\u017eili priliku predstavljati na\u0161u \u0161kolu, grad i domovinu na europskoj pozornici.<\/p>\n<p data-start=\"801\" data-end=\"941\" data-is-last-node=\"\" data-is-only-node=\"\">\u010cestitamo im i \u017eelimo puno uspjeha u pripremama za EuroSkills 2025 u Danskoj!<\/p>\n<p><span style=\"color: #000000;\"><strong><a style=\"color: #000000;\" href=\"https:\/\/www.facebook.com\/oigs.srednjaskola\/posts\/pfbid02SxB78aD4pG8Gz26n7KroEA7n9pFNKkwmp66reRXJbRcdWAKSSyLMGhdAxMK3yGFJl\">O pripremama u kampu u Danskoj pro\u010ditajte vi\u0161e na na\u0161oj facebook stranici<\/a><\/strong><\/span><\/p>\n<h3>WorldSkills Croatia<\/h3>\n<p><img loading=\"lazy\" decoding=\"async\" class=\"alignnone wp-image-9180 lazy loaded\" src=\"https:\/\/oigs.hr\/novo\/wp-content\/uploads\/2025\/04\/kolaz-300x300.jpg\" sizes=\"auto, (max-width: 521px) 100vw, 521px\" srcset=\"https:\/\/oigs.hr\/novo\/wp-content\/uploads\/2025\/04\/kolaz-300x300.jpg 300w, https:\/\/oigs.hr\/novo\/wp-content\/uploads\/2025\/04\/kolaz-1024x1024.jpg 1024w, https:\/\/oigs.hr\/novo\/wp-content\/uploads\/2025\/04\/kolaz-150x150.jpg 150w, https:\/\/oigs.hr\/novo\/wp-content\/uploads\/2025\/04\/kolaz-768x768.jpg 768w, https:\/\/oigs.hr\/novo\/wp-content\/uploads\/2025\/04\/kolaz-70x70.jpg 70w, https:\/\/oigs.hr\/novo\/wp-content\/uploads\/2025\/04\/kolaz-246x246.jpg 246w, https:\/\/oigs.hr\/novo\/wp-content\/uploads\/2025\/04\/kolaz-276x276.jpg 276w, https:\/\/oigs.hr\/novo\/wp-content\/uploads\/2025\/04\/kolaz-125x125.jpg 125w, https:\/\/oigs.hr\/novo\/wp-content\/uploads\/2025\/04\/kolaz.jpg 1080w\" alt=\"\" width=\"521\" height=\"521\" data-src=\"https:\/\/oigs.hr\/novo\/wp-content\/uploads\/2025\/04\/kolaz-300x300.jpg\" data-srcset=\"https:\/\/oigs.hr\/novo\/wp-content\/uploads\/2025\/04\/kolaz-300x300.jpg 300w, https:\/\/oigs.hr\/novo\/wp-content\/uploads\/2025\/04\/kolaz-1024x1024.jpg 1024w, https:\/\/oigs.hr\/novo\/wp-content\/uploads\/2025\/04\/kolaz-150x150.jpg 150w, https:\/\/oigs.hr\/novo\/wp-content\/uploads\/2025\/04\/kolaz-768x768.jpg 768w, https:\/\/oigs.hr\/novo\/wp-content\/uploads\/2025\/04\/kolaz-70x70.jpg 70w, https:\/\/oigs.hr\/novo\/wp-content\/uploads\/2025\/04\/kolaz-246x246.jpg 246w, https:\/\/oigs.hr\/novo\/wp-content\/uploads\/2025\/04\/kolaz-276x276.jpg 276w, https:\/\/oigs.hr\/novo\/wp-content\/uploads\/2025\/04\/kolaz-125x125.jpg 125w, https:\/\/oigs.hr\/novo\/wp-content\/uploads\/2025\/04\/kolaz.jpg 1080w\" data-sizes=\"(max-width: 521px) 100vw, 521px\" data-was-processed=\"true\" \/><\/p>\n<ul data-start=\"140\" data-end=\"299\">\n<li data-start=\"140\" data-end=\"220\">\n<p data-start=\"142\" data-end=\"220\"><span class=\"relative -mx-px my-[-0.2rem] rounded px-px py-[0.2rem] transition-colors duration-100 ease-in-out\">Svake godine sudjelujemo na dr\u017eavnom natjecanju WorldSkills, najve\u0107em doga\u0111aju strukovnog obrazovanja u Hrvatskoj i regiji, s preko 200 \u0161kola i 400 natjecatelja<\/span><\/p>\n<\/li>\n<\/ul>\n<h3 data-start=\"301\" data-end=\"354\">\u00a0\u00a0<img loading=\"lazy\" decoding=\"async\" class=\"alignnone size-medium wp-image-9619 lazy loaded\" src=\"https:\/\/oigs.hr\/novo\/wp-content\/uploads\/2025\/06\/488663085_1327387102156959_440078237643646981_n-225x300.jpg\" sizes=\"auto, (max-width: 225px) 100vw, 225px\" srcset=\"https:\/\/oigs.hr\/novo\/wp-content\/uploads\/2025\/06\/488663085_1327387102156959_440078237643646981_n-225x300.jpg 225w, https:\/\/oigs.hr\/novo\/wp-content\/uploads\/2025\/06\/488663085_1327387102156959_440078237643646981_n-768x1024.jpg 768w, https:\/\/oigs.hr\/novo\/wp-content\/uploads\/2025\/06\/488663085_1327387102156959_440078237643646981_n-1152x1536.jpg 1152w, https:\/\/oigs.hr\/novo\/wp-content\/uploads\/2025\/06\/488663085_1327387102156959_440078237643646981_n.jpg 1536w\" alt=\"\" width=\"225\" height=\"300\" data-src=\"https:\/\/oigs.hr\/novo\/wp-content\/uploads\/2025\/06\/488663085_1327387102156959_440078237643646981_n-225x300.jpg\" data-srcset=\"https:\/\/oigs.hr\/novo\/wp-content\/uploads\/2025\/06\/488663085_1327387102156959_440078237643646981_n-225x300.jpg 225w, https:\/\/oigs.hr\/novo\/wp-content\/uploads\/2025\/06\/488663085_1327387102156959_440078237643646981_n-768x1024.jpg 768w, https:\/\/oigs.hr\/novo\/wp-content\/uploads\/2025\/06\/488663085_1327387102156959_440078237643646981_n-1152x1536.jpg 1152w, https:\/\/oigs.hr\/novo\/wp-content\/uploads\/2025\/06\/488663085_1327387102156959_440078237643646981_n.jpg 1536w\" data-sizes=\"(max-width: 225px) 100vw, 225px\" data-was-processed=\"true\" \/>\u00a0<img loading=\"lazy\" decoding=\"async\" class=\"alignnone size-medium wp-image-9620 lazy loaded\" src=\"https:\/\/oigs.hr\/novo\/wp-content\/uploads\/2025\/06\/489405829_1327387378823598_7559030903039517156_n-225x300.jpg\" sizes=\"auto, (max-width: 225px) 100vw, 225px\" srcset=\"https:\/\/oigs.hr\/novo\/wp-content\/uploads\/2025\/06\/489405829_1327387378823598_7559030903039517156_n-225x300.jpg 225w, https:\/\/oigs.hr\/novo\/wp-content\/uploads\/2025\/06\/489405829_1327387378823598_7559030903039517156_n-768x1024.jpg 768w, https:\/\/oigs.hr\/novo\/wp-content\/uploads\/2025\/06\/489405829_1327387378823598_7559030903039517156_n-1152x1536.jpg 1152w, https:\/\/oigs.hr\/novo\/wp-content\/uploads\/2025\/06\/489405829_1327387378823598_7559030903039517156_n.jpg 1536w\" alt=\"\" width=\"225\" height=\"300\" data-src=\"https:\/\/oigs.hr\/novo\/wp-content\/uploads\/2025\/06\/489405829_1327387378823598_7559030903039517156_n-225x300.jpg\" data-srcset=\"https:\/\/oigs.hr\/novo\/wp-content\/uploads\/2025\/06\/489405829_1327387378823598_7559030903039517156_n-225x300.jpg 225w, https:\/\/oigs.hr\/novo\/wp-content\/uploads\/2025\/06\/489405829_1327387378823598_7559030903039517156_n-768x1024.jpg 768w, https:\/\/oigs.hr\/novo\/wp-content\/uploads\/2025\/06\/489405829_1327387378823598_7559030903039517156_n-1152x1536.jpg 1152w, https:\/\/oigs.hr\/novo\/wp-content\/uploads\/2025\/06\/489405829_1327387378823598_7559030903039517156_n.jpg 1536w\" data-sizes=\"auto, (max-width: 225px) 100vw, 225px\" data-was-processed=\"true\" \/>\u00a0<img loading=\"lazy\" decoding=\"async\" class=\"alignnone size-medium wp-image-9621 lazy loaded\" src=\"https:\/\/oigs.hr\/novo\/wp-content\/uploads\/2025\/06\/489915978_1327387258823610_205234159123811105_n-225x300.jpg\" sizes=\"auto, (max-width: 225px) 100vw, 225px\" srcset=\"https:\/\/oigs.hr\/novo\/wp-content\/uploads\/2025\/06\/489915978_1327387258823610_205234159123811105_n-225x300.jpg 225w, https:\/\/oigs.hr\/novo\/wp-content\/uploads\/2025\/06\/489915978_1327387258823610_205234159123811105_n.jpg 720w\" alt=\"\" width=\"225\" height=\"300\" data-src=\"https:\/\/oigs.hr\/novo\/wp-content\/uploads\/2025\/06\/489915978_1327387258823610_205234159123811105_n-225x300.jpg\" data-srcset=\"https:\/\/oigs.hr\/novo\/wp-content\/uploads\/2025\/06\/489915978_1327387258823610_205234159123811105_n-225x300.jpg 225w, https:\/\/oigs.hr\/novo\/wp-content\/uploads\/2025\/06\/489915978_1327387258823610_205234159123811105_n.jpg 720w\" data-sizes=\"auto, (max-width: 225px) 100vw, 225px\" data-was-processed=\"true\" \/><\/h3>\n<ul>\n<li><span class=\"relative -mx-px my-[-0.2rem] rounded px-px py-[0.2rem] transition-colors duration-100 ease-in-out\">\u010cesto se nalazimo me\u0111u nagra\u0111enima,\u00a0na\u0161i u\u010denici osvajali su medalje i visoka mjesta, a \u0161kola je prepoznata kao uspje\u0161an doma\u0107in disciplina.<\/span><\/li>\n<\/ul>\n<h3 data-start=\"301\" data-end=\"354\">\u00a0\u00a0\u00a0<img loading=\"lazy\" decoding=\"async\" class=\"alignnone size-medium wp-image-9625 lazy loaded\" src=\"https:\/\/oigs.hr\/novo\/wp-content\/uploads\/2025\/06\/496051423_1356328542596148_2177698977860101275_n-300x200.jpg\" sizes=\"auto, (max-width: 300px) 100vw, 300px\" srcset=\"https:\/\/oigs.hr\/novo\/wp-content\/uploads\/2025\/06\/496051423_1356328542596148_2177698977860101275_n-300x200.jpg 300w, https:\/\/oigs.hr\/novo\/wp-content\/uploads\/2025\/06\/496051423_1356328542596148_2177698977860101275_n-1024x683.jpg 1024w, https:\/\/oigs.hr\/novo\/wp-content\/uploads\/2025\/06\/496051423_1356328542596148_2177698977860101275_n-768x512.jpg 768w, https:\/\/oigs.hr\/novo\/wp-content\/uploads\/2025\/06\/496051423_1356328542596148_2177698977860101275_n-1536x1024.jpg 1536w, https:\/\/oigs.hr\/novo\/wp-content\/uploads\/2025\/06\/496051423_1356328542596148_2177698977860101275_n.jpg 2048w\" alt=\"\" width=\"300\" height=\"200\" data-src=\"https:\/\/oigs.hr\/novo\/wp-content\/uploads\/2025\/06\/496051423_1356328542596148_2177698977860101275_n-300x200.jpg\" data-srcset=\"https:\/\/oigs.hr\/novo\/wp-content\/uploads\/2025\/06\/496051423_1356328542596148_2177698977860101275_n-300x200.jpg 300w, https:\/\/oigs.hr\/novo\/wp-content\/uploads\/2025\/06\/496051423_1356328542596148_2177698977860101275_n-1024x683.jpg 1024w, https:\/\/oigs.hr\/novo\/wp-content\/uploads\/2025\/06\/496051423_1356328542596148_2177698977860101275_n-768x512.jpg 768w, https:\/\/oigs.hr\/novo\/wp-content\/uploads\/2025\/06\/496051423_1356328542596148_2177698977860101275_n-1536x1024.jpg 1536w, https:\/\/oigs.hr\/novo\/wp-content\/uploads\/2025\/06\/496051423_1356328542596148_2177698977860101275_n.jpg 2048w\" data-sizes=\"auto, (max-width: 300px) 100vw, 300px\" data-was-processed=\"true\" \/>\u00a0\u00a0<img loading=\"lazy\" decoding=\"async\" class=\"alignnone size-medium wp-image-9627 lazy loaded\" src=\"https:\/\/oigs.hr\/novo\/wp-content\/uploads\/2025\/06\/496598068_1356329759262693_6500930468139044700_n-300x200.jpg\" sizes=\"auto, (max-width: 300px) 100vw, 300px\" srcset=\"https:\/\/oigs.hr\/novo\/wp-content\/uploads\/2025\/06\/496598068_1356329759262693_6500930468139044700_n-300x200.jpg 300w, https:\/\/oigs.hr\/novo\/wp-content\/uploads\/2025\/06\/496598068_1356329759262693_6500930468139044700_n-1024x683.jpg 1024w, https:\/\/oigs.hr\/novo\/wp-content\/uploads\/2025\/06\/496598068_1356329759262693_6500930468139044700_n-768x512.jpg 768w, https:\/\/oigs.hr\/novo\/wp-content\/uploads\/2025\/06\/496598068_1356329759262693_6500930468139044700_n-1536x1024.jpg 1536w, https:\/\/oigs.hr\/novo\/wp-content\/uploads\/2025\/06\/496598068_1356329759262693_6500930468139044700_n.jpg 2048w\" alt=\"\" width=\"300\" height=\"200\" data-src=\"https:\/\/oigs.hr\/novo\/wp-content\/uploads\/2025\/06\/496598068_1356329759262693_6500930468139044700_n-300x200.jpg\" data-srcset=\"https:\/\/oigs.hr\/novo\/wp-content\/uploads\/2025\/06\/496598068_1356329759262693_6500930468139044700_n-300x200.jpg 300w, https:\/\/oigs.hr\/novo\/wp-content\/uploads\/2025\/06\/496598068_1356329759262693_6500930468139044700_n-1024x683.jpg 1024w, https:\/\/oigs.hr\/novo\/wp-content\/uploads\/2025\/06\/496598068_1356329759262693_6500930468139044700_n-768x512.jpg 768w, https:\/\/oigs.hr\/novo\/wp-content\/uploads\/2025\/06\/496598068_1356329759262693_6500930468139044700_n-1536x1024.jpg 1536w, https:\/\/oigs.hr\/novo\/wp-content\/uploads\/2025\/06\/496598068_1356329759262693_6500930468139044700_n.jpg 2048w\" data-sizes=\"auto, (max-width: 300px) 100vw, 300px\" data-was-processed=\"true\" \/><\/h3>\n","protected":false},"excerpt":{"rendered":"<p>Na\u0161i majstori predstavljaju Hrvatsku na EuroSkillsu 2025! Ponosno objavljujemo da \u0107e na\u0161i predstavnici Jasmin Korpar, u\u010denik zidarstva, i njegov mentor &hellip; <\/p>\n","protected":false},"author":3,"featured_media":0,"parent":0,"menu_order":0,"comment_status":"closed","ping_status":"closed","template":"","meta":{"footnotes":""},"class_list":["post-9782","page","type-page","status-publish","hentry"],"yoast_head":"<!-- This site is optimized with the Yoast SEO plugin v27.4 - https:\/\/yoast.com\/product\/yoast-seo-wordpress\/ -->\n<title>WorldSkills - OIG\u0160<\/title>\n<meta name=\"description\" content=\"Na\u0161i majstori predstavljaju Hrvatsku na EuroSkillsu 2025! Ponosno objavljujemo da \u0107e na\u0161i predstavnici Jasmin Korpar, u\u010denik zidarstva, i njegov mentor \u2013\" \/>\n<meta name=\"robots\" content=\"index, follow, max-snippet:-1, max-image-preview:large, max-video-preview:-1\" \/>\n<link rel=\"canonical\" href=\"https:\/\/oigs.hr\/novo\/worldskills-2\/\" \/>\n<meta property=\"og:locale\" content=\"hr_HR\" \/>\n<meta property=\"og:type\" content=\"article\" \/>\n<meta property=\"og:title\" content=\"WorldSkills - OIG\u0160\" \/>\n<meta property=\"og:description\" content=\"Na\u0161i majstori predstavljaju Hrvatsku na EuroSkillsu 2025! Ponosno objavljujemo da \u0107e na\u0161i predstavnici Jasmin Korpar, u\u010denik zidarstva, i njegov mentor \u2013\" \/>\n<meta property=\"og:url\" content=\"https:\/\/oigs.hr\/novo\/worldskills-2\/\" \/>\n<meta property=\"og:site_name\" content=\"OIG\u0160\" \/>\n<meta property=\"article:publisher\" content=\"https:\/\/www.facebook.com\/oigs.srednjaskola\/\" \/>\n<meta property=\"article:modified_time\" content=\"2025-06-30T11:14:21+00:00\" \/>\n<meta property=\"og:image\" content=\"https:\/\/oigs.hr\/novo\/wp-content\/uploads\/2025\/06\/511565677_18273317830287972_3563327924381362651_n.jpeg\" \/>\n\t<meta property=\"og:image:width\" content=\"1152\" \/>\n\t<meta property=\"og:image:height\" content=\"1440\" \/>\n\t<meta property=\"og:image:type\" content=\"image\/jpeg\" \/>\n<meta name=\"twitter:card\" content=\"summary_large_image\" \/>\n<meta name=\"twitter:label1\" content=\"Procijenjeno vrijeme \u010ditanja\" \/>\n\t<meta name=\"twitter:data1\" content=\"3 minute\" \/>\n<script type=\"application\/ld+json\" class=\"yoast-schema-graph\">{\"@context\":\"https:\\\/\\\/schema.org\",\"@graph\":[{\"@type\":\"WebPage\",\"@id\":\"https:\\\/\\\/oigs.hr\\\/novo\\\/worldskills-2\\\/\",\"url\":\"https:\\\/\\\/oigs.hr\\\/novo\\\/worldskills-2\\\/\",\"name\":\"WorldSkills - OIG\u0160\",\"isPartOf\":{\"@id\":\"https:\\\/\\\/oigs.hr\\\/novo\\\/#website\"},\"primaryImageOfPage\":{\"@id\":\"https:\\\/\\\/oigs.hr\\\/novo\\\/worldskills-2\\\/#primaryimage\"},\"image\":{\"@id\":\"https:\\\/\\\/oigs.hr\\\/novo\\\/worldskills-2\\\/#primaryimage\"},\"thumbnailUrl\":\"https:\\\/\\\/oigs.hr\\\/novo\\\/wp-content\\\/uploads\\\/2025\\\/06\\\/511565677_18273317830287972_3563327924381362651_n-240x300.jpeg\",\"datePublished\":\"2025-06-30T11:06:05+00:00\",\"dateModified\":\"2025-06-30T11:14:21+00:00\",\"description\":\"Na\u0161i majstori predstavljaju Hrvatsku na EuroSkillsu 2025! Ponosno objavljujemo da \u0107e na\u0161i predstavnici Jasmin Korpar, u\u010denik zidarstva, i njegov mentor \u2013\",\"breadcrumb\":{\"@id\":\"https:\\\/\\\/oigs.hr\\\/novo\\\/worldskills-2\\\/#breadcrumb\"},\"inLanguage\":\"hr\",\"potentialAction\":[{\"@type\":\"ReadAction\",\"target\":[\"https:\\\/\\\/oigs.hr\\\/novo\\\/worldskills-2\\\/\"]}]},{\"@type\":\"ImageObject\",\"inLanguage\":\"hr\",\"@id\":\"https:\\\/\\\/oigs.hr\\\/novo\\\/worldskills-2\\\/#primaryimage\",\"url\":\"https:\\\/\\\/oigs.hr\\\/novo\\\/wp-content\\\/uploads\\\/2025\\\/06\\\/511565677_18273317830287972_3563327924381362651_n.jpeg\",\"contentUrl\":\"https:\\\/\\\/oigs.hr\\\/novo\\\/wp-content\\\/uploads\\\/2025\\\/06\\\/511565677_18273317830287972_3563327924381362651_n.jpeg\",\"width\":1152,\"height\":1440},{\"@type\":\"BreadcrumbList\",\"@id\":\"https:\\\/\\\/oigs.hr\\\/novo\\\/worldskills-2\\\/#breadcrumb\",\"itemListElement\":[{\"@type\":\"ListItem\",\"position\":1,\"name\":\"Po\u010detna stranica\",\"item\":\"https:\\\/\\\/oigs.hr\\\/novo\\\/\"},{\"@type\":\"ListItem\",\"position\":2,\"name\":\"WorldSkills\"}]},{\"@type\":\"WebSite\",\"@id\":\"https:\\\/\\\/oigs.hr\\\/novo\\\/#website\",\"url\":\"https:\\\/\\\/oigs.hr\\\/novo\\\/\",\"name\":\"OIG\u0160\",\"description\":\"Obrtni\u010dka i industrijska graditeljska \u0161kola\",\"publisher\":{\"@id\":\"https:\\\/\\\/oigs.hr\\\/novo\\\/#organization\"},\"potentialAction\":[{\"@type\":\"SearchAction\",\"target\":{\"@type\":\"EntryPoint\",\"urlTemplate\":\"https:\\\/\\\/oigs.hr\\\/novo\\\/?s={search_term_string}\"},\"query-input\":{\"@type\":\"PropertyValueSpecification\",\"valueRequired\":true,\"valueName\":\"search_term_string\"}}],\"inLanguage\":\"hr\"},{\"@type\":\"Organization\",\"@id\":\"https:\\\/\\\/oigs.hr\\\/novo\\\/#organization\",\"name\":\"OIG\u0160\",\"url\":\"https:\\\/\\\/oigs.hr\\\/novo\\\/\",\"logo\":{\"@type\":\"ImageObject\",\"inLanguage\":\"hr\",\"@id\":\"https:\\\/\\\/oigs.hr\\\/novo\\\/#\\\/schema\\\/logo\\\/image\\\/\",\"url\":\"https:\\\/\\\/oigs.hr\\\/novo\\\/wp-content\\\/uploads\\\/2020\\\/06\\\/logo-1-e1592001907410.png\",\"contentUrl\":\"https:\\\/\\\/oigs.hr\\\/novo\\\/wp-content\\\/uploads\\\/2020\\\/06\\\/logo-1-e1592001907410.png\",\"width\":195,\"height\":181,\"caption\":\"OIG\u0160\"},\"image\":{\"@id\":\"https:\\\/\\\/oigs.hr\\\/novo\\\/#\\\/schema\\\/logo\\\/image\\\/\"},\"sameAs\":[\"https:\\\/\\\/www.facebook.com\\\/oigs.srednjaskola\\\/\"]}]}<\/script>\n<!-- \/ Yoast SEO plugin. -->","yoast_head_json":{"title":"WorldSkills - OIG\u0160","description":"Na\u0161i majstori predstavljaju Hrvatsku na EuroSkillsu 2025! Ponosno objavljujemo da \u0107e na\u0161i predstavnici Jasmin Korpar, u\u010denik zidarstva, i njegov mentor \u2013","robots":{"index":"index","follow":"follow","max-snippet":"max-snippet:-1","max-image-preview":"max-image-preview:large","max-video-preview":"max-video-preview:-1"},"canonical":"https:\/\/oigs.hr\/novo\/worldskills-2\/","og_locale":"hr_HR","og_type":"article","og_title":"WorldSkills - OIG\u0160","og_description":"Na\u0161i majstori predstavljaju Hrvatsku na EuroSkillsu 2025! Ponosno objavljujemo da \u0107e na\u0161i predstavnici Jasmin Korpar, u\u010denik zidarstva, i njegov mentor \u2013","og_url":"https:\/\/oigs.hr\/novo\/worldskills-2\/","og_site_name":"OIG\u0160","article_publisher":"https:\/\/www.facebook.com\/oigs.srednjaskola\/","article_modified_time":"2025-06-30T11:14:21+00:00","og_image":[{"width":1152,"height":1440,"url":"https:\/\/oigs.hr\/novo\/wp-content\/uploads\/2025\/06\/511565677_18273317830287972_3563327924381362651_n.jpeg","type":"image\/jpeg"}],"twitter_card":"summary_large_image","twitter_misc":{"Procijenjeno vrijeme \u010ditanja":"3 minute"},"schema":{"@context":"https:\/\/schema.org","@graph":[{"@type":"WebPage","@id":"https:\/\/oigs.hr\/novo\/worldskills-2\/","url":"https:\/\/oigs.hr\/novo\/worldskills-2\/","name":"WorldSkills - OIG\u0160","isPartOf":{"@id":"https:\/\/oigs.hr\/novo\/#website"},"primaryImageOfPage":{"@id":"https:\/\/oigs.hr\/novo\/worldskills-2\/#primaryimage"},"image":{"@id":"https:\/\/oigs.hr\/novo\/worldskills-2\/#primaryimage"},"thumbnailUrl":"https:\/\/oigs.hr\/novo\/wp-content\/uploads\/2025\/06\/511565677_18273317830287972_3563327924381362651_n-240x300.jpeg","datePublished":"2025-06-30T11:06:05+00:00","dateModified":"2025-06-30T11:14:21+00:00","description":"Na\u0161i majstori predstavljaju Hrvatsku na EuroSkillsu 2025! Ponosno objavljujemo da \u0107e na\u0161i predstavnici Jasmin Korpar, u\u010denik zidarstva, i njegov mentor \u2013","breadcrumb":{"@id":"https:\/\/oigs.hr\/novo\/worldskills-2\/#breadcrumb"},"inLanguage":"hr","potentialAction":[{"@type":"ReadAction","target":["https:\/\/oigs.hr\/novo\/worldskills-2\/"]}]},{"@type":"ImageObject","inLanguage":"hr","@id":"https:\/\/oigs.hr\/novo\/worldskills-2\/#primaryimage","url":"https:\/\/oigs.hr\/novo\/wp-content\/uploads\/2025\/06\/511565677_18273317830287972_3563327924381362651_n.jpeg","contentUrl":"https:\/\/oigs.hr\/novo\/wp-content\/uploads\/2025\/06\/511565677_18273317830287972_3563327924381362651_n.jpeg","width":1152,"height":1440},{"@type":"BreadcrumbList","@id":"https:\/\/oigs.hr\/novo\/worldskills-2\/#breadcrumb","itemListElement":[{"@type":"ListItem","position":1,"name":"Po\u010detna stranica","item":"https:\/\/oigs.hr\/novo\/"},{"@type":"ListItem","position":2,"name":"WorldSkills"}]},{"@type":"WebSite","@id":"https:\/\/oigs.hr\/novo\/#website","url":"https:\/\/oigs.hr\/novo\/","name":"OIG\u0160","description":"Obrtni\u010dka i industrijska graditeljska \u0161kola","publisher":{"@id":"https:\/\/oigs.hr\/novo\/#organization"},"potentialAction":[{"@type":"SearchAction","target":{"@type":"EntryPoint","urlTemplate":"https:\/\/oigs.hr\/novo\/?s={search_term_string}"},"query-input":{"@type":"PropertyValueSpecification","valueRequired":true,"valueName":"search_term_string"}}],"inLanguage":"hr"},{"@type":"Organization","@id":"https:\/\/oigs.hr\/novo\/#organization","name":"OIG\u0160","url":"https:\/\/oigs.hr\/novo\/","logo":{"@type":"ImageObject","inLanguage":"hr","@id":"https:\/\/oigs.hr\/novo\/#\/schema\/logo\/image\/","url":"https:\/\/oigs.hr\/novo\/wp-content\/uploads\/2020\/06\/logo-1-e1592001907410.png","contentUrl":"https:\/\/oigs.hr\/novo\/wp-content\/uploads\/2020\/06\/logo-1-e1592001907410.png","width":195,"height":181,"caption":"OIG\u0160"},"image":{"@id":"https:\/\/oigs.hr\/novo\/#\/schema\/logo\/image\/"},"sameAs":["https:\/\/www.facebook.com\/oigs.srednjaskola\/"]}]}},"_links":{"self":[{"href":"https:\/\/oigs.hr\/novo\/wp-json\/wp\/v2\/pages\/9782","targetHints":{"allow":["GET"]}}],"collection":[{"href":"https:\/\/oigs.hr\/novo\/wp-json\/wp\/v2\/pages"}],"about":[{"href":"https:\/\/oigs.hr\/novo\/wp-json\/wp\/v2\/types\/page"}],"author":[{"embeddable":true,"href":"https:\/\/oigs.hr\/novo\/wp-json\/wp\/v2\/users\/3"}],"replies":[{"embeddable":true,"href":"https:\/\/oigs.hr\/novo\/wp-json\/wp\/v2\/comments?post=9782"}],"version-history":[{"count":3,"href":"https:\/\/oigs.hr\/novo\/wp-json\/wp\/v2\/pages\/9782\/revisions"}],"predecessor-version":[{"id":9789,"href":"https:\/\/oigs.hr\/novo\/wp-json\/wp\/v2\/pages\/9782\/revisions\/9789"}],"wp:attachment":[{"href":"https:\/\/oigs.hr\/novo\/wp-json\/wp\/v2\/media?parent=9782"}],"curies":[{"name":"wp","href":"https:\/\/api.w.org\/{rel}","templated":true}]}}