{"id":9780,"date":"2025-06-30T13:05:32","date_gmt":"2025-06-30T11:05:32","guid":{"rendered":"https:\/\/oigs.hr\/novo\/?page_id=9780"},"modified":"2026-02-03T18:21:37","modified_gmt":"2026-02-03T17:21:37","slug":"sport-2","status":"publish","type":"page","link":"https:\/\/oigs.hr\/novo\/sport-2\/","title":{"rendered":"Sport"},"content":{"rendered":"<h1 data-start=\"357\" data-end=\"520\">OIG\u0160 &#8211; OBRTNIK<\/h1>\n<p><img loading=\"lazy\" decoding=\"async\" class=\"alignnone size-medium wp-image-9162 lazy loaded\" src=\"https:\/\/oigs.hr\/novo\/wp-content\/uploads\/2025\/03\/stte-1-295x300.jpg\" sizes=\"auto, (max-width: 295px) 100vw, 295px\" srcset=\"https:\/\/oigs.hr\/novo\/wp-content\/uploads\/2025\/03\/stte-1-295x300.jpg 295w, https:\/\/oigs.hr\/novo\/wp-content\/uploads\/2025\/03\/stte-1-768x781.jpg 768w, https:\/\/oigs.hr\/novo\/wp-content\/uploads\/2025\/03\/stte-1-70x70.jpg 70w, https:\/\/oigs.hr\/novo\/wp-content\/uploads\/2025\/03\/stte-1.jpg 783w\" alt=\"\" width=\"295\" height=\"300\" data-src=\"https:\/\/oigs.hr\/novo\/wp-content\/uploads\/2025\/03\/stte-1-295x300.jpg\" data-srcset=\"https:\/\/oigs.hr\/novo\/wp-content\/uploads\/2025\/03\/stte-1-295x300.jpg 295w, https:\/\/oigs.hr\/novo\/wp-content\/uploads\/2025\/03\/stte-1-768x781.jpg 768w, https:\/\/oigs.hr\/novo\/wp-content\/uploads\/2025\/03\/stte-1-70x70.jpg 70w, https:\/\/oigs.hr\/novo\/wp-content\/uploads\/2025\/03\/stte-1.jpg 783w\" data-sizes=\"auto, (max-width: 295px) 100vw, 295px\" data-was-processed=\"true\" \/>\u00a0<img loading=\"lazy\" decoding=\"async\" class=\"alignnone wp-image-9082 lazy loaded\" src=\"https:\/\/oigs.hr\/novo\/wp-content\/uploads\/2025\/02\/kosarka-300x276.jpg\" sizes=\"auto, (max-width: 326px) 100vw, 326px\" srcset=\"https:\/\/oigs.hr\/novo\/wp-content\/uploads\/2025\/02\/kosarka-300x276.jpg 300w, https:\/\/oigs.hr\/novo\/wp-content\/uploads\/2025\/02\/kosarka-768x706.jpg 768w, https:\/\/oigs.hr\/novo\/wp-content\/uploads\/2025\/02\/kosarka.jpg 897w\" alt=\"\" width=\"326\" height=\"300\" data-src=\"https:\/\/oigs.hr\/novo\/wp-content\/uploads\/2025\/02\/kosarka-300x276.jpg\" data-srcset=\"https:\/\/oigs.hr\/novo\/wp-content\/uploads\/2025\/02\/kosarka-300x276.jpg 300w, https:\/\/oigs.hr\/novo\/wp-content\/uploads\/2025\/02\/kosarka-768x706.jpg 768w, https:\/\/oigs.hr\/novo\/wp-content\/uploads\/2025\/02\/kosarka.jpg 897w\" data-sizes=\"auto, (max-width: 326px) 100vw, 326px\" data-was-processed=\"true\" \/><\/p>\n<p data-start=\"418\" data-end=\"649\">U na\u0161oj \u0161koli sport ima va\u017enu ulogu u \u017eivotu u\u010denika. Redovito sudjelujemo u \u0161kolskim sportskim natjecanjima Grada Zagreba, a u\u010denici su ostvarivali zapa\u017eene rezultate u nogometu, stolnom tenisu, atletici i drugim disciplinama.<\/p>\n<p data-start=\"651\" data-end=\"827\">Na\u0161a sportska ekipa ne odlikuje se samo rezultatom, ve\u0107 i sportskim duhom, timskim radom i ustrajno\u0161\u0107u, \u0161to su vrijednosti koje njegujemo u nastavnom i izvannastavnom radu.<\/p>\n<p data-start=\"829\" data-end=\"979\">Posebno se ponosimo uklju\u010divanjem u\u010denika iz razli\u010ditih zanimanja i razreda, \u0161to \u0161kolskim sportskim ekipama daje dodatnu \u0161irinu i osje\u0107aj zajedni\u0161tva.<\/p>\n<h1><span style=\"color: #000000;\">\u00a0OBJAVE NA NA\u0160OJ FB STRANICI<\/span><\/h1>\n<h2><a href=\"https:\/\/www.facebook.com\/oigs.srednjaskola\/posts\/pfbid032pfEx1i3PvcpuofwpPTC5fz6zn2Lgx9m7rNmJFeKAvPyHEdqPAjKHVmFszyPF2wKl\">Stolni tenis<\/a><\/h2>\n<p><img loading=\"lazy\" decoding=\"async\" class=\"alignnone size-medium wp-image-10690\" src=\"https:\/\/oigs.hr\/novo\/wp-content\/uploads\/2026\/02\/625857113_1590822802480053_6055052536775507496_n-300x225.jpg\" alt=\"\" width=\"300\" height=\"225\" srcset=\"https:\/\/oigs.hr\/novo\/wp-content\/uploads\/2026\/02\/625857113_1590822802480053_6055052536775507496_n-300x225.jpg 300w, https:\/\/oigs.hr\/novo\/wp-content\/uploads\/2026\/02\/625857113_1590822802480053_6055052536775507496_n-1024x768.jpg 1024w, https:\/\/oigs.hr\/novo\/wp-content\/uploads\/2026\/02\/625857113_1590822802480053_6055052536775507496_n-768x576.jpg 768w, https:\/\/oigs.hr\/novo\/wp-content\/uploads\/2026\/02\/625857113_1590822802480053_6055052536775507496_n-1536x1152.jpg 1536w, https:\/\/oigs.hr\/novo\/wp-content\/uploads\/2026\/02\/625857113_1590822802480053_6055052536775507496_n.jpg 2040w\" sizes=\"auto, (max-width: 300px) 100vw, 300px\" \/><\/p>\n<p>&nbsp;<\/p>\n<h1><span style=\"color: #000000;\"><strong><a style=\"color: #000000;\" href=\"https:\/\/oigs.hr\/novo\/wp-content\/uploads\/2025\/06\/SKizvjesce-1.pdf\">Pogledajte detaljan prikaz sportskih aktivnosti provedenih u \u0161kolskoj 2024.\/2025. godini u na\u0161oj \u0161koli<\/a><\/strong><\/span><\/h1>\n<p><a href=\"https:\/\/oigs.hr\/novo\/wp-content\/uploads\/2025\/06\/SKizvjesce-1.pdf\"><img loading=\"lazy\" decoding=\"async\" class=\"alignnone wp-image-9796\" src=\"https:\/\/oigs.hr\/novo\/wp-content\/uploads\/2025\/06\/1lUDdlLntp_wE8dMV2fdu-300x300.png\" alt=\"\" width=\"413\" height=\"413\" srcset=\"https:\/\/oigs.hr\/novo\/wp-content\/uploads\/2025\/06\/1lUDdlLntp_wE8dMV2fdu-300x300.png 300w, https:\/\/oigs.hr\/novo\/wp-content\/uploads\/2025\/06\/1lUDdlLntp_wE8dMV2fdu-150x150.png 150w, https:\/\/oigs.hr\/novo\/wp-content\/uploads\/2025\/06\/1lUDdlLntp_wE8dMV2fdu-768x768.png 768w, https:\/\/oigs.hr\/novo\/wp-content\/uploads\/2025\/06\/1lUDdlLntp_wE8dMV2fdu-70x70.png 70w, https:\/\/oigs.hr\/novo\/wp-content\/uploads\/2025\/06\/1lUDdlLntp_wE8dMV2fdu-246x246.png 246w, https:\/\/oigs.hr\/novo\/wp-content\/uploads\/2025\/06\/1lUDdlLntp_wE8dMV2fdu-276x276.png 276w, https:\/\/oigs.hr\/novo\/wp-content\/uploads\/2025\/06\/1lUDdlLntp_wE8dMV2fdu-125x125.png 125w, https:\/\/oigs.hr\/novo\/wp-content\/uploads\/2025\/06\/1lUDdlLntp_wE8dMV2fdu.png 1024w\" sizes=\"auto, (max-width: 413px) 100vw, 413px\" \/><\/a><\/p>\n<h1><span style=\"color: #000000;\">\u00a0OBJAVE NA NA\u0160OJ FB STRANICI:<\/span><\/h1>\n<h2><span style=\"color: #0000ff;\"><a style=\"color: #0000ff;\" href=\"https:\/\/www.facebook.com\/oigs.srednjaskola\/posts\/pfbid0Cd3XwycFQDTdkteuixXapemP7CtNnz4Q8ADa6SqXckhZpv8RK5jkBSw6kKs9JmWwl\">Odbojka i futsal<\/a><\/span><\/h2>\n<p><a href=\"https:\/\/www.facebook.com\/oigs.srednjaskola\/posts\/pfbid0Cd3XwycFQDTdkteuixXapemP7CtNnz4Q8ADa6SqXckhZpv8RK5jkBSw6kKs9JmWwl\"><img loading=\"lazy\" decoding=\"async\" class=\"alignnone size-medium wp-image-10375\" src=\"https:\/\/oigs.hr\/novo\/wp-content\/uploads\/2025\/10\/571130508_1501728448056156_7678587959289416422_n-300x226.jpg\" alt=\"\" width=\"300\" height=\"226\" srcset=\"https:\/\/oigs.hr\/novo\/wp-content\/uploads\/2025\/10\/571130508_1501728448056156_7678587959289416422_n-300x226.jpg 300w, https:\/\/oigs.hr\/novo\/wp-content\/uploads\/2025\/10\/571130508_1501728448056156_7678587959289416422_n-768x578.jpg 768w, https:\/\/oigs.hr\/novo\/wp-content\/uploads\/2025\/10\/571130508_1501728448056156_7678587959289416422_n.jpg 960w\" sizes=\"auto, (max-width: 300px) 100vw, 300px\" \/><\/a><\/p>\n<h2><span style=\"color: #0000ff;\"><a style=\"color: #0000ff;\" href=\"https:\/\/www.facebook.com\/oigs.srednjaskola\/posts\/pfbid02PoyD71LvLjk5E9Aw1tdbUWjVWkvB14gHHJKmzZXJTyDpUEgaRMgEKsFXzr936iqBl\">Atletika<\/a><\/span><\/h2>\n<p><a href=\"https:\/\/www.facebook.com\/oigs.srednjaskola\/posts\/pfbid02PoyD71LvLjk5E9Aw1tdbUWjVWkvB14gHHJKmzZXJTyDpUEgaRMgEKsFXzr936iqBl\"><img loading=\"lazy\" decoding=\"async\" class=\"alignnone size-medium wp-image-10368\" src=\"https:\/\/oigs.hr\/novo\/wp-content\/uploads\/2025\/10\/558105971_1488025526093115_938034396992462988_n-300x215.jpg\" alt=\"\" width=\"300\" height=\"215\" srcset=\"https:\/\/oigs.hr\/novo\/wp-content\/uploads\/2025\/10\/558105971_1488025526093115_938034396992462988_n-300x215.jpg 300w, https:\/\/oigs.hr\/novo\/wp-content\/uploads\/2025\/10\/558105971_1488025526093115_938034396992462988_n-768x550.jpg 768w, https:\/\/oigs.hr\/novo\/wp-content\/uploads\/2025\/10\/558105971_1488025526093115_938034396992462988_n.jpg 960w\" sizes=\"auto, (max-width: 300px) 100vw, 300px\" \/><\/a><\/p>\n<h2><span style=\"color: #0000ff;\"><a style=\"color: #0000ff;\" href=\"https:\/\/www.facebook.com\/oigs.srednjaskola\/posts\/pfbid028qy6aCiBfAY2NYa2CSid4iCfUniFaH26r4FC6UXNUNwFoLNwLhMVghvWC5cHtFDRl\">Biciklom u \u0161kolu<\/a><\/span><\/h2>\n<p><a href=\"https:\/\/www.facebook.com\/oigs.srednjaskola\/posts\/pfbid028qy6aCiBfAY2NYa2CSid4iCfUniFaH26r4FC6UXNUNwFoLNwLhMVghvWC5cHtFDRl\"><img loading=\"lazy\" decoding=\"async\" class=\"alignnone size-medium wp-image-10370\" src=\"https:\/\/oigs.hr\/novo\/wp-content\/uploads\/2025\/10\/550051436_1468702394692095_142168912096984494_n-300x197.jpg\" alt=\"\" width=\"300\" height=\"197\" srcset=\"https:\/\/oigs.hr\/novo\/wp-content\/uploads\/2025\/10\/550051436_1468702394692095_142168912096984494_n-300x197.jpg 300w, https:\/\/oigs.hr\/novo\/wp-content\/uploads\/2025\/10\/550051436_1468702394692095_142168912096984494_n-1024x673.jpg 1024w, https:\/\/oigs.hr\/novo\/wp-content\/uploads\/2025\/10\/550051436_1468702394692095_142168912096984494_n-768x505.jpg 768w, https:\/\/oigs.hr\/novo\/wp-content\/uploads\/2025\/10\/550051436_1468702394692095_142168912096984494_n.jpg 1170w\" sizes=\"auto, (max-width: 300px) 100vw, 300px\" \/><\/a><\/p>\n<h2><span style=\"color: #0000ff;\"><a style=\"color: #0000ff;\" href=\"https:\/\/www.facebook.com\/oigs.srednjaskola\/posts\/pfbid0v24twGJgqvvjTw88rrC77mxfMoLsnLg4oLfcooc7KQ7qNzvVAZPN8XeMEPNSjUjNl\">Boks<\/a><\/span><\/h2>\n<p><a href=\"https:\/\/www.facebook.com\/oigs.srednjaskola\/posts\/pfbid0v24twGJgqvvjTw88rrC77mxfMoLsnLg4oLfcooc7KQ7qNzvVAZPN8XeMEPNSjUjNl\"><img loading=\"lazy\" decoding=\"async\" class=\"alignnone size-medium wp-image-9651 lazy loaded\" src=\"https:\/\/oigs.hr\/novo\/wp-content\/uploads\/2025\/06\/506085574_1384321649796837_7241498853550539259_n-e1750783957293-245x300.jpg\" sizes=\"auto, (max-width: 245px) 100vw, 245px\" srcset=\"https:\/\/oigs.hr\/novo\/wp-content\/uploads\/2025\/06\/506085574_1384321649796837_7241498853550539259_n-e1750783957293-245x300.jpg 245w, https:\/\/oigs.hr\/novo\/wp-content\/uploads\/2025\/06\/506085574_1384321649796837_7241498853550539259_n-e1750783957293.jpg 640w\" alt=\"\" width=\"245\" height=\"300\" data-src=\"https:\/\/oigs.hr\/novo\/wp-content\/uploads\/2025\/06\/506085574_1384321649796837_7241498853550539259_n-e1750783957293-245x300.jpg\" data-srcset=\"https:\/\/oigs.hr\/novo\/wp-content\/uploads\/2025\/06\/506085574_1384321649796837_7241498853550539259_n-e1750783957293-245x300.jpg 245w, https:\/\/oigs.hr\/novo\/wp-content\/uploads\/2025\/06\/506085574_1384321649796837_7241498853550539259_n-e1750783957293.jpg 640w\" data-sizes=\"auto, (max-width: 245px) 100vw, 245px\" data-was-processed=\"true\" \/><\/a><\/p>\n<h2><a href=\"https:\/\/www.facebook.com\/oigs.srednjaskola\/posts\/pfbid02UL1Dv5ScaP31Z1xbpw4eDxE87QoT3fNVWYUZxUXA9cywQR6EM3HFH6Kf3zwjquPel\">Biciklizam<\/a><\/h2>\n<p><img loading=\"lazy\" decoding=\"async\" class=\"alignnone size-medium wp-image-9654 lazy loaded\" src=\"https:\/\/oigs.hr\/novo\/wp-content\/uploads\/2025\/06\/504284871_1377044733857862_5171517454311627653_n-225x300.jpg\" sizes=\"auto, (max-width: 225px) 100vw, 225px\" srcset=\"https:\/\/oigs.hr\/novo\/wp-content\/uploads\/2025\/06\/504284871_1377044733857862_5171517454311627653_n-225x300.jpg 225w, https:\/\/oigs.hr\/novo\/wp-content\/uploads\/2025\/06\/504284871_1377044733857862_5171517454311627653_n-768x1024.jpg 768w, https:\/\/oigs.hr\/novo\/wp-content\/uploads\/2025\/06\/504284871_1377044733857862_5171517454311627653_n-1152x1536.jpg 1152w, https:\/\/oigs.hr\/novo\/wp-content\/uploads\/2025\/06\/504284871_1377044733857862_5171517454311627653_n.jpg 1200w\" alt=\"\" width=\"225\" height=\"300\" data-src=\"https:\/\/oigs.hr\/novo\/wp-content\/uploads\/2025\/06\/504284871_1377044733857862_5171517454311627653_n-225x300.jpg\" data-srcset=\"https:\/\/oigs.hr\/novo\/wp-content\/uploads\/2025\/06\/504284871_1377044733857862_5171517454311627653_n-225x300.jpg 225w, https:\/\/oigs.hr\/novo\/wp-content\/uploads\/2025\/06\/504284871_1377044733857862_5171517454311627653_n-768x1024.jpg 768w, https:\/\/oigs.hr\/novo\/wp-content\/uploads\/2025\/06\/504284871_1377044733857862_5171517454311627653_n-1152x1536.jpg 1152w, https:\/\/oigs.hr\/novo\/wp-content\/uploads\/2025\/06\/504284871_1377044733857862_5171517454311627653_n.jpg 1200w\" data-sizes=\"auto, (max-width: 225px) 100vw, 225px\" data-was-processed=\"true\" \/><\/p>\n<h2><a href=\"https:\/\/www.facebook.com\/oigs.srednjaskola\/posts\/pfbid0yjsGnyJT9H6PXTvjvxJcPpH8XUCSHew2fN84LFznXpiMTqMCpG176e69J8HV9zeml\">Nogomet<\/a><\/h2>\n<p><a href=\"https:\/\/www.facebook.com\/oigs.srednjaskola\/posts\/pfbid0yjsGnyJT9H6PXTvjvxJcPpH8XUCSHew2fN84LFznXpiMTqMCpG176e69J8HV9zeml\"><img loading=\"lazy\" decoding=\"async\" class=\"alignnone size-medium wp-image-9656 lazy loaded\" src=\"https:\/\/oigs.hr\/novo\/wp-content\/uploads\/2025\/06\/502526778_1380486860180316_6458555649125268183_n-225x300.jpg\" sizes=\"auto, (max-width: 225px) 100vw, 225px\" srcset=\"https:\/\/oigs.hr\/novo\/wp-content\/uploads\/2025\/06\/502526778_1380486860180316_6458555649125268183_n-225x300.jpg 225w, https:\/\/oigs.hr\/novo\/wp-content\/uploads\/2025\/06\/502526778_1380486860180316_6458555649125268183_n.jpg 720w\" alt=\"\" width=\"225\" height=\"300\" data-src=\"https:\/\/oigs.hr\/novo\/wp-content\/uploads\/2025\/06\/502526778_1380486860180316_6458555649125268183_n-225x300.jpg\" data-srcset=\"https:\/\/oigs.hr\/novo\/wp-content\/uploads\/2025\/06\/502526778_1380486860180316_6458555649125268183_n-225x300.jpg 225w, https:\/\/oigs.hr\/novo\/wp-content\/uploads\/2025\/06\/502526778_1380486860180316_6458555649125268183_n.jpg 720w\" data-sizes=\"auto, (max-width: 225px) 100vw, 225px\" data-was-processed=\"true\" \/><\/a><\/p>\n<p data-start=\"938\" data-end=\"1163\" data-is-last-node=\"\" data-is-only-node=\"\">\n","protected":false},"excerpt":{"rendered":"<p>OIG\u0160 &#8211; OBRTNIK \u00a0 U na\u0161oj \u0161koli sport ima va\u017enu ulogu u \u017eivotu u\u010denika. Redovito sudjelujemo u \u0161kolskim sportskim natjecanjima &hellip; <\/p>\n","protected":false},"author":3,"featured_media":0,"parent":0,"menu_order":0,"comment_status":"closed","ping_status":"closed","template":"","meta":{"footnotes":""},"class_list":["post-9780","page","type-page","status-publish","hentry"],"yoast_head":"<!-- This site is optimized with the Yoast SEO plugin v27.6 - https:\/\/yoast.com\/product\/yoast-seo-wordpress\/ -->\n<title>Sport - OIG\u0160<\/title>\n<meta name=\"description\" content=\"OIG\u0160 - OBRTNIK \u00a0 U na\u0161oj \u0161koli sport ima va\u017enu ulogu u \u017eivotu u\u010denika. Redovito sudjelujemo u \u0161kolskim sportskim natjecanjima Grada Zagreba, a u\u010denici su\" \/>\n<meta name=\"robots\" content=\"index, follow, max-snippet:-1, max-image-preview:large, max-video-preview:-1\" \/>\n<link rel=\"canonical\" href=\"https:\/\/oigs.hr\/novo\/sport-2\/\" \/>\n<meta property=\"og:locale\" content=\"hr_HR\" \/>\n<meta property=\"og:type\" content=\"article\" \/>\n<meta property=\"og:title\" content=\"Sport - OIG\u0160\" \/>\n<meta property=\"og:description\" content=\"OIG\u0160 - OBRTNIK \u00a0 U na\u0161oj \u0161koli sport ima va\u017enu ulogu u \u017eivotu u\u010denika. Redovito sudjelujemo u \u0161kolskim sportskim natjecanjima Grada Zagreba, a u\u010denici su\" \/>\n<meta property=\"og:url\" content=\"https:\/\/oigs.hr\/novo\/sport-2\/\" \/>\n<meta property=\"og:site_name\" content=\"OIG\u0160\" \/>\n<meta property=\"article:publisher\" content=\"https:\/\/www.facebook.com\/oigs.srednjaskola\/\" \/>\n<meta property=\"article:modified_time\" content=\"2026-02-03T17:21:37+00:00\" \/>\n<meta property=\"og:image\" content=\"https:\/\/oigs.hr\/novo\/wp-content\/uploads\/2025\/03\/stte-1.jpg\" \/>\n\t<meta property=\"og:image:width\" content=\"783\" \/>\n\t<meta property=\"og:image:height\" content=\"796\" \/>\n\t<meta property=\"og:image:type\" content=\"image\/jpeg\" \/>\n<meta name=\"twitter:card\" content=\"summary_large_image\" \/>\n<meta name=\"twitter:label1\" content=\"Procijenjeno vrijeme \u010ditanja\" \/>\n\t<meta name=\"twitter:data1\" content=\"3 minute\" \/>\n<script type=\"application\/ld+json\" class=\"yoast-schema-graph\">{\"@context\":\"https:\\\/\\\/schema.org\",\"@graph\":[{\"@type\":\"WebPage\",\"@id\":\"https:\\\/\\\/oigs.hr\\\/novo\\\/sport-2\\\/\",\"url\":\"https:\\\/\\\/oigs.hr\\\/novo\\\/sport-2\\\/\",\"name\":\"Sport - OIG\u0160\",\"isPartOf\":{\"@id\":\"https:\\\/\\\/oigs.hr\\\/novo\\\/#website\"},\"primaryImageOfPage\":{\"@id\":\"https:\\\/\\\/oigs.hr\\\/novo\\\/sport-2\\\/#primaryimage\"},\"image\":{\"@id\":\"https:\\\/\\\/oigs.hr\\\/novo\\\/sport-2\\\/#primaryimage\"},\"thumbnailUrl\":\"https:\\\/\\\/oigs.hr\\\/novo\\\/wp-content\\\/uploads\\\/2025\\\/03\\\/stte-1-295x300.jpg\",\"datePublished\":\"2025-06-30T11:05:32+00:00\",\"dateModified\":\"2026-02-03T17:21:37+00:00\",\"description\":\"OIG\u0160 - OBRTNIK \u00a0 U na\u0161oj \u0161koli sport ima va\u017enu ulogu u \u017eivotu u\u010denika. Redovito sudjelujemo u \u0161kolskim sportskim natjecanjima Grada Zagreba, a u\u010denici su\",\"breadcrumb\":{\"@id\":\"https:\\\/\\\/oigs.hr\\\/novo\\\/sport-2\\\/#breadcrumb\"},\"inLanguage\":\"hr\",\"potentialAction\":[{\"@type\":\"ReadAction\",\"target\":[\"https:\\\/\\\/oigs.hr\\\/novo\\\/sport-2\\\/\"]}]},{\"@type\":\"ImageObject\",\"inLanguage\":\"hr\",\"@id\":\"https:\\\/\\\/oigs.hr\\\/novo\\\/sport-2\\\/#primaryimage\",\"url\":\"https:\\\/\\\/oigs.hr\\\/novo\\\/wp-content\\\/uploads\\\/2025\\\/03\\\/stte-1.jpg\",\"contentUrl\":\"https:\\\/\\\/oigs.hr\\\/novo\\\/wp-content\\\/uploads\\\/2025\\\/03\\\/stte-1.jpg\",\"width\":783,\"height\":796},{\"@type\":\"BreadcrumbList\",\"@id\":\"https:\\\/\\\/oigs.hr\\\/novo\\\/sport-2\\\/#breadcrumb\",\"itemListElement\":[{\"@type\":\"ListItem\",\"position\":1,\"name\":\"Po\u010detna stranica\",\"item\":\"https:\\\/\\\/oigs.hr\\\/novo\\\/\"},{\"@type\":\"ListItem\",\"position\":2,\"name\":\"Sport\"}]},{\"@type\":\"WebSite\",\"@id\":\"https:\\\/\\\/oigs.hr\\\/novo\\\/#website\",\"url\":\"https:\\\/\\\/oigs.hr\\\/novo\\\/\",\"name\":\"OIG\u0160\",\"description\":\"Obrtni\u010dka i industrijska graditeljska \u0161kola\",\"publisher\":{\"@id\":\"https:\\\/\\\/oigs.hr\\\/novo\\\/#organization\"},\"potentialAction\":[{\"@type\":\"SearchAction\",\"target\":{\"@type\":\"EntryPoint\",\"urlTemplate\":\"https:\\\/\\\/oigs.hr\\\/novo\\\/?s={search_term_string}\"},\"query-input\":{\"@type\":\"PropertyValueSpecification\",\"valueRequired\":true,\"valueName\":\"search_term_string\"}}],\"inLanguage\":\"hr\"},{\"@type\":\"Organization\",\"@id\":\"https:\\\/\\\/oigs.hr\\\/novo\\\/#organization\",\"name\":\"OIG\u0160\",\"url\":\"https:\\\/\\\/oigs.hr\\\/novo\\\/\",\"logo\":{\"@type\":\"ImageObject\",\"inLanguage\":\"hr\",\"@id\":\"https:\\\/\\\/oigs.hr\\\/novo\\\/#\\\/schema\\\/logo\\\/image\\\/\",\"url\":\"https:\\\/\\\/oigs.hr\\\/novo\\\/wp-content\\\/uploads\\\/2020\\\/06\\\/logo-1-e1592001907410.png\",\"contentUrl\":\"https:\\\/\\\/oigs.hr\\\/novo\\\/wp-content\\\/uploads\\\/2020\\\/06\\\/logo-1-e1592001907410.png\",\"width\":195,\"height\":181,\"caption\":\"OIG\u0160\"},\"image\":{\"@id\":\"https:\\\/\\\/oigs.hr\\\/novo\\\/#\\\/schema\\\/logo\\\/image\\\/\"},\"sameAs\":[\"https:\\\/\\\/www.facebook.com\\\/oigs.srednjaskola\\\/\"]}]}<\/script>\n<!-- \/ Yoast SEO plugin. -->","yoast_head_json":{"title":"Sport - OIG\u0160","description":"OIG\u0160 - OBRTNIK \u00a0 U na\u0161oj \u0161koli sport ima va\u017enu ulogu u \u017eivotu u\u010denika. Redovito sudjelujemo u \u0161kolskim sportskim natjecanjima Grada Zagreba, a u\u010denici su","robots":{"index":"index","follow":"follow","max-snippet":"max-snippet:-1","max-image-preview":"max-image-preview:large","max-video-preview":"max-video-preview:-1"},"canonical":"https:\/\/oigs.hr\/novo\/sport-2\/","og_locale":"hr_HR","og_type":"article","og_title":"Sport - OIG\u0160","og_description":"OIG\u0160 - OBRTNIK \u00a0 U na\u0161oj \u0161koli sport ima va\u017enu ulogu u \u017eivotu u\u010denika. Redovito sudjelujemo u \u0161kolskim sportskim natjecanjima Grada Zagreba, a u\u010denici su","og_url":"https:\/\/oigs.hr\/novo\/sport-2\/","og_site_name":"OIG\u0160","article_publisher":"https:\/\/www.facebook.com\/oigs.srednjaskola\/","article_modified_time":"2026-02-03T17:21:37+00:00","og_image":[{"width":783,"height":796,"url":"https:\/\/oigs.hr\/novo\/wp-content\/uploads\/2025\/03\/stte-1.jpg","type":"image\/jpeg"}],"twitter_card":"summary_large_image","twitter_misc":{"Procijenjeno vrijeme \u010ditanja":"3 minute"},"schema":{"@context":"https:\/\/schema.org","@graph":[{"@type":"WebPage","@id":"https:\/\/oigs.hr\/novo\/sport-2\/","url":"https:\/\/oigs.hr\/novo\/sport-2\/","name":"Sport - OIG\u0160","isPartOf":{"@id":"https:\/\/oigs.hr\/novo\/#website"},"primaryImageOfPage":{"@id":"https:\/\/oigs.hr\/novo\/sport-2\/#primaryimage"},"image":{"@id":"https:\/\/oigs.hr\/novo\/sport-2\/#primaryimage"},"thumbnailUrl":"https:\/\/oigs.hr\/novo\/wp-content\/uploads\/2025\/03\/stte-1-295x300.jpg","datePublished":"2025-06-30T11:05:32+00:00","dateModified":"2026-02-03T17:21:37+00:00","description":"OIG\u0160 - OBRTNIK \u00a0 U na\u0161oj \u0161koli sport ima va\u017enu ulogu u \u017eivotu u\u010denika. Redovito sudjelujemo u \u0161kolskim sportskim natjecanjima Grada Zagreba, a u\u010denici su","breadcrumb":{"@id":"https:\/\/oigs.hr\/novo\/sport-2\/#breadcrumb"},"inLanguage":"hr","potentialAction":[{"@type":"ReadAction","target":["https:\/\/oigs.hr\/novo\/sport-2\/"]}]},{"@type":"ImageObject","inLanguage":"hr","@id":"https:\/\/oigs.hr\/novo\/sport-2\/#primaryimage","url":"https:\/\/oigs.hr\/novo\/wp-content\/uploads\/2025\/03\/stte-1.jpg","contentUrl":"https:\/\/oigs.hr\/novo\/wp-content\/uploads\/2025\/03\/stte-1.jpg","width":783,"height":796},{"@type":"BreadcrumbList","@id":"https:\/\/oigs.hr\/novo\/sport-2\/#breadcrumb","itemListElement":[{"@type":"ListItem","position":1,"name":"Po\u010detna stranica","item":"https:\/\/oigs.hr\/novo\/"},{"@type":"ListItem","position":2,"name":"Sport"}]},{"@type":"WebSite","@id":"https:\/\/oigs.hr\/novo\/#website","url":"https:\/\/oigs.hr\/novo\/","name":"OIG\u0160","description":"Obrtni\u010dka i industrijska graditeljska \u0161kola","publisher":{"@id":"https:\/\/oigs.hr\/novo\/#organization"},"potentialAction":[{"@type":"SearchAction","target":{"@type":"EntryPoint","urlTemplate":"https:\/\/oigs.hr\/novo\/?s={search_term_string}"},"query-input":{"@type":"PropertyValueSpecification","valueRequired":true,"valueName":"search_term_string"}}],"inLanguage":"hr"},{"@type":"Organization","@id":"https:\/\/oigs.hr\/novo\/#organization","name":"OIG\u0160","url":"https:\/\/oigs.hr\/novo\/","logo":{"@type":"ImageObject","inLanguage":"hr","@id":"https:\/\/oigs.hr\/novo\/#\/schema\/logo\/image\/","url":"https:\/\/oigs.hr\/novo\/wp-content\/uploads\/2020\/06\/logo-1-e1592001907410.png","contentUrl":"https:\/\/oigs.hr\/novo\/wp-content\/uploads\/2020\/06\/logo-1-e1592001907410.png","width":195,"height":181,"caption":"OIG\u0160"},"image":{"@id":"https:\/\/oigs.hr\/novo\/#\/schema\/logo\/image\/"},"sameAs":["https:\/\/www.facebook.com\/oigs.srednjaskola\/"]}]}},"_links":{"self":[{"href":"https:\/\/oigs.hr\/novo\/wp-json\/wp\/v2\/pages\/9780","targetHints":{"allow":["GET"]}}],"collection":[{"href":"https:\/\/oigs.hr\/novo\/wp-json\/wp\/v2\/pages"}],"about":[{"href":"https:\/\/oigs.hr\/novo\/wp-json\/wp\/v2\/types\/page"}],"author":[{"embeddable":true,"href":"https:\/\/oigs.hr\/novo\/wp-json\/wp\/v2\/users\/3"}],"replies":[{"embeddable":true,"href":"https:\/\/oigs.hr\/novo\/wp-json\/wp\/v2\/comments?post=9780"}],"version-history":[{"count":25,"href":"https:\/\/oigs.hr\/novo\/wp-json\/wp\/v2\/pages\/9780\/revisions"}],"predecessor-version":[{"id":10692,"href":"https:\/\/oigs.hr\/novo\/wp-json\/wp\/v2\/pages\/9780\/revisions\/10692"}],"wp:attachment":[{"href":"https:\/\/oigs.hr\/novo\/wp-json\/wp\/v2\/media?parent=9780"}],"curies":[{"name":"wp","href":"https:\/\/api.w.org\/{rel}","templated":true}]}}