{"id":9658,"date":"2025-06-24T18:57:55","date_gmt":"2025-06-24T16:57:55","guid":{"rendered":"https:\/\/oigs.hr\/novo\/?page_id=9658"},"modified":"2025-06-24T19:09:58","modified_gmt":"2025-06-24T17:09:58","slug":"mediji-o-nama","status":"publish","type":"page","link":"https:\/\/oigs.hr\/novo\/mediji-o-nama\/","title":{"rendered":"Mediji o nama"},"content":{"rendered":"<h1 class=\"style-scope ytd-watch-metadata\">Bez ovog zanimanja ne mo\u017eemo, a u Hrvatskoj ih fali: &#8216;To je nemogu\u0107a misija | RTL Danas<\/h1>\n<p><iframe loading=\"lazy\" title=\"Bez ovog zanimanja ne mo\u017eemo, a u Hrvatskoj ih fali: &#039;To je nemogu\u0107a misija | RTL Danas\" width=\"750\" height=\"422\" src=\"https:\/\/www.youtube.com\/embed\/4Ti4tv1gr1Y?feature=oembed\" frameborder=\"0\" allow=\"accelerometer; autoplay; clipboard-write; encrypted-media; gyroscope; picture-in-picture; web-share\" referrerpolicy=\"strict-origin-when-cross-origin\" allowfullscreen><\/iframe><\/p>\n<h1><\/h1>\n<h1><span style=\"color: #000000;\"><a style=\"color: #000000;\" href=\"https:\/\/www.srednja.hr\/zbornica\/potez-nastavnice-odusevio-kolege-vidim-je-da-trci-preko-dvorista-pomislila-sam-se-dogodilo-kad-ono\/?fbclid=IwY2xjawLHuOVleHRuA2FlbQIxMQBicmlkETB6OFJ3WTBEYlhUU0t0RG9nAR4VM9WbX7zDSDkAsq0w96UFSusofe-U_UNTdfFNZprtm5lOy6xxF9FSXKc62A_aem_g2CqpSkcJWu2bLXdbaApew\">Potez nastavnice odu\u0161evio kolege: \u2018Vidim je da tr\u010di preko dvori\u0161ta, pomislila sam ne\u0161to se dogodilo, kad ono\u2026\u2019<\/a><\/span><\/h1>\n<p><img loading=\"lazy\" decoding=\"async\" class=\"alignnone wp-image-9663\" src=\"https:\/\/oigs.hr\/novo\/wp-content\/uploads\/2025\/06\/nastavnica1-300x167.jpg\" alt=\"\" width=\"580\" height=\"323\" srcset=\"https:\/\/oigs.hr\/novo\/wp-content\/uploads\/2025\/06\/nastavnica1-300x167.jpg 300w, https:\/\/oigs.hr\/novo\/wp-content\/uploads\/2025\/06\/nastavnica1-1024x570.jpg 1024w, https:\/\/oigs.hr\/novo\/wp-content\/uploads\/2025\/06\/nastavnica1-768x428.jpg 768w, https:\/\/oigs.hr\/novo\/wp-content\/uploads\/2025\/06\/nastavnica1.jpg 1200w\" sizes=\"auto, (max-width: 580px) 100vw, 580px\" \/><\/p>\n<h1><span style=\"color: #000000;\"><a style=\"color: #000000;\" href=\"https:\/\/net.hr\/danas\/rtl-danas\/ucenika-manje-ali-zato-je-mjesta-vise-uvode-se-i-nova-zanimanja-e00ed160-327e-11f0-ae57-72c51a5f9be6?fbclid=IwY2xjawLHuTtleHRuA2FlbQIxMQBicmlkETB6OFJ3WTBEYlhUU0t0RG9nAR6eMfCxR6c4VURaCTq8mN3AnggTjawPO6L4G4oELgUYu8bRN3bkoURXfC3wdQ_aem_UkaITrF0oC4M03bEhXzopQ\">KRE\u0106U UPISI \/ U\u010denika manje, ali zato je mjesta vi\u0161e, uvode se i nova zanimanja<\/a><\/span><\/h1>\n<p><img loading=\"lazy\" decoding=\"async\" class=\"alignnone wp-image-9288\" src=\"https:\/\/oigs.hr\/novo\/wp-content\/uploads\/2025\/06\/a1-300x208.jpg\" alt=\"\" width=\"381\" height=\"264\" srcset=\"https:\/\/oigs.hr\/novo\/wp-content\/uploads\/2025\/06\/a1-300x208.jpg 300w, https:\/\/oigs.hr\/novo\/wp-content\/uploads\/2025\/06\/a1.jpg 381w\" sizes=\"auto, (max-width: 381px) 100vw, 381px\" \/><\/p>\n<h1><span style=\"color: #000000;\"><a style=\"color: #000000;\" href=\"https:\/\/mamager.hr\/business\/dok-drugi-sanjaju-o-uspjehu-oni-ga-grade-doslovno-upoznajte-novu-generaciju-graditelja\/?fbclid=IwY2xjawLHuZRleHRuA2FlbQIxMQBicmlkETB6OFJ3WTBEYlhUU0t0RG9nAR4ffiMbDmBoEEHH9NUbyO_giF_FkRtsQuIMOL9jPnIIWkk37cPWhiKF-6lW0w_aem_7JiEgbik_YUGKgmtLiN8iA\">Dok drugi sanjaju o uspjehu, oni ga grade \u2013 doslovno. Upoznajte novu generaciju graditelja!<\/a><\/span><\/h1>\n<p>&nbsp;<\/p>\n","protected":false},"excerpt":{"rendered":"<p>Bez ovog zanimanja ne mo\u017eemo, a u Hrvatskoj ih fali: &#8216;To je nemogu\u0107a misija | RTL Danas Potez nastavnice odu\u0161evio &hellip; <\/p>\n","protected":false},"author":3,"featured_media":0,"parent":0,"menu_order":0,"comment_status":"closed","ping_status":"closed","template":"","meta":{"footnotes":""},"class_list":["post-9658","page","type-page","status-publish","hentry"],"yoast_head":"<!-- This site is optimized with the Yoast SEO plugin v27.4 - https:\/\/yoast.com\/product\/yoast-seo-wordpress\/ -->\n<title>Mediji o nama - OIG\u0160<\/title>\n<meta name=\"description\" content=\"Bez ovog zanimanja ne mo\u017eemo, a u Hrvatskoj ih fali: &#039;To je nemogu\u0107a misija | RTL Danas https:\/\/www.youtube.com\/watch?v=4Ti4tv1gr1Y Potez nastavnice\" \/>\n<meta name=\"robots\" content=\"index, follow, max-snippet:-1, max-image-preview:large, max-video-preview:-1\" \/>\n<link rel=\"canonical\" href=\"https:\/\/oigs.hr\/novo\/mediji-o-nama\/\" \/>\n<meta property=\"og:locale\" content=\"hr_HR\" \/>\n<meta property=\"og:type\" content=\"article\" \/>\n<meta property=\"og:title\" content=\"Mediji o nama - OIG\u0160\" \/>\n<meta property=\"og:description\" content=\"Bez ovog zanimanja ne mo\u017eemo, a u Hrvatskoj ih fali: &#039;To je nemogu\u0107a misija | RTL Danas https:\/\/www.youtube.com\/watch?v=4Ti4tv1gr1Y Potez nastavnice\" \/>\n<meta property=\"og:url\" content=\"https:\/\/oigs.hr\/novo\/mediji-o-nama\/\" \/>\n<meta property=\"og:site_name\" content=\"OIG\u0160\" \/>\n<meta property=\"article:publisher\" content=\"https:\/\/www.facebook.com\/oigs.srednjaskola\/\" \/>\n<meta property=\"article:modified_time\" content=\"2025-06-24T17:09:58+00:00\" \/>\n<meta property=\"og:image\" content=\"https:\/\/oigs.hr\/novo\/wp-content\/uploads\/2025\/06\/nastavnica1.jpg\" \/>\n\t<meta property=\"og:image:width\" content=\"1200\" \/>\n\t<meta property=\"og:image:height\" content=\"668\" \/>\n\t<meta property=\"og:image:type\" content=\"image\/jpeg\" \/>\n<meta name=\"twitter:card\" content=\"summary_large_image\" \/>\n<meta name=\"twitter:label1\" content=\"Procijenjeno vrijeme \u010ditanja\" \/>\n\t<meta name=\"twitter:data1\" content=\"1 minuta\" \/>\n<script type=\"application\/ld+json\" class=\"yoast-schema-graph\">{\"@context\":\"https:\\\/\\\/schema.org\",\"@graph\":[{\"@type\":\"WebPage\",\"@id\":\"https:\\\/\\\/oigs.hr\\\/novo\\\/mediji-o-nama\\\/\",\"url\":\"https:\\\/\\\/oigs.hr\\\/novo\\\/mediji-o-nama\\\/\",\"name\":\"Mediji o nama - OIG\u0160\",\"isPartOf\":{\"@id\":\"https:\\\/\\\/oigs.hr\\\/novo\\\/#website\"},\"primaryImageOfPage\":{\"@id\":\"https:\\\/\\\/oigs.hr\\\/novo\\\/mediji-o-nama\\\/#primaryimage\"},\"image\":{\"@id\":\"https:\\\/\\\/oigs.hr\\\/novo\\\/mediji-o-nama\\\/#primaryimage\"},\"thumbnailUrl\":\"https:\\\/\\\/oigs.hr\\\/novo\\\/wp-content\\\/uploads\\\/2025\\\/06\\\/nastavnica1-300x167.jpg\",\"datePublished\":\"2025-06-24T16:57:55+00:00\",\"dateModified\":\"2025-06-24T17:09:58+00:00\",\"description\":\"Bez ovog zanimanja ne mo\u017eemo, a u Hrvatskoj ih fali: 'To je nemogu\u0107a misija | RTL Danas https:\\\/\\\/www.youtube.com\\\/watch?v=4Ti4tv1gr1Y Potez nastavnice\",\"breadcrumb\":{\"@id\":\"https:\\\/\\\/oigs.hr\\\/novo\\\/mediji-o-nama\\\/#breadcrumb\"},\"inLanguage\":\"hr\",\"potentialAction\":[{\"@type\":\"ReadAction\",\"target\":[\"https:\\\/\\\/oigs.hr\\\/novo\\\/mediji-o-nama\\\/\"]}]},{\"@type\":\"ImageObject\",\"inLanguage\":\"hr\",\"@id\":\"https:\\\/\\\/oigs.hr\\\/novo\\\/mediji-o-nama\\\/#primaryimage\",\"url\":\"https:\\\/\\\/oigs.hr\\\/novo\\\/wp-content\\\/uploads\\\/2025\\\/06\\\/nastavnica1.jpg\",\"contentUrl\":\"https:\\\/\\\/oigs.hr\\\/novo\\\/wp-content\\\/uploads\\\/2025\\\/06\\\/nastavnica1.jpg\",\"width\":1200,\"height\":668},{\"@type\":\"BreadcrumbList\",\"@id\":\"https:\\\/\\\/oigs.hr\\\/novo\\\/mediji-o-nama\\\/#breadcrumb\",\"itemListElement\":[{\"@type\":\"ListItem\",\"position\":1,\"name\":\"Po\u010detna stranica\",\"item\":\"https:\\\/\\\/oigs.hr\\\/novo\\\/\"},{\"@type\":\"ListItem\",\"position\":2,\"name\":\"Mediji o nama\"}]},{\"@type\":\"WebSite\",\"@id\":\"https:\\\/\\\/oigs.hr\\\/novo\\\/#website\",\"url\":\"https:\\\/\\\/oigs.hr\\\/novo\\\/\",\"name\":\"OIG\u0160\",\"description\":\"Obrtni\u010dka i industrijska graditeljska \u0161kola\",\"publisher\":{\"@id\":\"https:\\\/\\\/oigs.hr\\\/novo\\\/#organization\"},\"potentialAction\":[{\"@type\":\"SearchAction\",\"target\":{\"@type\":\"EntryPoint\",\"urlTemplate\":\"https:\\\/\\\/oigs.hr\\\/novo\\\/?s={search_term_string}\"},\"query-input\":{\"@type\":\"PropertyValueSpecification\",\"valueRequired\":true,\"valueName\":\"search_term_string\"}}],\"inLanguage\":\"hr\"},{\"@type\":\"Organization\",\"@id\":\"https:\\\/\\\/oigs.hr\\\/novo\\\/#organization\",\"name\":\"OIG\u0160\",\"url\":\"https:\\\/\\\/oigs.hr\\\/novo\\\/\",\"logo\":{\"@type\":\"ImageObject\",\"inLanguage\":\"hr\",\"@id\":\"https:\\\/\\\/oigs.hr\\\/novo\\\/#\\\/schema\\\/logo\\\/image\\\/\",\"url\":\"https:\\\/\\\/oigs.hr\\\/novo\\\/wp-content\\\/uploads\\\/2020\\\/06\\\/logo-1-e1592001907410.png\",\"contentUrl\":\"https:\\\/\\\/oigs.hr\\\/novo\\\/wp-content\\\/uploads\\\/2020\\\/06\\\/logo-1-e1592001907410.png\",\"width\":195,\"height\":181,\"caption\":\"OIG\u0160\"},\"image\":{\"@id\":\"https:\\\/\\\/oigs.hr\\\/novo\\\/#\\\/schema\\\/logo\\\/image\\\/\"},\"sameAs\":[\"https:\\\/\\\/www.facebook.com\\\/oigs.srednjaskola\\\/\"]}]}<\/script>\n<!-- \/ Yoast SEO plugin. -->","yoast_head_json":{"title":"Mediji o nama - OIG\u0160","description":"Bez ovog zanimanja ne mo\u017eemo, a u Hrvatskoj ih fali: 'To je nemogu\u0107a misija | RTL Danas https:\/\/www.youtube.com\/watch?v=4Ti4tv1gr1Y Potez nastavnice","robots":{"index":"index","follow":"follow","max-snippet":"max-snippet:-1","max-image-preview":"max-image-preview:large","max-video-preview":"max-video-preview:-1"},"canonical":"https:\/\/oigs.hr\/novo\/mediji-o-nama\/","og_locale":"hr_HR","og_type":"article","og_title":"Mediji o nama - OIG\u0160","og_description":"Bez ovog zanimanja ne mo\u017eemo, a u Hrvatskoj ih fali: 'To je nemogu\u0107a misija | RTL Danas https:\/\/www.youtube.com\/watch?v=4Ti4tv1gr1Y Potez nastavnice","og_url":"https:\/\/oigs.hr\/novo\/mediji-o-nama\/","og_site_name":"OIG\u0160","article_publisher":"https:\/\/www.facebook.com\/oigs.srednjaskola\/","article_modified_time":"2025-06-24T17:09:58+00:00","og_image":[{"width":1200,"height":668,"url":"https:\/\/oigs.hr\/novo\/wp-content\/uploads\/2025\/06\/nastavnica1.jpg","type":"image\/jpeg"}],"twitter_card":"summary_large_image","twitter_misc":{"Procijenjeno vrijeme \u010ditanja":"1 minuta"},"schema":{"@context":"https:\/\/schema.org","@graph":[{"@type":"WebPage","@id":"https:\/\/oigs.hr\/novo\/mediji-o-nama\/","url":"https:\/\/oigs.hr\/novo\/mediji-o-nama\/","name":"Mediji o nama - OIG\u0160","isPartOf":{"@id":"https:\/\/oigs.hr\/novo\/#website"},"primaryImageOfPage":{"@id":"https:\/\/oigs.hr\/novo\/mediji-o-nama\/#primaryimage"},"image":{"@id":"https:\/\/oigs.hr\/novo\/mediji-o-nama\/#primaryimage"},"thumbnailUrl":"https:\/\/oigs.hr\/novo\/wp-content\/uploads\/2025\/06\/nastavnica1-300x167.jpg","datePublished":"2025-06-24T16:57:55+00:00","dateModified":"2025-06-24T17:09:58+00:00","description":"Bez ovog zanimanja ne mo\u017eemo, a u Hrvatskoj ih fali: 'To je nemogu\u0107a misija | RTL Danas https:\/\/www.youtube.com\/watch?v=4Ti4tv1gr1Y Potez nastavnice","breadcrumb":{"@id":"https:\/\/oigs.hr\/novo\/mediji-o-nama\/#breadcrumb"},"inLanguage":"hr","potentialAction":[{"@type":"ReadAction","target":["https:\/\/oigs.hr\/novo\/mediji-o-nama\/"]}]},{"@type":"ImageObject","inLanguage":"hr","@id":"https:\/\/oigs.hr\/novo\/mediji-o-nama\/#primaryimage","url":"https:\/\/oigs.hr\/novo\/wp-content\/uploads\/2025\/06\/nastavnica1.jpg","contentUrl":"https:\/\/oigs.hr\/novo\/wp-content\/uploads\/2025\/06\/nastavnica1.jpg","width":1200,"height":668},{"@type":"BreadcrumbList","@id":"https:\/\/oigs.hr\/novo\/mediji-o-nama\/#breadcrumb","itemListElement":[{"@type":"ListItem","position":1,"name":"Po\u010detna stranica","item":"https:\/\/oigs.hr\/novo\/"},{"@type":"ListItem","position":2,"name":"Mediji o nama"}]},{"@type":"WebSite","@id":"https:\/\/oigs.hr\/novo\/#website","url":"https:\/\/oigs.hr\/novo\/","name":"OIG\u0160","description":"Obrtni\u010dka i industrijska graditeljska \u0161kola","publisher":{"@id":"https:\/\/oigs.hr\/novo\/#organization"},"potentialAction":[{"@type":"SearchAction","target":{"@type":"EntryPoint","urlTemplate":"https:\/\/oigs.hr\/novo\/?s={search_term_string}"},"query-input":{"@type":"PropertyValueSpecification","valueRequired":true,"valueName":"search_term_string"}}],"inLanguage":"hr"},{"@type":"Organization","@id":"https:\/\/oigs.hr\/novo\/#organization","name":"OIG\u0160","url":"https:\/\/oigs.hr\/novo\/","logo":{"@type":"ImageObject","inLanguage":"hr","@id":"https:\/\/oigs.hr\/novo\/#\/schema\/logo\/image\/","url":"https:\/\/oigs.hr\/novo\/wp-content\/uploads\/2020\/06\/logo-1-e1592001907410.png","contentUrl":"https:\/\/oigs.hr\/novo\/wp-content\/uploads\/2020\/06\/logo-1-e1592001907410.png","width":195,"height":181,"caption":"OIG\u0160"},"image":{"@id":"https:\/\/oigs.hr\/novo\/#\/schema\/logo\/image\/"},"sameAs":["https:\/\/www.facebook.com\/oigs.srednjaskola\/"]}]}},"_links":{"self":[{"href":"https:\/\/oigs.hr\/novo\/wp-json\/wp\/v2\/pages\/9658","targetHints":{"allow":["GET"]}}],"collection":[{"href":"https:\/\/oigs.hr\/novo\/wp-json\/wp\/v2\/pages"}],"about":[{"href":"https:\/\/oigs.hr\/novo\/wp-json\/wp\/v2\/types\/page"}],"author":[{"embeddable":true,"href":"https:\/\/oigs.hr\/novo\/wp-json\/wp\/v2\/users\/3"}],"replies":[{"embeddable":true,"href":"https:\/\/oigs.hr\/novo\/wp-json\/wp\/v2\/comments?post=9658"}],"version-history":[{"count":5,"href":"https:\/\/oigs.hr\/novo\/wp-json\/wp\/v2\/pages\/9658\/revisions"}],"predecessor-version":[{"id":9665,"href":"https:\/\/oigs.hr\/novo\/wp-json\/wp\/v2\/pages\/9658\/revisions\/9665"}],"wp:attachment":[{"href":"https:\/\/oigs.hr\/novo\/wp-json\/wp\/v2\/media?parent=9658"}],"curies":[{"name":"wp","href":"https:\/\/api.w.org\/{rel}","templated":true}]}}