{"id":9598,"date":"2025-06-24T17:08:33","date_gmt":"2025-06-24T15:08:33","guid":{"rendered":"https:\/\/oigs.hr\/novo\/?page_id=9598"},"modified":"2026-01-28T18:37:10","modified_gmt":"2026-01-28T17:37:10","slug":"vijece-ucenika","status":"publish","type":"page","link":"https:\/\/oigs.hr\/novo\/vijece-ucenika\/","title":{"rendered":"Vije\u0107e u\u010denika"},"content":{"rendered":"<p><img loading=\"lazy\" decoding=\"async\" class=\"alignnone size-medium wp-image-10656\" src=\"https:\/\/oigs.hr\/novo\/wp-content\/uploads\/2026\/01\/CvOyiQNyWzU6llNfdI03o-300x300.jpg\" alt=\"\" width=\"300\" height=\"300\" srcset=\"https:\/\/oigs.hr\/novo\/wp-content\/uploads\/2026\/01\/CvOyiQNyWzU6llNfdI03o-300x300.jpg 300w, https:\/\/oigs.hr\/novo\/wp-content\/uploads\/2026\/01\/CvOyiQNyWzU6llNfdI03o-1024x1024.jpg 1024w, https:\/\/oigs.hr\/novo\/wp-content\/uploads\/2026\/01\/CvOyiQNyWzU6llNfdI03o-150x150.jpg 150w, https:\/\/oigs.hr\/novo\/wp-content\/uploads\/2026\/01\/CvOyiQNyWzU6llNfdI03o-768x768.jpg 768w, https:\/\/oigs.hr\/novo\/wp-content\/uploads\/2026\/01\/CvOyiQNyWzU6llNfdI03o-70x70.jpg 70w, https:\/\/oigs.hr\/novo\/wp-content\/uploads\/2026\/01\/CvOyiQNyWzU6llNfdI03o-246x246.jpg 246w, https:\/\/oigs.hr\/novo\/wp-content\/uploads\/2026\/01\/CvOyiQNyWzU6llNfdI03o-276x276.jpg 276w, https:\/\/oigs.hr\/novo\/wp-content\/uploads\/2026\/01\/CvOyiQNyWzU6llNfdI03o-125x125.jpg 125w, https:\/\/oigs.hr\/novo\/wp-content\/uploads\/2026\/01\/CvOyiQNyWzU6llNfdI03o.jpg 1536w\" sizes=\"auto, (max-width: 300px) 100vw, 300px\" \/><\/p>\n<p>Vije\u0107e u\u010denika je predstavni\u010dko tijelo svih u\u010denika \u0161kole. \u010cine ga izabrani predstavnici razreda, a njegova je osnovna uloga da zastupa interese u\u010denika i sudjeluje u \u017eivotu \u0161kole.<\/p>\n<p data-start=\"1242\" data-end=\"1298\">Prema Zakonu o odgoju i obrazovanju, vije\u0107e u\u010denika:<\/p>\n<ul data-start=\"1299\" data-end=\"1414\">\n<li data-start=\"1299\" data-end=\"1344\">\n<p data-start=\"1301\" data-end=\"1344\">raspravlja o pitanjima va\u017enima za u\u010denike<\/p>\n<\/li>\n<li data-start=\"1345\" data-end=\"1379\">\n<p data-start=\"1347\" data-end=\"1379\">daje prijedloge tijelima \u0161kole<\/p>\n<\/li>\n<li data-start=\"1380\" data-end=\"1414\">\n<p data-start=\"1382\" data-end=\"1414\">promi\u010de prava i interese u\u010denika<\/p>\n<\/li>\n<\/ul>\n<p><strong>SAVJETODAVNA TIJELA:<\/strong><\/p>\n<p>&#8211; Vije\u0107e roditelja: Martina Hercigonja (3.g)<\/p>\n<p>&#8211; Vije\u0107e u\u010denika: Ma\u0161a Stevanovi\u0107 2.g<\/p>\n","protected":false},"excerpt":{"rendered":"<p>Vije\u0107e u\u010denika je predstavni\u010dko tijelo svih u\u010denika \u0161kole. \u010cine ga izabrani predstavnici razreda, a njegova je osnovna uloga da zastupa &hellip; <\/p>\n","protected":false},"author":3,"featured_media":0,"parent":0,"menu_order":0,"comment_status":"closed","ping_status":"closed","template":"","meta":{"footnotes":""},"class_list":["post-9598","page","type-page","status-publish","hentry"],"yoast_head":"<!-- This site is optimized with the Yoast SEO plugin v27.4 - https:\/\/yoast.com\/product\/yoast-seo-wordpress\/ -->\n<title>Vije\u0107e u\u010denika - OIG\u0160<\/title>\n<meta name=\"description\" content=\"Vije\u0107e u\u010denika je predstavni\u010dko tijelo svih u\u010denika \u0161kole. \u010cine ga izabrani predstavnici razreda, a njegova je osnovna uloga da zastupa interese u\u010denika i\" \/>\n<meta name=\"robots\" content=\"index, follow, max-snippet:-1, max-image-preview:large, max-video-preview:-1\" \/>\n<link rel=\"canonical\" href=\"https:\/\/oigs.hr\/novo\/vijece-ucenika\/\" \/>\n<meta property=\"og:locale\" content=\"hr_HR\" \/>\n<meta property=\"og:type\" content=\"article\" \/>\n<meta property=\"og:title\" content=\"Vije\u0107e u\u010denika - OIG\u0160\" \/>\n<meta property=\"og:description\" content=\"Vije\u0107e u\u010denika je predstavni\u010dko tijelo svih u\u010denika \u0161kole. \u010cine ga izabrani predstavnici razreda, a njegova je osnovna uloga da zastupa interese u\u010denika i\" \/>\n<meta property=\"og:url\" content=\"https:\/\/oigs.hr\/novo\/vijece-ucenika\/\" \/>\n<meta property=\"og:site_name\" content=\"OIG\u0160\" \/>\n<meta property=\"article:publisher\" content=\"https:\/\/www.facebook.com\/oigs.srednjaskola\/\" \/>\n<meta property=\"article:modified_time\" content=\"2026-01-28T17:37:10+00:00\" \/>\n<meta property=\"og:image\" content=\"https:\/\/oigs.hr\/novo\/wp-content\/uploads\/2026\/01\/CvOyiQNyWzU6llNfdI03o.jpg\" \/>\n\t<meta property=\"og:image:width\" content=\"1536\" \/>\n\t<meta property=\"og:image:height\" content=\"1536\" \/>\n\t<meta property=\"og:image:type\" content=\"image\/jpeg\" \/>\n<meta name=\"twitter:card\" content=\"summary_large_image\" \/>\n<meta name=\"twitter:label1\" content=\"Procijenjeno vrijeme \u010ditanja\" \/>\n\t<meta name=\"twitter:data1\" content=\"1 minuta\" \/>\n<script type=\"application\/ld+json\" class=\"yoast-schema-graph\">{\"@context\":\"https:\\\/\\\/schema.org\",\"@graph\":[{\"@type\":\"WebPage\",\"@id\":\"https:\\\/\\\/oigs.hr\\\/novo\\\/vijece-ucenika\\\/\",\"url\":\"https:\\\/\\\/oigs.hr\\\/novo\\\/vijece-ucenika\\\/\",\"name\":\"Vije\u0107e u\u010denika - OIG\u0160\",\"isPartOf\":{\"@id\":\"https:\\\/\\\/oigs.hr\\\/novo\\\/#website\"},\"primaryImageOfPage\":{\"@id\":\"https:\\\/\\\/oigs.hr\\\/novo\\\/vijece-ucenika\\\/#primaryimage\"},\"image\":{\"@id\":\"https:\\\/\\\/oigs.hr\\\/novo\\\/vijece-ucenika\\\/#primaryimage\"},\"thumbnailUrl\":\"https:\\\/\\\/oigs.hr\\\/novo\\\/wp-content\\\/uploads\\\/2026\\\/01\\\/CvOyiQNyWzU6llNfdI03o-300x300.jpg\",\"datePublished\":\"2025-06-24T15:08:33+00:00\",\"dateModified\":\"2026-01-28T17:37:10+00:00\",\"description\":\"Vije\u0107e u\u010denika je predstavni\u010dko tijelo svih u\u010denika \u0161kole. \u010cine ga izabrani predstavnici razreda, a njegova je osnovna uloga da zastupa interese u\u010denika i\",\"breadcrumb\":{\"@id\":\"https:\\\/\\\/oigs.hr\\\/novo\\\/vijece-ucenika\\\/#breadcrumb\"},\"inLanguage\":\"hr\",\"potentialAction\":[{\"@type\":\"ReadAction\",\"target\":[\"https:\\\/\\\/oigs.hr\\\/novo\\\/vijece-ucenika\\\/\"]}]},{\"@type\":\"ImageObject\",\"inLanguage\":\"hr\",\"@id\":\"https:\\\/\\\/oigs.hr\\\/novo\\\/vijece-ucenika\\\/#primaryimage\",\"url\":\"https:\\\/\\\/oigs.hr\\\/novo\\\/wp-content\\\/uploads\\\/2026\\\/01\\\/CvOyiQNyWzU6llNfdI03o.jpg\",\"contentUrl\":\"https:\\\/\\\/oigs.hr\\\/novo\\\/wp-content\\\/uploads\\\/2026\\\/01\\\/CvOyiQNyWzU6llNfdI03o.jpg\",\"width\":1536,\"height\":1536},{\"@type\":\"BreadcrumbList\",\"@id\":\"https:\\\/\\\/oigs.hr\\\/novo\\\/vijece-ucenika\\\/#breadcrumb\",\"itemListElement\":[{\"@type\":\"ListItem\",\"position\":1,\"name\":\"Po\u010detna stranica\",\"item\":\"https:\\\/\\\/oigs.hr\\\/novo\\\/\"},{\"@type\":\"ListItem\",\"position\":2,\"name\":\"Vije\u0107e u\u010denika\"}]},{\"@type\":\"WebSite\",\"@id\":\"https:\\\/\\\/oigs.hr\\\/novo\\\/#website\",\"url\":\"https:\\\/\\\/oigs.hr\\\/novo\\\/\",\"name\":\"OIG\u0160\",\"description\":\"Obrtni\u010dka i industrijska graditeljska \u0161kola\",\"publisher\":{\"@id\":\"https:\\\/\\\/oigs.hr\\\/novo\\\/#organization\"},\"potentialAction\":[{\"@type\":\"SearchAction\",\"target\":{\"@type\":\"EntryPoint\",\"urlTemplate\":\"https:\\\/\\\/oigs.hr\\\/novo\\\/?s={search_term_string}\"},\"query-input\":{\"@type\":\"PropertyValueSpecification\",\"valueRequired\":true,\"valueName\":\"search_term_string\"}}],\"inLanguage\":\"hr\"},{\"@type\":\"Organization\",\"@id\":\"https:\\\/\\\/oigs.hr\\\/novo\\\/#organization\",\"name\":\"OIG\u0160\",\"url\":\"https:\\\/\\\/oigs.hr\\\/novo\\\/\",\"logo\":{\"@type\":\"ImageObject\",\"inLanguage\":\"hr\",\"@id\":\"https:\\\/\\\/oigs.hr\\\/novo\\\/#\\\/schema\\\/logo\\\/image\\\/\",\"url\":\"https:\\\/\\\/oigs.hr\\\/novo\\\/wp-content\\\/uploads\\\/2020\\\/06\\\/logo-1-e1592001907410.png\",\"contentUrl\":\"https:\\\/\\\/oigs.hr\\\/novo\\\/wp-content\\\/uploads\\\/2020\\\/06\\\/logo-1-e1592001907410.png\",\"width\":195,\"height\":181,\"caption\":\"OIG\u0160\"},\"image\":{\"@id\":\"https:\\\/\\\/oigs.hr\\\/novo\\\/#\\\/schema\\\/logo\\\/image\\\/\"},\"sameAs\":[\"https:\\\/\\\/www.facebook.com\\\/oigs.srednjaskola\\\/\"]}]}<\/script>\n<!-- \/ Yoast SEO plugin. -->","yoast_head_json":{"title":"Vije\u0107e u\u010denika - OIG\u0160","description":"Vije\u0107e u\u010denika je predstavni\u010dko tijelo svih u\u010denika \u0161kole. \u010cine ga izabrani predstavnici razreda, a njegova je osnovna uloga da zastupa interese u\u010denika i","robots":{"index":"index","follow":"follow","max-snippet":"max-snippet:-1","max-image-preview":"max-image-preview:large","max-video-preview":"max-video-preview:-1"},"canonical":"https:\/\/oigs.hr\/novo\/vijece-ucenika\/","og_locale":"hr_HR","og_type":"article","og_title":"Vije\u0107e u\u010denika - OIG\u0160","og_description":"Vije\u0107e u\u010denika je predstavni\u010dko tijelo svih u\u010denika \u0161kole. \u010cine ga izabrani predstavnici razreda, a njegova je osnovna uloga da zastupa interese u\u010denika i","og_url":"https:\/\/oigs.hr\/novo\/vijece-ucenika\/","og_site_name":"OIG\u0160","article_publisher":"https:\/\/www.facebook.com\/oigs.srednjaskola\/","article_modified_time":"2026-01-28T17:37:10+00:00","og_image":[{"width":1536,"height":1536,"url":"https:\/\/oigs.hr\/novo\/wp-content\/uploads\/2026\/01\/CvOyiQNyWzU6llNfdI03o.jpg","type":"image\/jpeg"}],"twitter_card":"summary_large_image","twitter_misc":{"Procijenjeno vrijeme \u010ditanja":"1 minuta"},"schema":{"@context":"https:\/\/schema.org","@graph":[{"@type":"WebPage","@id":"https:\/\/oigs.hr\/novo\/vijece-ucenika\/","url":"https:\/\/oigs.hr\/novo\/vijece-ucenika\/","name":"Vije\u0107e u\u010denika - OIG\u0160","isPartOf":{"@id":"https:\/\/oigs.hr\/novo\/#website"},"primaryImageOfPage":{"@id":"https:\/\/oigs.hr\/novo\/vijece-ucenika\/#primaryimage"},"image":{"@id":"https:\/\/oigs.hr\/novo\/vijece-ucenika\/#primaryimage"},"thumbnailUrl":"https:\/\/oigs.hr\/novo\/wp-content\/uploads\/2026\/01\/CvOyiQNyWzU6llNfdI03o-300x300.jpg","datePublished":"2025-06-24T15:08:33+00:00","dateModified":"2026-01-28T17:37:10+00:00","description":"Vije\u0107e u\u010denika je predstavni\u010dko tijelo svih u\u010denika \u0161kole. \u010cine ga izabrani predstavnici razreda, a njegova je osnovna uloga da zastupa interese u\u010denika i","breadcrumb":{"@id":"https:\/\/oigs.hr\/novo\/vijece-ucenika\/#breadcrumb"},"inLanguage":"hr","potentialAction":[{"@type":"ReadAction","target":["https:\/\/oigs.hr\/novo\/vijece-ucenika\/"]}]},{"@type":"ImageObject","inLanguage":"hr","@id":"https:\/\/oigs.hr\/novo\/vijece-ucenika\/#primaryimage","url":"https:\/\/oigs.hr\/novo\/wp-content\/uploads\/2026\/01\/CvOyiQNyWzU6llNfdI03o.jpg","contentUrl":"https:\/\/oigs.hr\/novo\/wp-content\/uploads\/2026\/01\/CvOyiQNyWzU6llNfdI03o.jpg","width":1536,"height":1536},{"@type":"BreadcrumbList","@id":"https:\/\/oigs.hr\/novo\/vijece-ucenika\/#breadcrumb","itemListElement":[{"@type":"ListItem","position":1,"name":"Po\u010detna stranica","item":"https:\/\/oigs.hr\/novo\/"},{"@type":"ListItem","position":2,"name":"Vije\u0107e u\u010denika"}]},{"@type":"WebSite","@id":"https:\/\/oigs.hr\/novo\/#website","url":"https:\/\/oigs.hr\/novo\/","name":"OIG\u0160","description":"Obrtni\u010dka i industrijska graditeljska \u0161kola","publisher":{"@id":"https:\/\/oigs.hr\/novo\/#organization"},"potentialAction":[{"@type":"SearchAction","target":{"@type":"EntryPoint","urlTemplate":"https:\/\/oigs.hr\/novo\/?s={search_term_string}"},"query-input":{"@type":"PropertyValueSpecification","valueRequired":true,"valueName":"search_term_string"}}],"inLanguage":"hr"},{"@type":"Organization","@id":"https:\/\/oigs.hr\/novo\/#organization","name":"OIG\u0160","url":"https:\/\/oigs.hr\/novo\/","logo":{"@type":"ImageObject","inLanguage":"hr","@id":"https:\/\/oigs.hr\/novo\/#\/schema\/logo\/image\/","url":"https:\/\/oigs.hr\/novo\/wp-content\/uploads\/2020\/06\/logo-1-e1592001907410.png","contentUrl":"https:\/\/oigs.hr\/novo\/wp-content\/uploads\/2020\/06\/logo-1-e1592001907410.png","width":195,"height":181,"caption":"OIG\u0160"},"image":{"@id":"https:\/\/oigs.hr\/novo\/#\/schema\/logo\/image\/"},"sameAs":["https:\/\/www.facebook.com\/oigs.srednjaskola\/"]}]}},"_links":{"self":[{"href":"https:\/\/oigs.hr\/novo\/wp-json\/wp\/v2\/pages\/9598","targetHints":{"allow":["GET"]}}],"collection":[{"href":"https:\/\/oigs.hr\/novo\/wp-json\/wp\/v2\/pages"}],"about":[{"href":"https:\/\/oigs.hr\/novo\/wp-json\/wp\/v2\/types\/page"}],"author":[{"embeddable":true,"href":"https:\/\/oigs.hr\/novo\/wp-json\/wp\/v2\/users\/3"}],"replies":[{"embeddable":true,"href":"https:\/\/oigs.hr\/novo\/wp-json\/wp\/v2\/comments?post=9598"}],"version-history":[{"count":4,"href":"https:\/\/oigs.hr\/novo\/wp-json\/wp\/v2\/pages\/9598\/revisions"}],"predecessor-version":[{"id":10660,"href":"https:\/\/oigs.hr\/novo\/wp-json\/wp\/v2\/pages\/9598\/revisions\/10660"}],"wp:attachment":[{"href":"https:\/\/oigs.hr\/novo\/wp-json\/wp\/v2\/media?parent=9598"}],"curies":[{"name":"wp","href":"https:\/\/api.w.org\/{rel}","templated":true}]}}