{"id":9508,"date":"2025-06-24T13:38:49","date_gmt":"2025-06-24T11:38:49","guid":{"rendered":"https:\/\/oigs.hr\/novo\/?page_id=9508"},"modified":"2026-01-29T08:20:09","modified_gmt":"2026-01-29T07:20:09","slug":"molbe","status":"publish","type":"page","link":"https:\/\/oigs.hr\/novo\/molbe\/","title":{"rendered":"Molbe i Potvrde"},"content":{"rendered":"<p><img loading=\"lazy\" decoding=\"async\" class=\"alignnone wp-image-10666\" src=\"https:\/\/oigs.hr\/novo\/wp-content\/uploads\/2026\/01\/aWAqP4r-nGsAUBiB0x7Wm-300x300.jpg\" alt=\"\" width=\"444\" height=\"444\" srcset=\"https:\/\/oigs.hr\/novo\/wp-content\/uploads\/2026\/01\/aWAqP4r-nGsAUBiB0x7Wm-300x300.jpg 300w, https:\/\/oigs.hr\/novo\/wp-content\/uploads\/2026\/01\/aWAqP4r-nGsAUBiB0x7Wm-1024x1024.jpg 1024w, https:\/\/oigs.hr\/novo\/wp-content\/uploads\/2026\/01\/aWAqP4r-nGsAUBiB0x7Wm-150x150.jpg 150w, https:\/\/oigs.hr\/novo\/wp-content\/uploads\/2026\/01\/aWAqP4r-nGsAUBiB0x7Wm-768x768.jpg 768w, https:\/\/oigs.hr\/novo\/wp-content\/uploads\/2026\/01\/aWAqP4r-nGsAUBiB0x7Wm-70x70.jpg 70w, https:\/\/oigs.hr\/novo\/wp-content\/uploads\/2026\/01\/aWAqP4r-nGsAUBiB0x7Wm-246x246.jpg 246w, https:\/\/oigs.hr\/novo\/wp-content\/uploads\/2026\/01\/aWAqP4r-nGsAUBiB0x7Wm-276x276.jpg 276w, https:\/\/oigs.hr\/novo\/wp-content\/uploads\/2026\/01\/aWAqP4r-nGsAUBiB0x7Wm-125x125.jpg 125w, https:\/\/oigs.hr\/novo\/wp-content\/uploads\/2026\/01\/aWAqP4r-nGsAUBiB0x7Wm.jpg 1536w\" sizes=\"auto, (max-width: 444px) 100vw, 444px\" \/><\/p>\n<h2><strong>UPUTE ZA PISANJE MOLBE<\/strong><\/h2>\n<p>&nbsp;<\/p>\n<ol>\n<li>Molba se pi\u0161e na ra\u010dunalu fontom slova Times New Roman,12 crne boje,<\/li>\n<li>Molba mora sadr\u017eavati sve osobne podatke podnositelja molbe (ime i prezime u\u010denika, razredni odjel, adresu stanovanja, broj telefona ili mobitela i adresu elektroni\u010dke po\u0161te),<\/li>\n<li>U molbi treba biti jasno nazna\u010deno tijelo kojem se upu\u0107uje molba (npr. Razredno vije\u0107e, Nastavni\u010dko vije\u0107e, ravnatelj i sl.),<\/li>\n<li>U tekstu molbe mora biti jasno navedeno \u0161to se tra\u017ei uz obrazlo\u017eenje razloga zbog kojih se to tra\u017ei,<\/li>\n<li>Molbu vlastoru\u010dno potpisuju u\u010denik i roditelj (ispod imena otisnutog slovima),<\/li>\n<li>Molbi treba prilo\u017eiti sve potrebne dokumente, potvrde, uvjerenja i sli\u010dno kojima se potvr\u0111uju svi navodi i obrazlo\u017eenja izneseni u molbi,<\/li>\n<li>Pravilno napisanu i vlastoru\u010dno potpisanu molbu zajedno sa svim prilozima potrebno je osobno donijeti u referadu na urud\u017ebiranje ili poslati zajedno sa svim skeniranim dokumentima na<\/li>\n<\/ol>\n<p><em>\u00a0\u00a0\u00a0\u00a0\u00a0\u00a0 e-mail<\/em>:\u00a0<a href=\"mailto:oigszg@gmail.com\">oigszg@gmail.com<\/a> i <a href=\"mailto:referada@oigs.hr\">referada@oigs.hr<\/a><\/p>\n<p><strong>\u00a0Nepotpune molbe ne\u0107e se uzeti u razmatranje.<\/strong><\/p>\n<p><strong>Navedene upute se odnose na sve vrste molba koji upu\u0107uju roditelji i u\u010denici Obrtni\u010dke i industrijske graditeljske \u0161kole, Zagreb.<\/strong><\/p>\n<p>&nbsp;<\/p>\n<p><strong>\u0160TO TREBA PRILO\u017dITI MOLBI<\/strong><\/p>\n<p>&nbsp;<\/p>\n<h2><strong>Molba za odgovaranje po dogovoru:<\/strong><\/h2>\n<ul>\n<li>potvrdu o poha\u0111anju glazbene\/umjetni\u010dke \u0161kole<\/li>\n<li>rje\u0161enje o kategorizaciji sporta\u0161a koju izdaje Hrvatski olimpijski odbor za teku\u0107u \u0161kolsku godinu<\/li>\n<li>detaljan raspored obaveza po danima<\/li>\n<li>mi\u0161ljenje \u0161kolske lije\u010dnice<\/li>\n<\/ul>\n<p>&nbsp;<\/p>\n<h2><strong>Molba za status putnika:<\/strong><\/h2>\n<ul>\n<li>najnoviji vozni red svih prijevoznika koji se navode u molbi (minimalno 2 razli\u010dita prijevozna sredstva i 2 razli\u010dita prijevoznika u \u010dijim voznim redovima dolazi do velikih vremenskih odstupanja ili putovanje dugo traje, npr. bus i vlak)<\/li>\n<\/ul>\n<p>U molbi treba jasno nazna\u010diti \u0161to se tra\u017ei: mogu\u0107nost ka\u0161njenja na prvi sat u jutarnjoj smjeni i\/ili ranije pu\u0161tanje s nastave zadnjeg sata u popodnevnoj smjeni (koji dan, koliko minuta, u kojoj smjeni i za\u0161to \u2013 maksimalno 15 minuta).<\/p>\n<p><strong>Mjesto stanovanja u prigradskim naseljima kao \u0161to su Zapre\u0161i\u0107, Samobor, Sesvete, Dugo Selo i sl. nije dovoljan razlog za odobravanje statusa putnika budu\u0107i da je ve\u0107ina prigradskih naselja dobro prometno povezana s lokacijom \u0161kole. Razlozi za odobrenje mogu biti npr. vi\u0161esatno trajanje putovanja ili velika vremenska odstupanja u voznim redovima razli\u010ditih prijevoznika u onim slu\u010dajevima kada ne postoji niti jedno drugo optimalnije prometno rje\u0161enje.<\/strong><\/p>\n<p><strong>Molba za oslobo\u0111enje od nastave Tjelesne i zdravstvene kulture<\/strong>:<\/p>\n<ul>\n<li>mi\u0161ljenje \u0161kolske lije\u010dnice\/potvrdu o sposobnosti sudjelovanja u\u010denika na nastavi Tjelesne i zdravstvene kulture<\/li>\n<\/ul>\n<p>&nbsp;<\/p>\n<h2><strong>Molba za izostanak s nastave<\/strong>:<\/h2>\n<ul>\n<li>dokument kojim se potvr\u0111uje razlog izostanka (npr. potvrda kluba ili glazbene\/umjetni\u010dke \u0161kole u kojoj je naveden plan i program sportskih priprema\/umjetni\u010dkih nastupa uz jasno navedeno vrijeme odsustva s nastave)<\/li>\n<\/ul>\n<p>Odobrenje izostanka s nastave mo\u017ee dati:<\/p>\n<ul>\n<li>do 3 dana \u2013 razrednik<\/li>\n<li>do 7 dana \u2013 ravnatelj<\/li>\n<li>do 15 dana \u2013 Nastavni\u010dko vije\u0107e<\/li>\n<\/ul>\n<p>Svaki planirani izostanak s nastave potrebno je najaviti unaprijed, a najkasnije tjedan dana ranije<\/p>\n<p>&nbsp;<\/p>\n<h2><strong>Molba za promjenu upisanog programa:<\/strong><\/h2>\n<p>&nbsp;<\/p>\n<ul>\n<li>mi\u0161ljenje \u0161kolske lije\u010dnice\/potvrdu o nepostojanju kontraindikacija za program\/strukovni kurikulum<\/li>\n<li>potvrda tvrtke \/ obrtnika o prijemu u\u010denika na prakti\u010dnu nastavu<\/li>\n<li>preslika svjedod\u017ebe<\/li>\n<\/ul>\n<p>(prethodno je potrebno obaviti razgovor sa stru\u010dno pedago\u0161kom slu\u017ebom \u0160kole uz prethodnu najavu,\u00a0 telefonski ili elektroni\u010dkom po\u0161tom (01 6670 503, e-mail: marina.sorsak@<a href=\"http:\/\/skole.hr\/\">skole.hr<\/a>)<\/p>\n<p>&nbsp;<\/p>\n<p><strong>Osoba za kontakt:<\/strong><\/p>\n<p>Marina Sor\u0161ak, stru\u010dna suradnica pedagoginja<\/p>\n<p>Tel.: 01 6670 503,<\/p>\n<p>e-mail: marina.sorsak@<a href=\"http:\/\/skole.hr\/\">skole.hr<\/a><\/p>\n<p>&nbsp;<\/p>\n<p><strong>Molba za promjenu programa podnosi se do po\u010detka drugog polugodi\u0161ta.<\/strong><\/p>\n<p>&nbsp;<\/p>\n<p>&nbsp;<\/p>\n<p>&nbsp;<\/p>\n","protected":false},"excerpt":{"rendered":"<p>UPUTE ZA PISANJE MOLBE &nbsp; Molba se pi\u0161e na ra\u010dunalu fontom slova Times New Roman,12 crne boje, Molba mora sadr\u017eavati &hellip; <\/p>\n","protected":false},"author":3,"featured_media":0,"parent":0,"menu_order":0,"comment_status":"closed","ping_status":"closed","template":"","meta":{"footnotes":""},"class_list":["post-9508","page","type-page","status-publish","hentry"],"yoast_head":"<!-- This site is optimized with the Yoast SEO plugin v27.5 - https:\/\/yoast.com\/product\/yoast-seo-wordpress\/ -->\n<title>Molbe i Potvrde - OIG\u0160<\/title>\n<meta name=\"description\" content=\"UPUTE ZA PISANJE MOLBE &nbsp; Molba se pi\u0161e na ra\u010dunalu fontom slova Times New Roman,12 crne boje, Molba mora sadr\u017eavati sve osobne podatke podnositelja\" \/>\n<meta name=\"robots\" content=\"index, follow, max-snippet:-1, max-image-preview:large, max-video-preview:-1\" \/>\n<link rel=\"canonical\" href=\"https:\/\/oigs.hr\/novo\/molbe\/\" \/>\n<meta property=\"og:locale\" content=\"hr_HR\" \/>\n<meta property=\"og:type\" content=\"article\" \/>\n<meta property=\"og:title\" content=\"Molbe i Potvrde - OIG\u0160\" \/>\n<meta property=\"og:description\" content=\"UPUTE ZA PISANJE MOLBE &nbsp; Molba se pi\u0161e na ra\u010dunalu fontom slova Times New Roman,12 crne boje, Molba mora sadr\u017eavati sve osobne podatke podnositelja\" \/>\n<meta property=\"og:url\" content=\"https:\/\/oigs.hr\/novo\/molbe\/\" \/>\n<meta property=\"og:site_name\" content=\"OIG\u0160\" \/>\n<meta property=\"article:publisher\" content=\"https:\/\/www.facebook.com\/oigs.srednjaskola\/\" \/>\n<meta property=\"article:modified_time\" content=\"2026-01-29T07:20:09+00:00\" \/>\n<meta property=\"og:image\" content=\"https:\/\/oigs.hr\/novo\/wp-content\/uploads\/2026\/01\/aWAqP4r-nGsAUBiB0x7Wm.jpg\" \/>\n\t<meta property=\"og:image:width\" content=\"1536\" \/>\n\t<meta property=\"og:image:height\" content=\"1536\" \/>\n\t<meta property=\"og:image:type\" content=\"image\/jpeg\" \/>\n<meta name=\"twitter:card\" content=\"summary_large_image\" \/>\n<meta name=\"twitter:label1\" content=\"Procijenjeno vrijeme \u010ditanja\" \/>\n\t<meta name=\"twitter:data1\" content=\"3 minute\" \/>\n<script type=\"application\/ld+json\" class=\"yoast-schema-graph\">{\"@context\":\"https:\\\/\\\/schema.org\",\"@graph\":[{\"@type\":\"WebPage\",\"@id\":\"https:\\\/\\\/oigs.hr\\\/novo\\\/molbe\\\/\",\"url\":\"https:\\\/\\\/oigs.hr\\\/novo\\\/molbe\\\/\",\"name\":\"Molbe i Potvrde - OIG\u0160\",\"isPartOf\":{\"@id\":\"https:\\\/\\\/oigs.hr\\\/novo\\\/#website\"},\"primaryImageOfPage\":{\"@id\":\"https:\\\/\\\/oigs.hr\\\/novo\\\/molbe\\\/#primaryimage\"},\"image\":{\"@id\":\"https:\\\/\\\/oigs.hr\\\/novo\\\/molbe\\\/#primaryimage\"},\"thumbnailUrl\":\"https:\\\/\\\/oigs.hr\\\/novo\\\/wp-content\\\/uploads\\\/2026\\\/01\\\/aWAqP4r-nGsAUBiB0x7Wm-300x300.jpg\",\"datePublished\":\"2025-06-24T11:38:49+00:00\",\"dateModified\":\"2026-01-29T07:20:09+00:00\",\"description\":\"UPUTE ZA PISANJE MOLBE &nbsp; Molba se pi\u0161e na ra\u010dunalu fontom slova Times New Roman,12 crne boje, Molba mora sadr\u017eavati sve osobne podatke podnositelja\",\"breadcrumb\":{\"@id\":\"https:\\\/\\\/oigs.hr\\\/novo\\\/molbe\\\/#breadcrumb\"},\"inLanguage\":\"hr\",\"potentialAction\":[{\"@type\":\"ReadAction\",\"target\":[\"https:\\\/\\\/oigs.hr\\\/novo\\\/molbe\\\/\"]}]},{\"@type\":\"ImageObject\",\"inLanguage\":\"hr\",\"@id\":\"https:\\\/\\\/oigs.hr\\\/novo\\\/molbe\\\/#primaryimage\",\"url\":\"https:\\\/\\\/oigs.hr\\\/novo\\\/wp-content\\\/uploads\\\/2026\\\/01\\\/aWAqP4r-nGsAUBiB0x7Wm.jpg\",\"contentUrl\":\"https:\\\/\\\/oigs.hr\\\/novo\\\/wp-content\\\/uploads\\\/2026\\\/01\\\/aWAqP4r-nGsAUBiB0x7Wm.jpg\",\"width\":1536,\"height\":1536},{\"@type\":\"BreadcrumbList\",\"@id\":\"https:\\\/\\\/oigs.hr\\\/novo\\\/molbe\\\/#breadcrumb\",\"itemListElement\":[{\"@type\":\"ListItem\",\"position\":1,\"name\":\"Po\u010detna stranica\",\"item\":\"https:\\\/\\\/oigs.hr\\\/novo\\\/\"},{\"@type\":\"ListItem\",\"position\":2,\"name\":\"Molbe i Potvrde\"}]},{\"@type\":\"WebSite\",\"@id\":\"https:\\\/\\\/oigs.hr\\\/novo\\\/#website\",\"url\":\"https:\\\/\\\/oigs.hr\\\/novo\\\/\",\"name\":\"OIG\u0160\",\"description\":\"Obrtni\u010dka i industrijska graditeljska \u0161kola\",\"publisher\":{\"@id\":\"https:\\\/\\\/oigs.hr\\\/novo\\\/#organization\"},\"potentialAction\":[{\"@type\":\"SearchAction\",\"target\":{\"@type\":\"EntryPoint\",\"urlTemplate\":\"https:\\\/\\\/oigs.hr\\\/novo\\\/?s={search_term_string}\"},\"query-input\":{\"@type\":\"PropertyValueSpecification\",\"valueRequired\":true,\"valueName\":\"search_term_string\"}}],\"inLanguage\":\"hr\"},{\"@type\":\"Organization\",\"@id\":\"https:\\\/\\\/oigs.hr\\\/novo\\\/#organization\",\"name\":\"OIG\u0160\",\"url\":\"https:\\\/\\\/oigs.hr\\\/novo\\\/\",\"logo\":{\"@type\":\"ImageObject\",\"inLanguage\":\"hr\",\"@id\":\"https:\\\/\\\/oigs.hr\\\/novo\\\/#\\\/schema\\\/logo\\\/image\\\/\",\"url\":\"https:\\\/\\\/oigs.hr\\\/novo\\\/wp-content\\\/uploads\\\/2020\\\/06\\\/logo-1-e1592001907410.png\",\"contentUrl\":\"https:\\\/\\\/oigs.hr\\\/novo\\\/wp-content\\\/uploads\\\/2020\\\/06\\\/logo-1-e1592001907410.png\",\"width\":195,\"height\":181,\"caption\":\"OIG\u0160\"},\"image\":{\"@id\":\"https:\\\/\\\/oigs.hr\\\/novo\\\/#\\\/schema\\\/logo\\\/image\\\/\"},\"sameAs\":[\"https:\\\/\\\/www.facebook.com\\\/oigs.srednjaskola\\\/\"]}]}<\/script>\n<!-- \/ Yoast SEO plugin. -->","yoast_head_json":{"title":"Molbe i Potvrde - OIG\u0160","description":"UPUTE ZA PISANJE MOLBE &nbsp; Molba se pi\u0161e na ra\u010dunalu fontom slova Times New Roman,12 crne boje, Molba mora sadr\u017eavati sve osobne podatke podnositelja","robots":{"index":"index","follow":"follow","max-snippet":"max-snippet:-1","max-image-preview":"max-image-preview:large","max-video-preview":"max-video-preview:-1"},"canonical":"https:\/\/oigs.hr\/novo\/molbe\/","og_locale":"hr_HR","og_type":"article","og_title":"Molbe i Potvrde - OIG\u0160","og_description":"UPUTE ZA PISANJE MOLBE &nbsp; Molba se pi\u0161e na ra\u010dunalu fontom slova Times New Roman,12 crne boje, Molba mora sadr\u017eavati sve osobne podatke podnositelja","og_url":"https:\/\/oigs.hr\/novo\/molbe\/","og_site_name":"OIG\u0160","article_publisher":"https:\/\/www.facebook.com\/oigs.srednjaskola\/","article_modified_time":"2026-01-29T07:20:09+00:00","og_image":[{"width":1536,"height":1536,"url":"https:\/\/oigs.hr\/novo\/wp-content\/uploads\/2026\/01\/aWAqP4r-nGsAUBiB0x7Wm.jpg","type":"image\/jpeg"}],"twitter_card":"summary_large_image","twitter_misc":{"Procijenjeno vrijeme \u010ditanja":"3 minute"},"schema":{"@context":"https:\/\/schema.org","@graph":[{"@type":"WebPage","@id":"https:\/\/oigs.hr\/novo\/molbe\/","url":"https:\/\/oigs.hr\/novo\/molbe\/","name":"Molbe i Potvrde - OIG\u0160","isPartOf":{"@id":"https:\/\/oigs.hr\/novo\/#website"},"primaryImageOfPage":{"@id":"https:\/\/oigs.hr\/novo\/molbe\/#primaryimage"},"image":{"@id":"https:\/\/oigs.hr\/novo\/molbe\/#primaryimage"},"thumbnailUrl":"https:\/\/oigs.hr\/novo\/wp-content\/uploads\/2026\/01\/aWAqP4r-nGsAUBiB0x7Wm-300x300.jpg","datePublished":"2025-06-24T11:38:49+00:00","dateModified":"2026-01-29T07:20:09+00:00","description":"UPUTE ZA PISANJE MOLBE &nbsp; Molba se pi\u0161e na ra\u010dunalu fontom slova Times New Roman,12 crne boje, Molba mora sadr\u017eavati sve osobne podatke podnositelja","breadcrumb":{"@id":"https:\/\/oigs.hr\/novo\/molbe\/#breadcrumb"},"inLanguage":"hr","potentialAction":[{"@type":"ReadAction","target":["https:\/\/oigs.hr\/novo\/molbe\/"]}]},{"@type":"ImageObject","inLanguage":"hr","@id":"https:\/\/oigs.hr\/novo\/molbe\/#primaryimage","url":"https:\/\/oigs.hr\/novo\/wp-content\/uploads\/2026\/01\/aWAqP4r-nGsAUBiB0x7Wm.jpg","contentUrl":"https:\/\/oigs.hr\/novo\/wp-content\/uploads\/2026\/01\/aWAqP4r-nGsAUBiB0x7Wm.jpg","width":1536,"height":1536},{"@type":"BreadcrumbList","@id":"https:\/\/oigs.hr\/novo\/molbe\/#breadcrumb","itemListElement":[{"@type":"ListItem","position":1,"name":"Po\u010detna stranica","item":"https:\/\/oigs.hr\/novo\/"},{"@type":"ListItem","position":2,"name":"Molbe i Potvrde"}]},{"@type":"WebSite","@id":"https:\/\/oigs.hr\/novo\/#website","url":"https:\/\/oigs.hr\/novo\/","name":"OIG\u0160","description":"Obrtni\u010dka i industrijska graditeljska \u0161kola","publisher":{"@id":"https:\/\/oigs.hr\/novo\/#organization"},"potentialAction":[{"@type":"SearchAction","target":{"@type":"EntryPoint","urlTemplate":"https:\/\/oigs.hr\/novo\/?s={search_term_string}"},"query-input":{"@type":"PropertyValueSpecification","valueRequired":true,"valueName":"search_term_string"}}],"inLanguage":"hr"},{"@type":"Organization","@id":"https:\/\/oigs.hr\/novo\/#organization","name":"OIG\u0160","url":"https:\/\/oigs.hr\/novo\/","logo":{"@type":"ImageObject","inLanguage":"hr","@id":"https:\/\/oigs.hr\/novo\/#\/schema\/logo\/image\/","url":"https:\/\/oigs.hr\/novo\/wp-content\/uploads\/2020\/06\/logo-1-e1592001907410.png","contentUrl":"https:\/\/oigs.hr\/novo\/wp-content\/uploads\/2020\/06\/logo-1-e1592001907410.png","width":195,"height":181,"caption":"OIG\u0160"},"image":{"@id":"https:\/\/oigs.hr\/novo\/#\/schema\/logo\/image\/"},"sameAs":["https:\/\/www.facebook.com\/oigs.srednjaskola\/"]}]}},"_links":{"self":[{"href":"https:\/\/oigs.hr\/novo\/wp-json\/wp\/v2\/pages\/9508","targetHints":{"allow":["GET"]}}],"collection":[{"href":"https:\/\/oigs.hr\/novo\/wp-json\/wp\/v2\/pages"}],"about":[{"href":"https:\/\/oigs.hr\/novo\/wp-json\/wp\/v2\/types\/page"}],"author":[{"embeddable":true,"href":"https:\/\/oigs.hr\/novo\/wp-json\/wp\/v2\/users\/3"}],"replies":[{"embeddable":true,"href":"https:\/\/oigs.hr\/novo\/wp-json\/wp\/v2\/comments?post=9508"}],"version-history":[{"count":8,"href":"https:\/\/oigs.hr\/novo\/wp-json\/wp\/v2\/pages\/9508\/revisions"}],"predecessor-version":[{"id":10679,"href":"https:\/\/oigs.hr\/novo\/wp-json\/wp\/v2\/pages\/9508\/revisions\/10679"}],"wp:attachment":[{"href":"https:\/\/oigs.hr\/novo\/wp-json\/wp\/v2\/media?parent=9508"}],"curies":[{"name":"wp","href":"https:\/\/api.w.org\/{rel}","templated":true}]}}