{"id":6734,"date":"2023-01-11T18:02:06","date_gmt":"2023-01-11T17:02:06","guid":{"rendered":"https:\/\/oigs.hr\/novo\/?page_id=6734"},"modified":"2025-12-19T13:41:33","modified_gmt":"2025-12-19T12:41:33","slug":"za-izvanucionicku-nastavu","status":"publish","type":"page","link":"https:\/\/oigs.hr\/novo\/za-izvanucionicku-nastavu\/","title":{"rendered":"ZA IZVANU\u010cIONI\u010cKU NASTAVU"},"content":{"rendered":"<hr \/>\n<h1>IZVANU\u010cIONI\u010cKA\u00a0 NASTAVA<\/h1>\n<h3><img loading=\"lazy\" decoding=\"async\" class=\"alignnone wp-image-10058\" src=\"https:\/\/oigs.hr\/novo\/wp-content\/uploads\/2025\/08\/NakYfbtRxtMRf4fl3i7a1-300x300.png\" alt=\"\" width=\"480\" height=\"480\" srcset=\"https:\/\/oigs.hr\/novo\/wp-content\/uploads\/2025\/08\/NakYfbtRxtMRf4fl3i7a1-300x300.png 300w, https:\/\/oigs.hr\/novo\/wp-content\/uploads\/2025\/08\/NakYfbtRxtMRf4fl3i7a1-150x150.png 150w, https:\/\/oigs.hr\/novo\/wp-content\/uploads\/2025\/08\/NakYfbtRxtMRf4fl3i7a1-768x768.png 768w, https:\/\/oigs.hr\/novo\/wp-content\/uploads\/2025\/08\/NakYfbtRxtMRf4fl3i7a1-70x70.png 70w, https:\/\/oigs.hr\/novo\/wp-content\/uploads\/2025\/08\/NakYfbtRxtMRf4fl3i7a1-246x246.png 246w, https:\/\/oigs.hr\/novo\/wp-content\/uploads\/2025\/08\/NakYfbtRxtMRf4fl3i7a1-276x276.png 276w, https:\/\/oigs.hr\/novo\/wp-content\/uploads\/2025\/08\/NakYfbtRxtMRf4fl3i7a1-125x125.png 125w, https:\/\/oigs.hr\/novo\/wp-content\/uploads\/2025\/08\/NakYfbtRxtMRf4fl3i7a1.png 1024w\" sizes=\"auto, (max-width: 480px) 100vw, 480px\" \/><\/h3>\n<h3><span style=\"color: #0000ff;\"><strong><a style=\"color: #0000ff;\" href=\"https:\/\/oigs.hr\/novo\/wp-content\/uploads\/2025\/12\/Obavijest-o-izboru-agencije.pdf\">Obavijest o izboru agencije<\/a><\/strong><\/span><\/h3>\n<h3><span style=\"color: #0000ff;\"><strong><a style=\"color: #0000ff;\" href=\"https:\/\/oigs.hr\/novo\/wp-content\/uploads\/2025\/12\/poziv-za-predstavljanje-agencija-18.12.2025.pdf\">Poziv za predstavljanje agencija, 18.12.2025.<\/a><\/strong><\/span><\/h3>\n<h3><strong><span style=\"color: #0000ff;\"><a style=\"color: #0000ff;\" href=\"https:\/\/oigs.hr\/novo\/wp-content\/uploads\/2025\/11\/Prag-Javni-poziv-za-maturalno-putovanje-OIGS.pdf\">Prag -Javni-poziv-za-maturalno-putovanje-OIG\u0160<\/a><\/span><\/strong><\/h3>\n<h3><span style=\"color: #0000ff;\"><strong><a style=\"color: #0000ff;\" href=\"https:\/\/oigs.hr\/novo\/wp-content\/uploads\/2025\/04\/5330-zapisnik-maturalno-putovanje-otvaranje-ponuda.pdf\">&#8211; Rezultati Javnog poziva za maturalno putovanje: Italija<\/a><\/strong><\/span><\/h3>\n<h3><span style=\"color: #0000ff;\"><a style=\"color: #0000ff;\" href=\"https:\/\/oigs.hr\/novo\/wp-content\/uploads\/2025\/04\/Javni-poziv-za-maturalno-putovanje-Italija.pdf\"><strong>&#8211; Javni poziv za maturalno putovanje: Italija<\/strong><\/a><\/span><\/h3>\n<h3><span style=\"color: #0000ff;\"><a style=\"color: #0000ff;\" href=\"https:\/\/oigs.hr\/novo\/wp-content\/uploads\/2024\/06\/Spanjolska.pdf\"><strong>&#8211; Javni poziv za organizaciju vi\u0161ednevne izvanu\u010dioni\u010dke nastave u \u0160panjolsku<\/strong><\/a><\/span><\/h3>\n<h3><span style=\"color: #0000ff;\"><a style=\"color: #0000ff;\" href=\"https:\/\/oigs.hr\/novo\/javni-poziv-dubrovnik\/\"><strong>&#8211; Rezultati Javnog poziva za maturalno putovanje: Dubrovnik &#8211; Crna Gora (ponovljeni poziv)<\/strong><\/a><\/span><\/h3>\n<h3><span style=\"color: #0000ff;\"><a style=\"color: #0000ff;\" href=\"https:\/\/oigs.hr\/novo\/wp-content\/uploads\/2024\/06\/Javni-poziv-za-maturalno-putovanje-Dubrovnik-Crna-Gora-ponovljeni-poziv.pdf\"><strong>&#8211; Javni poziv za maturalno putovanje: Dubrovnik &#8211; Crna Gora (ponovljeni poziv)<\/strong><\/a><\/span><\/h3>\n<h3><strong><span style=\"color: #0000ff;\"><a style=\"color: #0000ff;\" href=\"https:\/\/oigs.hr\/novo\/wp-content\/uploads\/2024\/03\/Javni-poziv-za-maturalno-putovanje-Dubrovnik-Crna-Gora.doc\">&#8211; Javni poziv za maturalno putovanje: Dubrovnik &#8211; Crna Gora<\/a><\/span><\/strong><\/h3>\n<h3><span style=\"color: #0000ff;\"><a style=\"color: #0000ff;\" href=\"https:\/\/oigs.hr\/novo\/wp-content\/uploads\/2024\/03\/Javni-poziv-za-izlet-1.g-Rizvan-City-i-Zadar1.doc\"><strong>&#8211; Javni poziv za Rizvan City &#8211; Zadar<\/strong><\/a><\/span><\/h3>\n","protected":false},"excerpt":{"rendered":"<p>IZVANU\u010cIONI\u010cKA\u00a0 NASTAVA Obavijest o izboru agencije Poziv za predstavljanje agencija, 18.12.2025. Prag -Javni-poziv-za-maturalno-putovanje-OIG\u0160 &#8211; Rezultati Javnog poziva za maturalno putovanje: &hellip; <\/p>\n","protected":false},"author":2,"featured_media":0,"parent":0,"menu_order":0,"comment_status":"closed","ping_status":"closed","template":"","meta":{"footnotes":""},"class_list":["post-6734","page","type-page","status-publish","hentry"],"yoast_head":"<!-- This site is optimized with the Yoast SEO plugin v27.5 - https:\/\/yoast.com\/product\/yoast-seo-wordpress\/ -->\n<title>ZA IZVANU\u010cIONI\u010cKU NASTAVU - OIG\u0160<\/title>\n<meta name=\"description\" content=\"IZVANU\u010cIONI\u010cKA\u00a0 NASTAVA Obavijest o izboru agencije Poziv za predstavljanje agencija, 18.12.2025. Prag -Javni-poziv-za-maturalno-putovanje-OIG\u0160 -\" \/>\n<meta name=\"robots\" content=\"index, follow, max-snippet:-1, max-image-preview:large, max-video-preview:-1\" \/>\n<link rel=\"canonical\" href=\"https:\/\/oigs.hr\/novo\/za-izvanucionicku-nastavu\/\" \/>\n<meta property=\"og:locale\" content=\"hr_HR\" \/>\n<meta property=\"og:type\" content=\"article\" \/>\n<meta property=\"og:title\" content=\"ZA IZVANU\u010cIONI\u010cKU NASTAVU - OIG\u0160\" \/>\n<meta property=\"og:description\" content=\"IZVANU\u010cIONI\u010cKA\u00a0 NASTAVA Obavijest o izboru agencije Poziv za predstavljanje agencija, 18.12.2025. Prag -Javni-poziv-za-maturalno-putovanje-OIG\u0160 -\" \/>\n<meta property=\"og:url\" content=\"https:\/\/oigs.hr\/novo\/za-izvanucionicku-nastavu\/\" \/>\n<meta property=\"og:site_name\" content=\"OIG\u0160\" \/>\n<meta property=\"article:publisher\" content=\"https:\/\/www.facebook.com\/oigs.srednjaskola\/\" \/>\n<meta property=\"article:modified_time\" content=\"2025-12-19T12:41:33+00:00\" \/>\n<meta property=\"og:image\" content=\"https:\/\/oigs.hr\/novo\/wp-content\/uploads\/2025\/08\/NakYfbtRxtMRf4fl3i7a1.png\" \/>\n\t<meta property=\"og:image:width\" content=\"1024\" \/>\n\t<meta property=\"og:image:height\" content=\"1024\" \/>\n\t<meta property=\"og:image:type\" content=\"image\/png\" \/>\n<meta name=\"twitter:card\" content=\"summary_large_image\" \/>\n<meta name=\"twitter:label1\" content=\"Procijenjeno vrijeme \u010ditanja\" \/>\n\t<meta name=\"twitter:data1\" content=\"1 minuta\" \/>\n<script type=\"application\/ld+json\" class=\"yoast-schema-graph\">{\"@context\":\"https:\\\/\\\/schema.org\",\"@graph\":[{\"@type\":\"WebPage\",\"@id\":\"https:\\\/\\\/oigs.hr\\\/novo\\\/za-izvanucionicku-nastavu\\\/\",\"url\":\"https:\\\/\\\/oigs.hr\\\/novo\\\/za-izvanucionicku-nastavu\\\/\",\"name\":\"ZA IZVANU\u010cIONI\u010cKU NASTAVU - OIG\u0160\",\"isPartOf\":{\"@id\":\"https:\\\/\\\/oigs.hr\\\/novo\\\/#website\"},\"primaryImageOfPage\":{\"@id\":\"https:\\\/\\\/oigs.hr\\\/novo\\\/za-izvanucionicku-nastavu\\\/#primaryimage\"},\"image\":{\"@id\":\"https:\\\/\\\/oigs.hr\\\/novo\\\/za-izvanucionicku-nastavu\\\/#primaryimage\"},\"thumbnailUrl\":\"https:\\\/\\\/oigs.hr\\\/novo\\\/wp-content\\\/uploads\\\/2025\\\/08\\\/NakYfbtRxtMRf4fl3i7a1-300x300.png\",\"datePublished\":\"2023-01-11T17:02:06+00:00\",\"dateModified\":\"2025-12-19T12:41:33+00:00\",\"description\":\"IZVANU\u010cIONI\u010cKA\u00a0 NASTAVA Obavijest o izboru agencije Poziv za predstavljanje agencija, 18.12.2025. Prag -Javni-poziv-za-maturalno-putovanje-OIG\u0160 -\",\"breadcrumb\":{\"@id\":\"https:\\\/\\\/oigs.hr\\\/novo\\\/za-izvanucionicku-nastavu\\\/#breadcrumb\"},\"inLanguage\":\"hr\",\"potentialAction\":[{\"@type\":\"ReadAction\",\"target\":[\"https:\\\/\\\/oigs.hr\\\/novo\\\/za-izvanucionicku-nastavu\\\/\"]}]},{\"@type\":\"ImageObject\",\"inLanguage\":\"hr\",\"@id\":\"https:\\\/\\\/oigs.hr\\\/novo\\\/za-izvanucionicku-nastavu\\\/#primaryimage\",\"url\":\"https:\\\/\\\/oigs.hr\\\/novo\\\/wp-content\\\/uploads\\\/2025\\\/08\\\/NakYfbtRxtMRf4fl3i7a1.png\",\"contentUrl\":\"https:\\\/\\\/oigs.hr\\\/novo\\\/wp-content\\\/uploads\\\/2025\\\/08\\\/NakYfbtRxtMRf4fl3i7a1.png\",\"width\":1024,\"height\":1024},{\"@type\":\"BreadcrumbList\",\"@id\":\"https:\\\/\\\/oigs.hr\\\/novo\\\/za-izvanucionicku-nastavu\\\/#breadcrumb\",\"itemListElement\":[{\"@type\":\"ListItem\",\"position\":1,\"name\":\"Po\u010detna stranica\",\"item\":\"https:\\\/\\\/oigs.hr\\\/novo\\\/\"},{\"@type\":\"ListItem\",\"position\":2,\"name\":\"ZA IZVANU\u010cIONI\u010cKU NASTAVU\"}]},{\"@type\":\"WebSite\",\"@id\":\"https:\\\/\\\/oigs.hr\\\/novo\\\/#website\",\"url\":\"https:\\\/\\\/oigs.hr\\\/novo\\\/\",\"name\":\"OIG\u0160\",\"description\":\"Obrtni\u010dka i industrijska graditeljska \u0161kola\",\"publisher\":{\"@id\":\"https:\\\/\\\/oigs.hr\\\/novo\\\/#organization\"},\"potentialAction\":[{\"@type\":\"SearchAction\",\"target\":{\"@type\":\"EntryPoint\",\"urlTemplate\":\"https:\\\/\\\/oigs.hr\\\/novo\\\/?s={search_term_string}\"},\"query-input\":{\"@type\":\"PropertyValueSpecification\",\"valueRequired\":true,\"valueName\":\"search_term_string\"}}],\"inLanguage\":\"hr\"},{\"@type\":\"Organization\",\"@id\":\"https:\\\/\\\/oigs.hr\\\/novo\\\/#organization\",\"name\":\"OIG\u0160\",\"url\":\"https:\\\/\\\/oigs.hr\\\/novo\\\/\",\"logo\":{\"@type\":\"ImageObject\",\"inLanguage\":\"hr\",\"@id\":\"https:\\\/\\\/oigs.hr\\\/novo\\\/#\\\/schema\\\/logo\\\/image\\\/\",\"url\":\"https:\\\/\\\/oigs.hr\\\/novo\\\/wp-content\\\/uploads\\\/2020\\\/06\\\/logo-1-e1592001907410.png\",\"contentUrl\":\"https:\\\/\\\/oigs.hr\\\/novo\\\/wp-content\\\/uploads\\\/2020\\\/06\\\/logo-1-e1592001907410.png\",\"width\":195,\"height\":181,\"caption\":\"OIG\u0160\"},\"image\":{\"@id\":\"https:\\\/\\\/oigs.hr\\\/novo\\\/#\\\/schema\\\/logo\\\/image\\\/\"},\"sameAs\":[\"https:\\\/\\\/www.facebook.com\\\/oigs.srednjaskola\\\/\"]}]}<\/script>\n<!-- \/ Yoast SEO plugin. -->","yoast_head_json":{"title":"ZA IZVANU\u010cIONI\u010cKU NASTAVU - OIG\u0160","description":"IZVANU\u010cIONI\u010cKA\u00a0 NASTAVA Obavijest o izboru agencije Poziv za predstavljanje agencija, 18.12.2025. Prag -Javni-poziv-za-maturalno-putovanje-OIG\u0160 -","robots":{"index":"index","follow":"follow","max-snippet":"max-snippet:-1","max-image-preview":"max-image-preview:large","max-video-preview":"max-video-preview:-1"},"canonical":"https:\/\/oigs.hr\/novo\/za-izvanucionicku-nastavu\/","og_locale":"hr_HR","og_type":"article","og_title":"ZA IZVANU\u010cIONI\u010cKU NASTAVU - OIG\u0160","og_description":"IZVANU\u010cIONI\u010cKA\u00a0 NASTAVA Obavijest o izboru agencije Poziv za predstavljanje agencija, 18.12.2025. Prag -Javni-poziv-za-maturalno-putovanje-OIG\u0160 -","og_url":"https:\/\/oigs.hr\/novo\/za-izvanucionicku-nastavu\/","og_site_name":"OIG\u0160","article_publisher":"https:\/\/www.facebook.com\/oigs.srednjaskola\/","article_modified_time":"2025-12-19T12:41:33+00:00","og_image":[{"width":1024,"height":1024,"url":"https:\/\/oigs.hr\/novo\/wp-content\/uploads\/2025\/08\/NakYfbtRxtMRf4fl3i7a1.png","type":"image\/png"}],"twitter_card":"summary_large_image","twitter_misc":{"Procijenjeno vrijeme \u010ditanja":"1 minuta"},"schema":{"@context":"https:\/\/schema.org","@graph":[{"@type":"WebPage","@id":"https:\/\/oigs.hr\/novo\/za-izvanucionicku-nastavu\/","url":"https:\/\/oigs.hr\/novo\/za-izvanucionicku-nastavu\/","name":"ZA IZVANU\u010cIONI\u010cKU NASTAVU - OIG\u0160","isPartOf":{"@id":"https:\/\/oigs.hr\/novo\/#website"},"primaryImageOfPage":{"@id":"https:\/\/oigs.hr\/novo\/za-izvanucionicku-nastavu\/#primaryimage"},"image":{"@id":"https:\/\/oigs.hr\/novo\/za-izvanucionicku-nastavu\/#primaryimage"},"thumbnailUrl":"https:\/\/oigs.hr\/novo\/wp-content\/uploads\/2025\/08\/NakYfbtRxtMRf4fl3i7a1-300x300.png","datePublished":"2023-01-11T17:02:06+00:00","dateModified":"2025-12-19T12:41:33+00:00","description":"IZVANU\u010cIONI\u010cKA\u00a0 NASTAVA Obavijest o izboru agencije Poziv za predstavljanje agencija, 18.12.2025. Prag -Javni-poziv-za-maturalno-putovanje-OIG\u0160 -","breadcrumb":{"@id":"https:\/\/oigs.hr\/novo\/za-izvanucionicku-nastavu\/#breadcrumb"},"inLanguage":"hr","potentialAction":[{"@type":"ReadAction","target":["https:\/\/oigs.hr\/novo\/za-izvanucionicku-nastavu\/"]}]},{"@type":"ImageObject","inLanguage":"hr","@id":"https:\/\/oigs.hr\/novo\/za-izvanucionicku-nastavu\/#primaryimage","url":"https:\/\/oigs.hr\/novo\/wp-content\/uploads\/2025\/08\/NakYfbtRxtMRf4fl3i7a1.png","contentUrl":"https:\/\/oigs.hr\/novo\/wp-content\/uploads\/2025\/08\/NakYfbtRxtMRf4fl3i7a1.png","width":1024,"height":1024},{"@type":"BreadcrumbList","@id":"https:\/\/oigs.hr\/novo\/za-izvanucionicku-nastavu\/#breadcrumb","itemListElement":[{"@type":"ListItem","position":1,"name":"Po\u010detna stranica","item":"https:\/\/oigs.hr\/novo\/"},{"@type":"ListItem","position":2,"name":"ZA IZVANU\u010cIONI\u010cKU NASTAVU"}]},{"@type":"WebSite","@id":"https:\/\/oigs.hr\/novo\/#website","url":"https:\/\/oigs.hr\/novo\/","name":"OIG\u0160","description":"Obrtni\u010dka i industrijska graditeljska \u0161kola","publisher":{"@id":"https:\/\/oigs.hr\/novo\/#organization"},"potentialAction":[{"@type":"SearchAction","target":{"@type":"EntryPoint","urlTemplate":"https:\/\/oigs.hr\/novo\/?s={search_term_string}"},"query-input":{"@type":"PropertyValueSpecification","valueRequired":true,"valueName":"search_term_string"}}],"inLanguage":"hr"},{"@type":"Organization","@id":"https:\/\/oigs.hr\/novo\/#organization","name":"OIG\u0160","url":"https:\/\/oigs.hr\/novo\/","logo":{"@type":"ImageObject","inLanguage":"hr","@id":"https:\/\/oigs.hr\/novo\/#\/schema\/logo\/image\/","url":"https:\/\/oigs.hr\/novo\/wp-content\/uploads\/2020\/06\/logo-1-e1592001907410.png","contentUrl":"https:\/\/oigs.hr\/novo\/wp-content\/uploads\/2020\/06\/logo-1-e1592001907410.png","width":195,"height":181,"caption":"OIG\u0160"},"image":{"@id":"https:\/\/oigs.hr\/novo\/#\/schema\/logo\/image\/"},"sameAs":["https:\/\/www.facebook.com\/oigs.srednjaskola\/"]}]}},"_links":{"self":[{"href":"https:\/\/oigs.hr\/novo\/wp-json\/wp\/v2\/pages\/6734","targetHints":{"allow":["GET"]}}],"collection":[{"href":"https:\/\/oigs.hr\/novo\/wp-json\/wp\/v2\/pages"}],"about":[{"href":"https:\/\/oigs.hr\/novo\/wp-json\/wp\/v2\/types\/page"}],"author":[{"embeddable":true,"href":"https:\/\/oigs.hr\/novo\/wp-json\/wp\/v2\/users\/2"}],"replies":[{"embeddable":true,"href":"https:\/\/oigs.hr\/novo\/wp-json\/wp\/v2\/comments?post=6734"}],"version-history":[{"count":29,"href":"https:\/\/oigs.hr\/novo\/wp-json\/wp\/v2\/pages\/6734\/revisions"}],"predecessor-version":[{"id":10610,"href":"https:\/\/oigs.hr\/novo\/wp-json\/wp\/v2\/pages\/6734\/revisions\/10610"}],"wp:attachment":[{"href":"https:\/\/oigs.hr\/novo\/wp-json\/wp\/v2\/media?parent=6734"}],"curies":[{"name":"wp","href":"https:\/\/api.w.org\/{rel}","templated":true}]}}