{"id":6483,"date":"2022-06-22T22:18:36","date_gmt":"2022-06-22T20:18:36","guid":{"rendered":"https:\/\/oigs.hr\/novo\/?page_id=6483"},"modified":"2023-01-06T19:33:02","modified_gmt":"2023-01-06T18:33:02","slug":"worldskills-2022","status":"publish","type":"page","link":"https:\/\/oigs.hr\/novo\/worldskills-2022\/","title":{"rendered":"WorldSkills 2022."},"content":{"rendered":"<h2><em><strong><a href=\"https:\/\/www.facebook.com\/watch\/?v=1436213546818669\"><span style=\"color: #0000ff;\">Autolakirer<\/span><\/a><\/strong><\/em><\/h2>\n<h2 style=\"text-align: right;\"><em><strong><a href=\"https:\/\/www.youtube.com\/watch?v=AYhFS8beJ5E\"><span style=\"color: #ff0000;\">Kerami\u010dar<\/span><\/a><\/strong><\/em><\/h2>\n<h2 style=\"text-align: center;\"><em><strong><a href=\"https:\/\/www.youtube.com\/watch?v=hYxSoN8dj1I\"><span style=\"color: #008000;\">Zidar<\/span><\/a><\/strong><\/em><\/h2>\n<h2><em><strong><a href=\"https:\/\/www.youtube.com\/watch?v=Rn_QPxCnuDo\"><span style=\"color: #ff6600;\">Monter suhe gradnje<\/span><\/a><\/strong><\/em><\/h2>\n<h2 style=\"text-align: right;\"><em><strong><a href=\"https:\/\/oigs.hr\/novo\/armirac\/\"><span style=\"color: #0000ff;\">Armira\u010d<\/span><\/a><\/strong><\/em><\/h2>\n<h2 style=\"text-align: center;\"><a href=\"https:\/\/oigs.hr\/novo\/dimnjacar\/\"><span style=\"color: #ff0000;\"><em><strong>Dimnja\u010dar<\/strong><\/em><\/span><\/a><\/h2>\n<h2><em><strong><a href=\"https:\/\/oigs.hr\/novo\/fasader\/\"><span style=\"color: #008000;\">Fasader<\/span><\/a><\/strong><\/em><\/h2>\n<h2 style=\"text-align: right;\"><a href=\"https:\/\/oigs.hr\/novo\/instalater-grijanja-i-klimatizacije\/\"><span style=\"color: #ff6600;\"><em><strong>Instalater grijanja i klimatizacije<\/strong><\/em><\/span><\/a><\/h2>\n<h2 style=\"text-align: left;\"><em><strong><a href=\"https:\/\/oigs.hr\/novo\/krovopokrivac\/\"><span style=\"color: #0000ff;\">Krovopokriva\u010d<\/span><\/a><\/strong><\/em><\/h2>\n<h2 style=\"text-align: right;\"><em><strong><a href=\"https:\/\/oigs.hr\/novo\/pismoslikar\/\"><span style=\"color: #ff00ff;\">Pismoslikar<\/span><\/a><\/strong><\/em><\/h2>\n<h2 style=\"text-align: left;\"><a href=\"https:\/\/oigs.hr\/novo\/podopolagac\/\"><span style=\"color: #008000;\"><em><strong>Podopolaga\u010d<\/strong><\/em><\/span><\/a><\/h2>\n<h2 style=\"text-align: right;\"><em><strong><a href=\"https:\/\/oigs.hr\/novo\/rukovatelj-samohodnim-gradevinskim-strojevima-2\/\"><span style=\"color: #800080;\">Rukovatelj gra\u0111evinskim strojevima<\/span><\/a><\/strong><\/em><\/h2>\n<h2><em><strong><a href=\"https:\/\/oigs.hr\/novo\/soboslikar-licilac\/\"><span style=\"color: #0000ff;\">Soboslikar-li\u010dilac<\/span><\/a><\/strong><\/em><\/h2>\n<h2 style=\"text-align: right;\"><em><strong><a href=\"https:\/\/oigs.hr\/novo\/staklar\/\"><span style=\"color: #008080;\">Staklar<\/span><\/a><\/strong><\/em><\/h2>\n<h2 style=\"text-align: center;\"><em><strong><a href=\"https:\/\/oigs.hr\/novo\/tesar-2\/\"><span style=\"color: #ff0000;\">Tesar<\/span><\/a><\/strong><\/em><\/h2>\n","protected":false},"excerpt":{"rendered":"<p>Autolakirer Kerami\u010dar Zidar Monter suhe gradnje Armira\u010d Dimnja\u010dar Fasader Instalater grijanja i klimatizacije Krovopokriva\u010d Pismoslikar Podopolaga\u010d Rukovatelj gra\u0111evinskim strojevima Soboslikar-li\u010dilac &hellip; <\/p>\n","protected":false},"author":2,"featured_media":0,"parent":0,"menu_order":0,"comment_status":"closed","ping_status":"closed","template":"","meta":{"footnotes":""},"class_list":["post-6483","page","type-page","status-publish","hentry"],"yoast_head":"<!-- This site is optimized with the Yoast SEO plugin v27.6 - https:\/\/yoast.com\/product\/yoast-seo-wordpress\/ -->\n<title>WorldSkills 2022. - OIG\u0160<\/title>\n<meta name=\"description\" content=\"Autolakirer Kerami\u010dar Zidar Monter suhe gradnje Armira\u010d Dimnja\u010dar Fasader Instalater grijanja i klimatizacije Krovopokriva\u010d Pismoslikar Podopolaga\u010d\" \/>\n<meta name=\"robots\" content=\"index, follow, max-snippet:-1, max-image-preview:large, max-video-preview:-1\" \/>\n<link rel=\"canonical\" href=\"https:\/\/oigs.hr\/novo\/worldskills-2022\/\" \/>\n<meta property=\"og:locale\" content=\"hr_HR\" \/>\n<meta property=\"og:type\" content=\"article\" \/>\n<meta property=\"og:title\" content=\"WorldSkills 2022. - OIG\u0160\" \/>\n<meta property=\"og:description\" content=\"Autolakirer Kerami\u010dar Zidar Monter suhe gradnje Armira\u010d Dimnja\u010dar Fasader Instalater grijanja i klimatizacije Krovopokriva\u010d Pismoslikar Podopolaga\u010d\" \/>\n<meta property=\"og:url\" content=\"https:\/\/oigs.hr\/novo\/worldskills-2022\/\" \/>\n<meta property=\"og:site_name\" content=\"OIG\u0160\" \/>\n<meta property=\"article:publisher\" content=\"https:\/\/www.facebook.com\/oigs.srednjaskola\/\" \/>\n<meta property=\"article:modified_time\" content=\"2023-01-06T18:33:02+00:00\" \/>\n<meta name=\"twitter:card\" content=\"summary_large_image\" \/>\n<meta name=\"twitter:label1\" content=\"Procijenjeno vrijeme \u010ditanja\" \/>\n\t<meta name=\"twitter:data1\" content=\"1 minuta\" \/>\n<script type=\"application\/ld+json\" class=\"yoast-schema-graph\">{\"@context\":\"https:\\\/\\\/schema.org\",\"@graph\":[{\"@type\":\"WebPage\",\"@id\":\"https:\\\/\\\/oigs.hr\\\/novo\\\/worldskills-2022\\\/\",\"url\":\"https:\\\/\\\/oigs.hr\\\/novo\\\/worldskills-2022\\\/\",\"name\":\"WorldSkills 2022. - OIG\u0160\",\"isPartOf\":{\"@id\":\"https:\\\/\\\/oigs.hr\\\/novo\\\/#website\"},\"datePublished\":\"2022-06-22T20:18:36+00:00\",\"dateModified\":\"2023-01-06T18:33:02+00:00\",\"description\":\"Autolakirer Kerami\u010dar Zidar Monter suhe gradnje Armira\u010d Dimnja\u010dar Fasader Instalater grijanja i klimatizacije Krovopokriva\u010d Pismoslikar Podopolaga\u010d\",\"breadcrumb\":{\"@id\":\"https:\\\/\\\/oigs.hr\\\/novo\\\/worldskills-2022\\\/#breadcrumb\"},\"inLanguage\":\"hr\",\"potentialAction\":[{\"@type\":\"ReadAction\",\"target\":[\"https:\\\/\\\/oigs.hr\\\/novo\\\/worldskills-2022\\\/\"]}]},{\"@type\":\"BreadcrumbList\",\"@id\":\"https:\\\/\\\/oigs.hr\\\/novo\\\/worldskills-2022\\\/#breadcrumb\",\"itemListElement\":[{\"@type\":\"ListItem\",\"position\":1,\"name\":\"Po\u010detna stranica\",\"item\":\"https:\\\/\\\/oigs.hr\\\/novo\\\/\"},{\"@type\":\"ListItem\",\"position\":2,\"name\":\"WorldSkills 2022.\"}]},{\"@type\":\"WebSite\",\"@id\":\"https:\\\/\\\/oigs.hr\\\/novo\\\/#website\",\"url\":\"https:\\\/\\\/oigs.hr\\\/novo\\\/\",\"name\":\"OIG\u0160\",\"description\":\"Obrtni\u010dka i industrijska graditeljska \u0161kola\",\"publisher\":{\"@id\":\"https:\\\/\\\/oigs.hr\\\/novo\\\/#organization\"},\"potentialAction\":[{\"@type\":\"SearchAction\",\"target\":{\"@type\":\"EntryPoint\",\"urlTemplate\":\"https:\\\/\\\/oigs.hr\\\/novo\\\/?s={search_term_string}\"},\"query-input\":{\"@type\":\"PropertyValueSpecification\",\"valueRequired\":true,\"valueName\":\"search_term_string\"}}],\"inLanguage\":\"hr\"},{\"@type\":\"Organization\",\"@id\":\"https:\\\/\\\/oigs.hr\\\/novo\\\/#organization\",\"name\":\"OIG\u0160\",\"url\":\"https:\\\/\\\/oigs.hr\\\/novo\\\/\",\"logo\":{\"@type\":\"ImageObject\",\"inLanguage\":\"hr\",\"@id\":\"https:\\\/\\\/oigs.hr\\\/novo\\\/#\\\/schema\\\/logo\\\/image\\\/\",\"url\":\"https:\\\/\\\/oigs.hr\\\/novo\\\/wp-content\\\/uploads\\\/2020\\\/06\\\/logo-1-e1592001907410.png\",\"contentUrl\":\"https:\\\/\\\/oigs.hr\\\/novo\\\/wp-content\\\/uploads\\\/2020\\\/06\\\/logo-1-e1592001907410.png\",\"width\":195,\"height\":181,\"caption\":\"OIG\u0160\"},\"image\":{\"@id\":\"https:\\\/\\\/oigs.hr\\\/novo\\\/#\\\/schema\\\/logo\\\/image\\\/\"},\"sameAs\":[\"https:\\\/\\\/www.facebook.com\\\/oigs.srednjaskola\\\/\"]}]}<\/script>\n<!-- \/ Yoast SEO plugin. -->","yoast_head_json":{"title":"WorldSkills 2022. - OIG\u0160","description":"Autolakirer Kerami\u010dar Zidar Monter suhe gradnje Armira\u010d Dimnja\u010dar Fasader Instalater grijanja i klimatizacije Krovopokriva\u010d Pismoslikar Podopolaga\u010d","robots":{"index":"index","follow":"follow","max-snippet":"max-snippet:-1","max-image-preview":"max-image-preview:large","max-video-preview":"max-video-preview:-1"},"canonical":"https:\/\/oigs.hr\/novo\/worldskills-2022\/","og_locale":"hr_HR","og_type":"article","og_title":"WorldSkills 2022. - OIG\u0160","og_description":"Autolakirer Kerami\u010dar Zidar Monter suhe gradnje Armira\u010d Dimnja\u010dar Fasader Instalater grijanja i klimatizacije Krovopokriva\u010d Pismoslikar Podopolaga\u010d","og_url":"https:\/\/oigs.hr\/novo\/worldskills-2022\/","og_site_name":"OIG\u0160","article_publisher":"https:\/\/www.facebook.com\/oigs.srednjaskola\/","article_modified_time":"2023-01-06T18:33:02+00:00","twitter_card":"summary_large_image","twitter_misc":{"Procijenjeno vrijeme \u010ditanja":"1 minuta"},"schema":{"@context":"https:\/\/schema.org","@graph":[{"@type":"WebPage","@id":"https:\/\/oigs.hr\/novo\/worldskills-2022\/","url":"https:\/\/oigs.hr\/novo\/worldskills-2022\/","name":"WorldSkills 2022. - OIG\u0160","isPartOf":{"@id":"https:\/\/oigs.hr\/novo\/#website"},"datePublished":"2022-06-22T20:18:36+00:00","dateModified":"2023-01-06T18:33:02+00:00","description":"Autolakirer Kerami\u010dar Zidar Monter suhe gradnje Armira\u010d Dimnja\u010dar Fasader Instalater grijanja i klimatizacije Krovopokriva\u010d Pismoslikar Podopolaga\u010d","breadcrumb":{"@id":"https:\/\/oigs.hr\/novo\/worldskills-2022\/#breadcrumb"},"inLanguage":"hr","potentialAction":[{"@type":"ReadAction","target":["https:\/\/oigs.hr\/novo\/worldskills-2022\/"]}]},{"@type":"BreadcrumbList","@id":"https:\/\/oigs.hr\/novo\/worldskills-2022\/#breadcrumb","itemListElement":[{"@type":"ListItem","position":1,"name":"Po\u010detna stranica","item":"https:\/\/oigs.hr\/novo\/"},{"@type":"ListItem","position":2,"name":"WorldSkills 2022."}]},{"@type":"WebSite","@id":"https:\/\/oigs.hr\/novo\/#website","url":"https:\/\/oigs.hr\/novo\/","name":"OIG\u0160","description":"Obrtni\u010dka i industrijska graditeljska \u0161kola","publisher":{"@id":"https:\/\/oigs.hr\/novo\/#organization"},"potentialAction":[{"@type":"SearchAction","target":{"@type":"EntryPoint","urlTemplate":"https:\/\/oigs.hr\/novo\/?s={search_term_string}"},"query-input":{"@type":"PropertyValueSpecification","valueRequired":true,"valueName":"search_term_string"}}],"inLanguage":"hr"},{"@type":"Organization","@id":"https:\/\/oigs.hr\/novo\/#organization","name":"OIG\u0160","url":"https:\/\/oigs.hr\/novo\/","logo":{"@type":"ImageObject","inLanguage":"hr","@id":"https:\/\/oigs.hr\/novo\/#\/schema\/logo\/image\/","url":"https:\/\/oigs.hr\/novo\/wp-content\/uploads\/2020\/06\/logo-1-e1592001907410.png","contentUrl":"https:\/\/oigs.hr\/novo\/wp-content\/uploads\/2020\/06\/logo-1-e1592001907410.png","width":195,"height":181,"caption":"OIG\u0160"},"image":{"@id":"https:\/\/oigs.hr\/novo\/#\/schema\/logo\/image\/"},"sameAs":["https:\/\/www.facebook.com\/oigs.srednjaskola\/"]}]}},"_links":{"self":[{"href":"https:\/\/oigs.hr\/novo\/wp-json\/wp\/v2\/pages\/6483","targetHints":{"allow":["GET"]}}],"collection":[{"href":"https:\/\/oigs.hr\/novo\/wp-json\/wp\/v2\/pages"}],"about":[{"href":"https:\/\/oigs.hr\/novo\/wp-json\/wp\/v2\/types\/page"}],"author":[{"embeddable":true,"href":"https:\/\/oigs.hr\/novo\/wp-json\/wp\/v2\/users\/2"}],"replies":[{"embeddable":true,"href":"https:\/\/oigs.hr\/novo\/wp-json\/wp\/v2\/comments?post=6483"}],"version-history":[{"count":9,"href":"https:\/\/oigs.hr\/novo\/wp-json\/wp\/v2\/pages\/6483\/revisions"}],"predecessor-version":[{"id":6485,"href":"https:\/\/oigs.hr\/novo\/wp-json\/wp\/v2\/pages\/6483\/revisions\/6485"}],"wp:attachment":[{"href":"https:\/\/oigs.hr\/novo\/wp-json\/wp\/v2\/media?parent=6483"}],"curies":[{"name":"wp","href":"https:\/\/api.w.org\/{rel}","templated":true}]}}