{"id":560,"date":"2019-01-14T09:12:19","date_gmt":"2019-01-14T08:12:19","guid":{"rendered":"https:\/\/www.oigs.hr\/novo\/?page_id=560"},"modified":"2021-04-19T13:01:44","modified_gmt":"2021-04-19T11:01:44","slug":"pismoslikar","status":"publish","type":"page","link":"https:\/\/oigs.hr\/novo\/pismoslikar\/","title":{"rendered":"Pismoslikar"},"content":{"rendered":"<p>&nbsp;<\/p>\n<p><iframe loading=\"lazy\" title=\"Pismoslikar\" width=\"750\" height=\"422\" src=\"https:\/\/www.youtube.com\/embed\/fgZZfykItjc?feature=oembed\" frameborder=\"0\" allow=\"accelerometer; autoplay; clipboard-write; encrypted-media; gyroscope; picture-in-picture\" allowfullscreen><\/iframe><\/p>\n<p><span class=\"content\">Pismoslikar izra\u0111uje natpise, zidne slike, ukrasne natpise, panoe, svjetle\u0107e reklame i reklame na svim vrstama podloga, kao \u0161to su \u017ebuka, drvo, metal, straklo i sl. Rad se obavlja ru\u010dno, tehnikom sitotiska ili ra\u010dunolom uz upotrebu scanera i plotera. Tako\u0111er izvodi elementarne restauratorske zahvate na zidnim slikama i natpisima. U na\u0161em \u0161kolskom filmu Ru\u0161imo predrasude -\u017eene u mu\u0161kim zanimanjima\u00a0od 11.11. pogledajte \u0161to i kako rade pismoslikari\u00a0 u na\u0161oj \u0161koli, a u na\u0161em \u0161kolskom filmu Budu\u0107nost je u mojim rukama od 10.22. pogledajte, izme\u0111u ostalog, \u0161to sve mogu jo\u0161 raditi pismoslikari u na\u0161im \u0161kolskim radionicama.\u00a0<\/span><\/p>\n<p><img loading=\"lazy\" decoding=\"async\" class=\"alignnone wp-image-1485\" src=\"https:\/\/oigs.hr\/novo\/wp-content\/uploads\/2020\/06\/11-200x300.jpg\" alt=\"\" width=\"164\" height=\"246\" srcset=\"https:\/\/oigs.hr\/novo\/wp-content\/uploads\/2020\/06\/11-200x300.jpg 200w, https:\/\/oigs.hr\/novo\/wp-content\/uploads\/2020\/06\/11-683x1024.jpg 683w, https:\/\/oigs.hr\/novo\/wp-content\/uploads\/2020\/06\/11-768x1152.jpg 768w, https:\/\/oigs.hr\/novo\/wp-content\/uploads\/2020\/06\/11-1024x1536.jpg 1024w, https:\/\/oigs.hr\/novo\/wp-content\/uploads\/2020\/06\/11-1365x2048.jpg 1365w, https:\/\/oigs.hr\/novo\/wp-content\/uploads\/2020\/06\/11-scaled.jpg 1707w\" sizes=\"auto, (max-width: 164px) 100vw, 164px\" \/> <img loading=\"lazy\" decoding=\"async\" class=\"alignnone wp-image-1480\" src=\"https:\/\/oigs.hr\/novo\/wp-content\/uploads\/2020\/06\/6-1-225x300.jpg\" alt=\"\" width=\"183\" height=\"244\" srcset=\"https:\/\/oigs.hr\/novo\/wp-content\/uploads\/2020\/06\/6-1-225x300.jpg 225w, https:\/\/oigs.hr\/novo\/wp-content\/uploads\/2020\/06\/6-1-768x1024.jpg 768w, https:\/\/oigs.hr\/novo\/wp-content\/uploads\/2020\/06\/6-1.jpg 1080w\" sizes=\"auto, (max-width: 183px) 100vw, 183px\" \/> <img loading=\"lazy\" decoding=\"async\" class=\"alignnone wp-image-1475\" src=\"https:\/\/oigs.hr\/novo\/wp-content\/uploads\/2020\/06\/1-1-300x200.jpg\" alt=\"\" width=\"258\" height=\"172\" srcset=\"https:\/\/oigs.hr\/novo\/wp-content\/uploads\/2020\/06\/1-1-300x200.jpg 300w, https:\/\/oigs.hr\/novo\/wp-content\/uploads\/2020\/06\/1-1-1024x683.jpg 1024w, https:\/\/oigs.hr\/novo\/wp-content\/uploads\/2020\/06\/1-1-768x512.jpg 768w, https:\/\/oigs.hr\/novo\/wp-content\/uploads\/2020\/06\/1-1-1536x1024.jpg 1536w, https:\/\/oigs.hr\/novo\/wp-content\/uploads\/2020\/06\/1-1-2048x1365.jpg 2048w\" sizes=\"auto, (max-width: 258px) 100vw, 258px\" \/> <img loading=\"lazy\" decoding=\"async\" class=\"alignnone wp-image-1474\" src=\"https:\/\/oigs.hr\/novo\/wp-content\/uploads\/2020\/06\/STUDENI-300x225.jpg\" alt=\"\" width=\"228\" height=\"171\" srcset=\"https:\/\/oigs.hr\/novo\/wp-content\/uploads\/2020\/06\/STUDENI-300x225.jpg 300w, https:\/\/oigs.hr\/novo\/wp-content\/uploads\/2020\/06\/STUDENI-1024x767.jpg 1024w, https:\/\/oigs.hr\/novo\/wp-content\/uploads\/2020\/06\/STUDENI-768x575.jpg 768w, https:\/\/oigs.hr\/novo\/wp-content\/uploads\/2020\/06\/STUDENI-1536x1151.jpg 1536w, https:\/\/oigs.hr\/novo\/wp-content\/uploads\/2020\/06\/STUDENI-2048x1534.jpg 2048w\" sizes=\"auto, (max-width: 228px) 100vw, 228px\" \/> <img loading=\"lazy\" decoding=\"async\" class=\"alignnone wp-image-1466\" src=\"https:\/\/oigs.hr\/novo\/wp-content\/uploads\/2020\/06\/IMG_0363-300x225.jpg\" alt=\"\" width=\"227\" height=\"170\" srcset=\"https:\/\/oigs.hr\/novo\/wp-content\/uploads\/2020\/06\/IMG_0363-300x225.jpg 300w, https:\/\/oigs.hr\/novo\/wp-content\/uploads\/2020\/06\/IMG_0363-1024x768.jpg 1024w, https:\/\/oigs.hr\/novo\/wp-content\/uploads\/2020\/06\/IMG_0363-768x576.jpg 768w, https:\/\/oigs.hr\/novo\/wp-content\/uploads\/2020\/06\/IMG_0363-1536x1152.jpg 1536w, https:\/\/oigs.hr\/novo\/wp-content\/uploads\/2020\/06\/IMG_0363-2048x1536.jpg 2048w\" sizes=\"auto, (max-width: 227px) 100vw, 227px\" \/><\/p>\n<p>&nbsp;<\/p>\n<p><iframe loading=\"lazy\" title=\"Ru\u0161imo predrasude -\u017eene u mu\u0161kim zanimanjima, OIG\u0160 &amp; Media talenti\" width=\"750\" height=\"422\" src=\"https:\/\/www.youtube.com\/embed\/qw60bJe2kF8?feature=oembed\" frameborder=\"0\" allow=\"accelerometer; autoplay; clipboard-write; encrypted-media; gyroscope; picture-in-picture\" allowfullscreen><\/iframe><\/p>\n<p><iframe loading=\"lazy\" title=\"Budu\u0107nost je u mojim rukama\" width=\"750\" height=\"422\" src=\"https:\/\/www.youtube.com\/embed\/gF3mghLKdHo?feature=oembed\" frameborder=\"0\" allow=\"accelerometer; autoplay; clipboard-write; encrypted-media; gyroscope; picture-in-picture\" allowfullscreen><\/iframe><\/p>\n","protected":false},"excerpt":{"rendered":"<p>&nbsp; Pismoslikar izra\u0111uje natpise, zidne slike, ukrasne natpise, panoe, svjetle\u0107e reklame i reklame na svim vrstama podloga, kao \u0161to su &hellip; <\/p>\n","protected":false},"author":1,"featured_media":0,"parent":0,"menu_order":0,"comment_status":"closed","ping_status":"closed","template":"","meta":{"footnotes":""},"class_list":["post-560","page","type-page","status-publish","hentry"],"yoast_head":"<!-- This site is optimized with the Yoast SEO plugin v27.5 - https:\/\/yoast.com\/product\/yoast-seo-wordpress\/ -->\n<title>Pismoslikar - OIG\u0160<\/title>\n<meta name=\"description\" content=\"&nbsp; https:\/\/www.youtube.com\/watch?v=fgZZfykItjc Pismoslikar izra\u0111uje natpise, zidne slike, ukrasne natpise, panoe, svjetle\u0107e reklame i reklame na svim\" \/>\n<meta name=\"robots\" content=\"index, follow, max-snippet:-1, max-image-preview:large, max-video-preview:-1\" \/>\n<link rel=\"canonical\" href=\"https:\/\/oigs.hr\/novo\/pismoslikar\/\" \/>\n<meta property=\"og:locale\" content=\"hr_HR\" \/>\n<meta property=\"og:type\" content=\"article\" \/>\n<meta property=\"og:title\" content=\"Pismoslikar - OIG\u0160\" \/>\n<meta property=\"og:description\" content=\"&nbsp; https:\/\/www.youtube.com\/watch?v=fgZZfykItjc Pismoslikar izra\u0111uje natpise, zidne slike, ukrasne natpise, panoe, svjetle\u0107e reklame i reklame na svim\" \/>\n<meta property=\"og:url\" content=\"https:\/\/oigs.hr\/novo\/pismoslikar\/\" \/>\n<meta property=\"og:site_name\" content=\"OIG\u0160\" \/>\n<meta property=\"article:publisher\" content=\"https:\/\/www.facebook.com\/oigs.srednjaskola\/\" \/>\n<meta property=\"article:modified_time\" content=\"2021-04-19T11:01:44+00:00\" \/>\n<meta property=\"og:image\" content=\"https:\/\/oigs.hr\/novo\/wp-content\/uploads\/2020\/06\/11-200x300.jpg\" \/>\n<meta name=\"twitter:card\" content=\"summary_large_image\" \/>\n<meta name=\"twitter:label1\" content=\"Procijenjeno vrijeme \u010ditanja\" \/>\n\t<meta name=\"twitter:data1\" content=\"2 minute\" \/>\n<script type=\"application\/ld+json\" class=\"yoast-schema-graph\">{\"@context\":\"https:\\\/\\\/schema.org\",\"@graph\":[{\"@type\":\"WebPage\",\"@id\":\"https:\\\/\\\/oigs.hr\\\/novo\\\/pismoslikar\\\/\",\"url\":\"https:\\\/\\\/oigs.hr\\\/novo\\\/pismoslikar\\\/\",\"name\":\"Pismoslikar - OIG\u0160\",\"isPartOf\":{\"@id\":\"https:\\\/\\\/oigs.hr\\\/novo\\\/#website\"},\"primaryImageOfPage\":{\"@id\":\"https:\\\/\\\/oigs.hr\\\/novo\\\/pismoslikar\\\/#primaryimage\"},\"image\":{\"@id\":\"https:\\\/\\\/oigs.hr\\\/novo\\\/pismoslikar\\\/#primaryimage\"},\"thumbnailUrl\":\"https:\\\/\\\/oigs.hr\\\/novo\\\/wp-content\\\/uploads\\\/2020\\\/06\\\/11-200x300.jpg\",\"datePublished\":\"2019-01-14T08:12:19+00:00\",\"dateModified\":\"2021-04-19T11:01:44+00:00\",\"description\":\"&nbsp; https:\\\/\\\/www.youtube.com\\\/watch?v=fgZZfykItjc Pismoslikar izra\u0111uje natpise, zidne slike, ukrasne natpise, panoe, svjetle\u0107e reklame i reklame na svim\",\"breadcrumb\":{\"@id\":\"https:\\\/\\\/oigs.hr\\\/novo\\\/pismoslikar\\\/#breadcrumb\"},\"inLanguage\":\"hr\",\"potentialAction\":[{\"@type\":\"ReadAction\",\"target\":[\"https:\\\/\\\/oigs.hr\\\/novo\\\/pismoslikar\\\/\"]}]},{\"@type\":\"ImageObject\",\"inLanguage\":\"hr\",\"@id\":\"https:\\\/\\\/oigs.hr\\\/novo\\\/pismoslikar\\\/#primaryimage\",\"url\":\"https:\\\/\\\/oigs.hr\\\/novo\\\/wp-content\\\/uploads\\\/2020\\\/06\\\/11-200x300.jpg\",\"contentUrl\":\"https:\\\/\\\/oigs.hr\\\/novo\\\/wp-content\\\/uploads\\\/2020\\\/06\\\/11-200x300.jpg\"},{\"@type\":\"BreadcrumbList\",\"@id\":\"https:\\\/\\\/oigs.hr\\\/novo\\\/pismoslikar\\\/#breadcrumb\",\"itemListElement\":[{\"@type\":\"ListItem\",\"position\":1,\"name\":\"Po\u010detna stranica\",\"item\":\"https:\\\/\\\/oigs.hr\\\/novo\\\/\"},{\"@type\":\"ListItem\",\"position\":2,\"name\":\"Pismoslikar\"}]},{\"@type\":\"WebSite\",\"@id\":\"https:\\\/\\\/oigs.hr\\\/novo\\\/#website\",\"url\":\"https:\\\/\\\/oigs.hr\\\/novo\\\/\",\"name\":\"OIG\u0160\",\"description\":\"Obrtni\u010dka i industrijska graditeljska \u0161kola\",\"publisher\":{\"@id\":\"https:\\\/\\\/oigs.hr\\\/novo\\\/#organization\"},\"potentialAction\":[{\"@type\":\"SearchAction\",\"target\":{\"@type\":\"EntryPoint\",\"urlTemplate\":\"https:\\\/\\\/oigs.hr\\\/novo\\\/?s={search_term_string}\"},\"query-input\":{\"@type\":\"PropertyValueSpecification\",\"valueRequired\":true,\"valueName\":\"search_term_string\"}}],\"inLanguage\":\"hr\"},{\"@type\":\"Organization\",\"@id\":\"https:\\\/\\\/oigs.hr\\\/novo\\\/#organization\",\"name\":\"OIG\u0160\",\"url\":\"https:\\\/\\\/oigs.hr\\\/novo\\\/\",\"logo\":{\"@type\":\"ImageObject\",\"inLanguage\":\"hr\",\"@id\":\"https:\\\/\\\/oigs.hr\\\/novo\\\/#\\\/schema\\\/logo\\\/image\\\/\",\"url\":\"https:\\\/\\\/oigs.hr\\\/novo\\\/wp-content\\\/uploads\\\/2020\\\/06\\\/logo-1-e1592001907410.png\",\"contentUrl\":\"https:\\\/\\\/oigs.hr\\\/novo\\\/wp-content\\\/uploads\\\/2020\\\/06\\\/logo-1-e1592001907410.png\",\"width\":195,\"height\":181,\"caption\":\"OIG\u0160\"},\"image\":{\"@id\":\"https:\\\/\\\/oigs.hr\\\/novo\\\/#\\\/schema\\\/logo\\\/image\\\/\"},\"sameAs\":[\"https:\\\/\\\/www.facebook.com\\\/oigs.srednjaskola\\\/\"]}]}<\/script>\n<!-- \/ Yoast SEO plugin. -->","yoast_head_json":{"title":"Pismoslikar - OIG\u0160","description":"&nbsp; https:\/\/www.youtube.com\/watch?v=fgZZfykItjc Pismoslikar izra\u0111uje natpise, zidne slike, ukrasne natpise, panoe, svjetle\u0107e reklame i reklame na svim","robots":{"index":"index","follow":"follow","max-snippet":"max-snippet:-1","max-image-preview":"max-image-preview:large","max-video-preview":"max-video-preview:-1"},"canonical":"https:\/\/oigs.hr\/novo\/pismoslikar\/","og_locale":"hr_HR","og_type":"article","og_title":"Pismoslikar - OIG\u0160","og_description":"&nbsp; https:\/\/www.youtube.com\/watch?v=fgZZfykItjc Pismoslikar izra\u0111uje natpise, zidne slike, ukrasne natpise, panoe, svjetle\u0107e reklame i reklame na svim","og_url":"https:\/\/oigs.hr\/novo\/pismoslikar\/","og_site_name":"OIG\u0160","article_publisher":"https:\/\/www.facebook.com\/oigs.srednjaskola\/","article_modified_time":"2021-04-19T11:01:44+00:00","og_image":[{"url":"https:\/\/oigs.hr\/novo\/wp-content\/uploads\/2020\/06\/11-200x300.jpg","type":"","width":"","height":""}],"twitter_card":"summary_large_image","twitter_misc":{"Procijenjeno vrijeme \u010ditanja":"2 minute"},"schema":{"@context":"https:\/\/schema.org","@graph":[{"@type":"WebPage","@id":"https:\/\/oigs.hr\/novo\/pismoslikar\/","url":"https:\/\/oigs.hr\/novo\/pismoslikar\/","name":"Pismoslikar - OIG\u0160","isPartOf":{"@id":"https:\/\/oigs.hr\/novo\/#website"},"primaryImageOfPage":{"@id":"https:\/\/oigs.hr\/novo\/pismoslikar\/#primaryimage"},"image":{"@id":"https:\/\/oigs.hr\/novo\/pismoslikar\/#primaryimage"},"thumbnailUrl":"https:\/\/oigs.hr\/novo\/wp-content\/uploads\/2020\/06\/11-200x300.jpg","datePublished":"2019-01-14T08:12:19+00:00","dateModified":"2021-04-19T11:01:44+00:00","description":"&nbsp; https:\/\/www.youtube.com\/watch?v=fgZZfykItjc Pismoslikar izra\u0111uje natpise, zidne slike, ukrasne natpise, panoe, svjetle\u0107e reklame i reklame na svim","breadcrumb":{"@id":"https:\/\/oigs.hr\/novo\/pismoslikar\/#breadcrumb"},"inLanguage":"hr","potentialAction":[{"@type":"ReadAction","target":["https:\/\/oigs.hr\/novo\/pismoslikar\/"]}]},{"@type":"ImageObject","inLanguage":"hr","@id":"https:\/\/oigs.hr\/novo\/pismoslikar\/#primaryimage","url":"https:\/\/oigs.hr\/novo\/wp-content\/uploads\/2020\/06\/11-200x300.jpg","contentUrl":"https:\/\/oigs.hr\/novo\/wp-content\/uploads\/2020\/06\/11-200x300.jpg"},{"@type":"BreadcrumbList","@id":"https:\/\/oigs.hr\/novo\/pismoslikar\/#breadcrumb","itemListElement":[{"@type":"ListItem","position":1,"name":"Po\u010detna stranica","item":"https:\/\/oigs.hr\/novo\/"},{"@type":"ListItem","position":2,"name":"Pismoslikar"}]},{"@type":"WebSite","@id":"https:\/\/oigs.hr\/novo\/#website","url":"https:\/\/oigs.hr\/novo\/","name":"OIG\u0160","description":"Obrtni\u010dka i industrijska graditeljska \u0161kola","publisher":{"@id":"https:\/\/oigs.hr\/novo\/#organization"},"potentialAction":[{"@type":"SearchAction","target":{"@type":"EntryPoint","urlTemplate":"https:\/\/oigs.hr\/novo\/?s={search_term_string}"},"query-input":{"@type":"PropertyValueSpecification","valueRequired":true,"valueName":"search_term_string"}}],"inLanguage":"hr"},{"@type":"Organization","@id":"https:\/\/oigs.hr\/novo\/#organization","name":"OIG\u0160","url":"https:\/\/oigs.hr\/novo\/","logo":{"@type":"ImageObject","inLanguage":"hr","@id":"https:\/\/oigs.hr\/novo\/#\/schema\/logo\/image\/","url":"https:\/\/oigs.hr\/novo\/wp-content\/uploads\/2020\/06\/logo-1-e1592001907410.png","contentUrl":"https:\/\/oigs.hr\/novo\/wp-content\/uploads\/2020\/06\/logo-1-e1592001907410.png","width":195,"height":181,"caption":"OIG\u0160"},"image":{"@id":"https:\/\/oigs.hr\/novo\/#\/schema\/logo\/image\/"},"sameAs":["https:\/\/www.facebook.com\/oigs.srednjaskola\/"]}]}},"_links":{"self":[{"href":"https:\/\/oigs.hr\/novo\/wp-json\/wp\/v2\/pages\/560","targetHints":{"allow":["GET"]}}],"collection":[{"href":"https:\/\/oigs.hr\/novo\/wp-json\/wp\/v2\/pages"}],"about":[{"href":"https:\/\/oigs.hr\/novo\/wp-json\/wp\/v2\/types\/page"}],"author":[{"embeddable":true,"href":"https:\/\/oigs.hr\/novo\/wp-json\/wp\/v2\/users\/1"}],"replies":[{"embeddable":true,"href":"https:\/\/oigs.hr\/novo\/wp-json\/wp\/v2\/comments?post=560"}],"version-history":[{"count":10,"href":"https:\/\/oigs.hr\/novo\/wp-json\/wp\/v2\/pages\/560\/revisions"}],"predecessor-version":[{"id":4301,"href":"https:\/\/oigs.hr\/novo\/wp-json\/wp\/v2\/pages\/560\/revisions\/4301"}],"wp:attachment":[{"href":"https:\/\/oigs.hr\/novo\/wp-json\/wp\/v2\/media?parent=560"}],"curies":[{"name":"wp","href":"https:\/\/api.w.org\/{rel}","templated":true}]}}