{"id":474,"date":"2019-01-11T14:36:58","date_gmt":"2019-01-11T13:36:58","guid":{"rendered":"https:\/\/www.oigs.hr\/novo\/?page_id=474"},"modified":"2021-03-16T07:05:55","modified_gmt":"2021-03-16T06:05:55","slug":"fasader","status":"publish","type":"page","link":"https:\/\/oigs.hr\/novo\/fasader\/","title":{"rendered":"Fasader"},"content":{"rendered":"<p><iframe loading=\"lazy\" title=\"Fasader, zanimanje\" width=\"750\" height=\"422\" src=\"https:\/\/www.youtube.com\/embed\/KE8VTrgj3_w?feature=oembed\" frameborder=\"0\" allow=\"accelerometer; autoplay; clipboard-write; encrypted-media; gyroscope; picture-in-picture\" allowfullscreen><\/iframe><\/p>\n<p><span class=\"content\">Fasader se bavi izradom i popravkom pro\u010delja. Fasaderi su gra\u0111evinski majstori koji obavljaju poslove postavljanja i obnavljanja fasada na razli\u010ditim gra\u0111evinskim objektima. Razli\u010ditim materijalima obla\u017eu vanjske zidove gra\u0111evina i na taj je na\u010din \u0161tite od razli\u010ditih vremenskih neprilika. Izrada fasada zapravo je oblaganje zidova jednim slojem ili slojevima materijala, naj\u010de\u0161\u0107e \u017ebuke. Tradicionalni postupak je da se najprije na zid nanese osnovni sloj obi\u010dne \u017ebuke, zatim tanki sloj fasadne \u017ebuke koji se prije no \u0161to se osu\u0161i izbrazda. Na tako pripremljenu osnovu fasaderi postavljaju zavr\u0161ni sloj plemenite \u017ebuke, mje\u0161avine finog pijeska, vapna, kamene pra\u0161ine. U novije vrijeme, klasi\u010dne \u017ebuke se zamjenjuju sinteti\u010dkim. Fasade se mogu izra\u0111ivati i na drugi na\u010din: zidovi se obla\u017eu drvetom kamenom (osobito mramorom), aluminijskim plo\u010dama ili plo\u010dicama od plasti\u010dnih materijala. <\/span>Za upis u srednjo\u0161kolski obrazovni program \u00ad\u00ad\u00ad\u00ad\u00ad\u00ad\u00ad\u00ad\u00adfasadera, potrebno je imati zavr\u0161enu osnovnu \u0161kolu i lije\u010dni\u010dku svjedod\u017ebu specijalista medicine rada o nepostojanju zdravstvenih kontraindikacija za obavljanje zanimanja. Za obavljanje poslova fasadera, potrebno je zavr\u0161iti srednje strukovno obrazovanje u trajanju od tri godine. Nakon zavr\u0161etka obrazovanja pola\u017ee se zavr\u0161ni ispit i stje\u010de se kvalifikacija za tr\u017ei\u0161te rada. Iako, se zanimanje ve\u017ee uz obrazovanje u\u010denika, u na\u0161oj \u0161koli za fasaderku je zavr\u0161ila prva djevojka u RH Vanna Ivanjko. <span class=\"content\">U na\u0161em \u0161kolskom filmu Ru\u0161imo predrasude -\u017eene u mu\u0161kim zanimanjima\u00a0<\/span><span class=\"content\">od 4.35. pogledajte, izme\u0111u ostalog, \u0161to rade fasaderi\/ fasaderka u na\u0161oj \u0161koli.\u00a0<\/span><\/p>\n<p>&nbsp;<\/p>\n<p><img loading=\"lazy\" decoding=\"async\" class=\"alignnone size-medium wp-image-1597\" src=\"https:\/\/oigs.hr\/novo\/wp-content\/uploads\/2020\/06\/IMG_1247-300x200.jpg\" alt=\"\" width=\"300\" height=\"200\" srcset=\"https:\/\/oigs.hr\/novo\/wp-content\/uploads\/2020\/06\/IMG_1247-300x200.jpg 300w, https:\/\/oigs.hr\/novo\/wp-content\/uploads\/2020\/06\/IMG_1247-1024x683.jpg 1024w, https:\/\/oigs.hr\/novo\/wp-content\/uploads\/2020\/06\/IMG_1247-768x512.jpg 768w, https:\/\/oigs.hr\/novo\/wp-content\/uploads\/2020\/06\/IMG_1247-1536x1024.jpg 1536w, https:\/\/oigs.hr\/novo\/wp-content\/uploads\/2020\/06\/IMG_1247-2048x1365.jpg 2048w\" sizes=\"auto, (max-width: 300px) 100vw, 300px\" \/><\/p>\n<p><iframe loading=\"lazy\" title=\"Dobro jutro, Hrvatska, gostovanje u\u017eivo - OIG\u0160, Media talenti\" width=\"750\" height=\"563\" src=\"https:\/\/www.youtube.com\/embed\/jXV5DN3U8Xo?feature=oembed\" frameborder=\"0\" allow=\"accelerometer; autoplay; clipboard-write; encrypted-media; gyroscope; picture-in-picture\" allowfullscreen><\/iframe><\/p>\n<p>&nbsp;<\/p>\n<p><iframe loading=\"lazy\" title=\"Ru\u0161imo predrasude -\u017eene u mu\u0161kim zanimanjima, OIG\u0160 &amp; Media talenti\" width=\"750\" height=\"422\" src=\"https:\/\/www.youtube.com\/embed\/qw60bJe2kF8?feature=oembed\" frameborder=\"0\" allow=\"accelerometer; autoplay; clipboard-write; encrypted-media; gyroscope; picture-in-picture\" allowfullscreen><\/iframe><\/p>\n<p><a href=\"https:\/\/www.24sata.hr\/news\/jedina-fasaderka-u-hrvatskoj-vanna-17-rusi-sve-predrasude-527178\">https:\/\/www.24sata.hr\/news\/jedina-fasaderka-u-hrvatskoj-vanna-17-rusi-sve-predrasude-527178<\/a><\/p>\n<p><a href=\"https:\/\/www.vecernji.hr\/zagreb\/postat-cu-fasaderka-i-vec-me-ceka-posao-1170030\">https:\/\/www.vecernji.hr\/zagreb\/postat-cu-fasaderka-i-vec-me-ceka-posao-1170030<\/a><\/p>\n<p><img loading=\"lazy\" decoding=\"async\" class=\"alignnone size-medium wp-image-1471\" src=\"https:\/\/oigs.hr\/novo\/wp-content\/uploads\/2020\/06\/1a7a497468b3a99e5e81-300x229.jpeg\" alt=\"\" width=\"300\" height=\"229\" \/><\/p>\n","protected":false},"excerpt":{"rendered":"<p>Fasader se bavi izradom i popravkom pro\u010delja. Fasaderi su gra\u0111evinski majstori koji obavljaju poslove postavljanja i obnavljanja fasada na razli\u010ditim &hellip; <\/p>\n","protected":false},"author":1,"featured_media":0,"parent":0,"menu_order":0,"comment_status":"closed","ping_status":"closed","template":"","meta":{"footnotes":""},"class_list":["post-474","page","type-page","status-publish","hentry"],"yoast_head":"<!-- This site is optimized with the Yoast SEO plugin v27.5 - https:\/\/yoast.com\/product\/yoast-seo-wordpress\/ -->\n<title>Fasader - OIG\u0160<\/title>\n<meta name=\"description\" content=\"https:\/\/www.youtube.com\/watch?v=KE8VTrgj3_w Fasader se bavi izradom i popravkom pro\u010delja. Fasaderi su gra\u0111evinski majstori koji obavljaju poslove\" \/>\n<meta name=\"robots\" content=\"index, follow, max-snippet:-1, max-image-preview:large, max-video-preview:-1\" \/>\n<link rel=\"canonical\" href=\"https:\/\/oigs.hr\/novo\/fasader\/\" \/>\n<meta property=\"og:locale\" content=\"hr_HR\" \/>\n<meta property=\"og:type\" content=\"article\" \/>\n<meta property=\"og:title\" content=\"Fasader - OIG\u0160\" \/>\n<meta property=\"og:description\" content=\"https:\/\/www.youtube.com\/watch?v=KE8VTrgj3_w Fasader se bavi izradom i popravkom pro\u010delja. Fasaderi su gra\u0111evinski majstori koji obavljaju poslove\" \/>\n<meta property=\"og:url\" content=\"https:\/\/oigs.hr\/novo\/fasader\/\" \/>\n<meta property=\"og:site_name\" content=\"OIG\u0160\" \/>\n<meta property=\"article:publisher\" content=\"https:\/\/www.facebook.com\/oigs.srednjaskola\/\" \/>\n<meta property=\"article:modified_time\" content=\"2021-03-16T06:05:55+00:00\" \/>\n<meta property=\"og:image\" content=\"https:\/\/oigs.hr\/novo\/wp-content\/uploads\/2020\/06\/IMG_1247-300x200.jpg\" \/>\n<meta name=\"twitter:card\" content=\"summary_large_image\" \/>\n<meta name=\"twitter:label1\" content=\"Procijenjeno vrijeme \u010ditanja\" \/>\n\t<meta name=\"twitter:data1\" content=\"2 minute\" \/>\n<script type=\"application\/ld+json\" class=\"yoast-schema-graph\">{\"@context\":\"https:\\\/\\\/schema.org\",\"@graph\":[{\"@type\":\"WebPage\",\"@id\":\"https:\\\/\\\/oigs.hr\\\/novo\\\/fasader\\\/\",\"url\":\"https:\\\/\\\/oigs.hr\\\/novo\\\/fasader\\\/\",\"name\":\"Fasader - OIG\u0160\",\"isPartOf\":{\"@id\":\"https:\\\/\\\/oigs.hr\\\/novo\\\/#website\"},\"primaryImageOfPage\":{\"@id\":\"https:\\\/\\\/oigs.hr\\\/novo\\\/fasader\\\/#primaryimage\"},\"image\":{\"@id\":\"https:\\\/\\\/oigs.hr\\\/novo\\\/fasader\\\/#primaryimage\"},\"thumbnailUrl\":\"https:\\\/\\\/oigs.hr\\\/novo\\\/wp-content\\\/uploads\\\/2020\\\/06\\\/IMG_1247-300x200.jpg\",\"datePublished\":\"2019-01-11T13:36:58+00:00\",\"dateModified\":\"2021-03-16T06:05:55+00:00\",\"description\":\"https:\\\/\\\/www.youtube.com\\\/watch?v=KE8VTrgj3_w Fasader se bavi izradom i popravkom pro\u010delja. Fasaderi su gra\u0111evinski majstori koji obavljaju poslove\",\"breadcrumb\":{\"@id\":\"https:\\\/\\\/oigs.hr\\\/novo\\\/fasader\\\/#breadcrumb\"},\"inLanguage\":\"hr\",\"potentialAction\":[{\"@type\":\"ReadAction\",\"target\":[\"https:\\\/\\\/oigs.hr\\\/novo\\\/fasader\\\/\"]}]},{\"@type\":\"ImageObject\",\"inLanguage\":\"hr\",\"@id\":\"https:\\\/\\\/oigs.hr\\\/novo\\\/fasader\\\/#primaryimage\",\"url\":\"https:\\\/\\\/oigs.hr\\\/novo\\\/wp-content\\\/uploads\\\/2020\\\/06\\\/IMG_1247-300x200.jpg\",\"contentUrl\":\"https:\\\/\\\/oigs.hr\\\/novo\\\/wp-content\\\/uploads\\\/2020\\\/06\\\/IMG_1247-300x200.jpg\"},{\"@type\":\"BreadcrumbList\",\"@id\":\"https:\\\/\\\/oigs.hr\\\/novo\\\/fasader\\\/#breadcrumb\",\"itemListElement\":[{\"@type\":\"ListItem\",\"position\":1,\"name\":\"Po\u010detna stranica\",\"item\":\"https:\\\/\\\/oigs.hr\\\/novo\\\/\"},{\"@type\":\"ListItem\",\"position\":2,\"name\":\"Fasader\"}]},{\"@type\":\"WebSite\",\"@id\":\"https:\\\/\\\/oigs.hr\\\/novo\\\/#website\",\"url\":\"https:\\\/\\\/oigs.hr\\\/novo\\\/\",\"name\":\"OIG\u0160\",\"description\":\"Obrtni\u010dka i industrijska graditeljska \u0161kola\",\"publisher\":{\"@id\":\"https:\\\/\\\/oigs.hr\\\/novo\\\/#organization\"},\"potentialAction\":[{\"@type\":\"SearchAction\",\"target\":{\"@type\":\"EntryPoint\",\"urlTemplate\":\"https:\\\/\\\/oigs.hr\\\/novo\\\/?s={search_term_string}\"},\"query-input\":{\"@type\":\"PropertyValueSpecification\",\"valueRequired\":true,\"valueName\":\"search_term_string\"}}],\"inLanguage\":\"hr\"},{\"@type\":\"Organization\",\"@id\":\"https:\\\/\\\/oigs.hr\\\/novo\\\/#organization\",\"name\":\"OIG\u0160\",\"url\":\"https:\\\/\\\/oigs.hr\\\/novo\\\/\",\"logo\":{\"@type\":\"ImageObject\",\"inLanguage\":\"hr\",\"@id\":\"https:\\\/\\\/oigs.hr\\\/novo\\\/#\\\/schema\\\/logo\\\/image\\\/\",\"url\":\"https:\\\/\\\/oigs.hr\\\/novo\\\/wp-content\\\/uploads\\\/2020\\\/06\\\/logo-1-e1592001907410.png\",\"contentUrl\":\"https:\\\/\\\/oigs.hr\\\/novo\\\/wp-content\\\/uploads\\\/2020\\\/06\\\/logo-1-e1592001907410.png\",\"width\":195,\"height\":181,\"caption\":\"OIG\u0160\"},\"image\":{\"@id\":\"https:\\\/\\\/oigs.hr\\\/novo\\\/#\\\/schema\\\/logo\\\/image\\\/\"},\"sameAs\":[\"https:\\\/\\\/www.facebook.com\\\/oigs.srednjaskola\\\/\"]}]}<\/script>\n<!-- \/ Yoast SEO plugin. -->","yoast_head_json":{"title":"Fasader - OIG\u0160","description":"https:\/\/www.youtube.com\/watch?v=KE8VTrgj3_w Fasader se bavi izradom i popravkom pro\u010delja. Fasaderi su gra\u0111evinski majstori koji obavljaju poslove","robots":{"index":"index","follow":"follow","max-snippet":"max-snippet:-1","max-image-preview":"max-image-preview:large","max-video-preview":"max-video-preview:-1"},"canonical":"https:\/\/oigs.hr\/novo\/fasader\/","og_locale":"hr_HR","og_type":"article","og_title":"Fasader - OIG\u0160","og_description":"https:\/\/www.youtube.com\/watch?v=KE8VTrgj3_w Fasader se bavi izradom i popravkom pro\u010delja. Fasaderi su gra\u0111evinski majstori koji obavljaju poslove","og_url":"https:\/\/oigs.hr\/novo\/fasader\/","og_site_name":"OIG\u0160","article_publisher":"https:\/\/www.facebook.com\/oigs.srednjaskola\/","article_modified_time":"2021-03-16T06:05:55+00:00","og_image":[{"url":"https:\/\/oigs.hr\/novo\/wp-content\/uploads\/2020\/06\/IMG_1247-300x200.jpg","type":"","width":"","height":""}],"twitter_card":"summary_large_image","twitter_misc":{"Procijenjeno vrijeme \u010ditanja":"2 minute"},"schema":{"@context":"https:\/\/schema.org","@graph":[{"@type":"WebPage","@id":"https:\/\/oigs.hr\/novo\/fasader\/","url":"https:\/\/oigs.hr\/novo\/fasader\/","name":"Fasader - OIG\u0160","isPartOf":{"@id":"https:\/\/oigs.hr\/novo\/#website"},"primaryImageOfPage":{"@id":"https:\/\/oigs.hr\/novo\/fasader\/#primaryimage"},"image":{"@id":"https:\/\/oigs.hr\/novo\/fasader\/#primaryimage"},"thumbnailUrl":"https:\/\/oigs.hr\/novo\/wp-content\/uploads\/2020\/06\/IMG_1247-300x200.jpg","datePublished":"2019-01-11T13:36:58+00:00","dateModified":"2021-03-16T06:05:55+00:00","description":"https:\/\/www.youtube.com\/watch?v=KE8VTrgj3_w Fasader se bavi izradom i popravkom pro\u010delja. Fasaderi su gra\u0111evinski majstori koji obavljaju poslove","breadcrumb":{"@id":"https:\/\/oigs.hr\/novo\/fasader\/#breadcrumb"},"inLanguage":"hr","potentialAction":[{"@type":"ReadAction","target":["https:\/\/oigs.hr\/novo\/fasader\/"]}]},{"@type":"ImageObject","inLanguage":"hr","@id":"https:\/\/oigs.hr\/novo\/fasader\/#primaryimage","url":"https:\/\/oigs.hr\/novo\/wp-content\/uploads\/2020\/06\/IMG_1247-300x200.jpg","contentUrl":"https:\/\/oigs.hr\/novo\/wp-content\/uploads\/2020\/06\/IMG_1247-300x200.jpg"},{"@type":"BreadcrumbList","@id":"https:\/\/oigs.hr\/novo\/fasader\/#breadcrumb","itemListElement":[{"@type":"ListItem","position":1,"name":"Po\u010detna stranica","item":"https:\/\/oigs.hr\/novo\/"},{"@type":"ListItem","position":2,"name":"Fasader"}]},{"@type":"WebSite","@id":"https:\/\/oigs.hr\/novo\/#website","url":"https:\/\/oigs.hr\/novo\/","name":"OIG\u0160","description":"Obrtni\u010dka i industrijska graditeljska \u0161kola","publisher":{"@id":"https:\/\/oigs.hr\/novo\/#organization"},"potentialAction":[{"@type":"SearchAction","target":{"@type":"EntryPoint","urlTemplate":"https:\/\/oigs.hr\/novo\/?s={search_term_string}"},"query-input":{"@type":"PropertyValueSpecification","valueRequired":true,"valueName":"search_term_string"}}],"inLanguage":"hr"},{"@type":"Organization","@id":"https:\/\/oigs.hr\/novo\/#organization","name":"OIG\u0160","url":"https:\/\/oigs.hr\/novo\/","logo":{"@type":"ImageObject","inLanguage":"hr","@id":"https:\/\/oigs.hr\/novo\/#\/schema\/logo\/image\/","url":"https:\/\/oigs.hr\/novo\/wp-content\/uploads\/2020\/06\/logo-1-e1592001907410.png","contentUrl":"https:\/\/oigs.hr\/novo\/wp-content\/uploads\/2020\/06\/logo-1-e1592001907410.png","width":195,"height":181,"caption":"OIG\u0160"},"image":{"@id":"https:\/\/oigs.hr\/novo\/#\/schema\/logo\/image\/"},"sameAs":["https:\/\/www.facebook.com\/oigs.srednjaskola\/"]}]}},"_links":{"self":[{"href":"https:\/\/oigs.hr\/novo\/wp-json\/wp\/v2\/pages\/474","targetHints":{"allow":["GET"]}}],"collection":[{"href":"https:\/\/oigs.hr\/novo\/wp-json\/wp\/v2\/pages"}],"about":[{"href":"https:\/\/oigs.hr\/novo\/wp-json\/wp\/v2\/types\/page"}],"author":[{"embeddable":true,"href":"https:\/\/oigs.hr\/novo\/wp-json\/wp\/v2\/users\/1"}],"replies":[{"embeddable":true,"href":"https:\/\/oigs.hr\/novo\/wp-json\/wp\/v2\/comments?post=474"}],"version-history":[{"count":9,"href":"https:\/\/oigs.hr\/novo\/wp-json\/wp\/v2\/pages\/474\/revisions"}],"predecessor-version":[{"id":4197,"href":"https:\/\/oigs.hr\/novo\/wp-json\/wp\/v2\/pages\/474\/revisions\/4197"}],"wp:attachment":[{"href":"https:\/\/oigs.hr\/novo\/wp-json\/wp\/v2\/media?parent=474"}],"curies":[{"name":"wp","href":"https:\/\/api.w.org\/{rel}","templated":true}]}}