{"id":1922,"date":"2020-07-01T22:25:34","date_gmt":"2020-07-01T20:25:34","guid":{"rendered":"https:\/\/www.oigs.hr\/novo\/?page_id=1922"},"modified":"2026-02-27T12:45:52","modified_gmt":"2026-02-27T11:45:52","slug":"financijsko-poslovanje","status":"publish","type":"page","link":"https:\/\/oigs.hr\/novo\/financijsko-poslovanje\/","title":{"rendered":"Financijsko poslovanje"},"content":{"rendered":"<h1>Financijsko poslovanje<\/h1>\n<p><img loading=\"lazy\" decoding=\"async\" class=\"alignnone wp-image-10042\" src=\"https:\/\/oigs.hr\/novo\/wp-content\/uploads\/2025\/08\/tFGCOFacR6wTd94yojA-1-300x300.png\" alt=\"\" width=\"383\" height=\"383\" srcset=\"https:\/\/oigs.hr\/novo\/wp-content\/uploads\/2025\/08\/tFGCOFacR6wTd94yojA-1-300x300.png 300w, https:\/\/oigs.hr\/novo\/wp-content\/uploads\/2025\/08\/tFGCOFacR6wTd94yojA-1-150x150.png 150w, https:\/\/oigs.hr\/novo\/wp-content\/uploads\/2025\/08\/tFGCOFacR6wTd94yojA-1-768x768.png 768w, https:\/\/oigs.hr\/novo\/wp-content\/uploads\/2025\/08\/tFGCOFacR6wTd94yojA-1-70x70.png 70w, https:\/\/oigs.hr\/novo\/wp-content\/uploads\/2025\/08\/tFGCOFacR6wTd94yojA-1-246x246.png 246w, https:\/\/oigs.hr\/novo\/wp-content\/uploads\/2025\/08\/tFGCOFacR6wTd94yojA-1-276x276.png 276w, https:\/\/oigs.hr\/novo\/wp-content\/uploads\/2025\/08\/tFGCOFacR6wTd94yojA-1-125x125.png 125w, https:\/\/oigs.hr\/novo\/wp-content\/uploads\/2025\/08\/tFGCOFacR6wTd94yojA-1.png 1024w\" sizes=\"auto, (max-width: 383px) 100vw, 383px\" \/><\/p>\n<p>Datum 10.11.2025. Financijski plan 2026.<\/p>\n<p><span style=\"color: #0000ff;\"><a style=\"color: #0000ff;\" href=\"https:\/\/oigs.hr\/novo\/wp-content\/uploads\/2026\/02\/Financijski-plan-za-2026.-godinu-i-projekcije-plana-2027.-i-2028.-godinu.xls\">Financijski plan za 2026. godinu i projekcije plana 2027. i 2028. godinu<\/a><\/span><\/p>\n<p>Datum 12.2.2026. Financijski izvje\u0161taj 2025.<\/p>\n<p><span style=\"color: #0000ff;\"><a style=\"color: #0000ff;\" href=\"https:\/\/oigs.hr\/novo\/wp-content\/uploads\/2026\/02\/Financijski-izvjestaj-2025.xlsx\">Financijski izvje\u0161taj 2025.<\/a><\/span><\/p>\n<p>Datum 12.2.2026.\u00a0 Bilje\u0161ke uz financijski izvje\u0161taj 2025.<\/p>\n<p><span style=\"color: #0000ff;\"><a style=\"color: #0000ff;\" href=\"https:\/\/oigs.hr\/novo\/wp-content\/uploads\/2026\/02\/Biljeske-uz-financijske-izvjestaje-razine-31-za-I-XII-2025.pdf\">Bilje\u0161ke uz financijske izvje\u0161taje razine 31 za I &#8211; XII 2025<\/a><\/span><\/p>\n<p>Datum 12.2.2026.\u00a0 Eu izvje\u0161taj<\/p>\n<p><span style=\"color: #0000ff;\"><a style=\"color: #0000ff;\" href=\"https:\/\/oigs.hr\/novo\/wp-content\/uploads\/2026\/02\/EU_izvjestaj.xlsx\">EU_izvjestaj<\/a><\/span><\/p>\n<p>Datum 19.2.2026. Izvje\u0161taj o izvr\u0161enju financijskog plana za 2025.<\/p>\n<p><span style=\"color: #0000ff;\"><a style=\"color: #0000ff;\" href=\"https:\/\/oigs.hr\/novo\/wp-content\/uploads\/2026\/02\/Izvjestaj-o-izvrsenju-financijskog-plana.xls\">Izvje\u0161taj o izvr\u0161enju financijskog plana<\/a><\/span><\/p>\n<p><span style=\"color: #333333;\">Dodano 15.7.2025.<\/span><\/p>\n<p><span style=\"color: #0000ff;\"><a style=\"color: #0000ff;\" href=\"https:\/\/oigs.hr\/novo\/wp-content\/uploads\/2025\/08\/Izvjesce-o-polugodisnjem-izvrsenju-plana.pdf\">Izvje\u0161\u0107e o polugodi\u0161njem izvr\u0161enju plana<\/a><\/span><\/p>\n<p>Dodano 13.2.2025.<\/p>\n<p><span style=\"color: #0000ff;\"><a style=\"color: #0000ff;\" href=\"https:\/\/oigs.hr\/novo\/wp-content\/uploads\/2025\/08\/Izvjesce-o-izvrsenju-godisnjeg-plana.pdf\">Izvje\u0161\u0107e o izvr\u0161enju godi\u0161njeg plana<\/a><\/span><\/p>\n<p>Dodano 4.2.2025.<\/p>\n<p><span style=\"color: #0000ff;\"><a style=\"color: #0000ff;\" href=\"https:\/\/oigs.hr\/novo\/wp-content\/uploads\/2025\/02\/Financijski-izvjestaj-2024.xlsx\">Financijski izvje\u0161taj 2024.<\/a><\/span><\/p>\n<p><span style=\"color: #0000ff;\"><a style=\"color: #0000ff;\" href=\"https:\/\/oigs.hr\/novo\/wp-content\/uploads\/2025\/02\/Biljeske-uz-financijsko-izvjesce.pdf\">Bilje\u0161ke uz financijsko izvje\u0161\u0107e 2024.<\/a><\/span><\/p>\n<p>Dodano 22.11.2024.<\/p>\n<p><span style=\"color: #0000ff;\"><a style=\"color: #0000ff;\" href=\"https:\/\/oigs.hr\/novo\/wp-content\/uploads\/2024\/12\/Financijski-pla-2025.xls\">Financijski plan 2024.<\/a><\/span><\/p>\n<p>Dodano 15.7.2024.<\/p>\n<p><span style=\"color: #0000ff;\"><a style=\"color: #0000ff;\" href=\"https:\/\/oigs.hr\/novo\/wp-content\/uploads\/2024\/12\/Izvjestaj-o-polugodisnjem-izvrsenju-plana-.pdf\">Izvje\u0161taj o polugodi\u0161njem izvr\u0161enju plana<\/a><\/span><\/p>\n<p>Dodano 5.2.2024.<\/p>\n<p><span style=\"color: #0000ff;\"><a style=\"color: #0000ff;\" href=\"https:\/\/oigs.hr\/novo\/wp-content\/uploads\/2024\/02\/Proracun-2023.xlsx\">Prora\u010dun 2023.<\/a><\/span><\/p>\n<p><span style=\"color: #0000ff;\"><a style=\"color: #0000ff;\" href=\"https:\/\/oigs.hr\/novo\/wp-content\/uploads\/2024\/02\/Biljeske-uz-financijski-izvjestaj-2023.pdf\">Bilje\u0161ke uz financijsko izvje\u0161\u0107e 2023.<\/a><\/span><\/p>\n<p>Dodano 6.12.2023.<\/p>\n<p><span style=\"color: #0000ff;\"><a style=\"color: #0000ff;\" href=\"https:\/\/oigs.hr\/novo\/wp-content\/uploads\/2023\/12\/Financijski-plan-2024.pdf\">Financijski plan 2024.<\/a><\/span><\/p>\n<p>Dodano 14.07.2023.<\/p>\n<p><span style=\"color: #0000ff;\"><a style=\"color: #0000ff;\" href=\"https:\/\/oigs.hr\/novo\/wp-content\/uploads\/2023\/09\/Izvjestaj-o-polugodisnjem-izvrsenju-plana-.pdf\">Izvje\u0161taj o polugodi\u0161njem izvr\u0161enju plana<\/a><\/span><\/p>\n<p>Dodano 27.06.2023.<\/p>\n<p><span style=\"color: #0000ff;\"><a style=\"color: #0000ff;\" href=\"https:\/\/oigs.hr\/novo\/wp-content\/uploads\/2023\/09\/Rebalans-plana-proracuna-.pdf\">Rebalans plana<\/a><\/span><\/p>\n<p>Dodano 08.02.2023.<\/p>\n<p><span style=\"color: #0000ff;\"><a style=\"color: #0000ff;\" href=\"https:\/\/oigs.hr\/novo\/wp-content\/uploads\/2023\/02\/Proracun-2022.xlsx\">Prora\u010dun 2022.<\/a><\/span><\/p>\n<p><span style=\"color: #0000ff;\"><a style=\"color: #0000ff;\" href=\"https:\/\/oigs.hr\/novo\/wp-content\/uploads\/2023\/02\/Biljeske-uz-financijsko-izvjesce-2022..pdf\">Bilje\u0161ke uz financijsko izvje\u0161\u0107e 2022.<\/a><\/span><\/p>\n<p>Dodano 01.12.2022.<\/p>\n<p><span style=\"color: #0000ff;\"><a style=\"color: #0000ff;\" href=\"https:\/\/oigs.hr\/novo\/wp-content\/uploads\/2023\/09\/Financijski-plan-za-2023.pdf\">Financijski plan 2023.<\/a><\/span><\/p>\n<p>Dodano 04.02.2022.<\/p>\n<p><span style=\"color: #0000ff;\"><a style=\"color: #0000ff;\" href=\"https:\/\/oigs.hr\/novo\/wp-content\/uploads\/2022\/02\/Proracun-2021..xls\">Prora\u010dun 2021.<\/a><\/span><\/p>\n<p><span style=\"color: #0000ff;\"><a style=\"color: #0000ff;\" href=\"https:\/\/oigs.hr\/novo\/wp-content\/uploads\/2022\/02\/Biljeske-uz-financijsko-izvjesce-2021.pdf\">Bilje\u0161ke uz financijsko izvje\u0161\u0107e 2021.<\/a><\/span><\/p>\n<p>Dodano 19.03.2021.<\/p>\n<p><a href=\"https:\/\/oigs.hr\/novo\/wp-content\/uploads\/2021\/03\/Plan-nabave-2021..xls-za-objavu.xls\"><span style=\"color: #0000ff;\">Plan nabave 2021.<\/span><\/a><\/p>\n<p>Dodano 05.02.2021.<\/p>\n<p><a href=\"https:\/\/oigs.hr\/novo\/wp-content\/uploads\/2021\/02\/Prorac-2020..xls\"><span style=\"color: #0000ff;\">Prora\u010dun 2020.<\/span><\/a><\/p>\n<p><a href=\"https:\/\/oigs.hr\/novo\/wp-content\/uploads\/2021\/02\/Potpisana-referentna-stranica.pdf\"><span style=\"color: #0000ff;\">Potpisane referentne stranice<\/span><\/a><\/p>\n<p><a href=\"https:\/\/oigs.hr\/novo\/wp-content\/uploads\/2021\/02\/Biljeske-scaled.jpg\"><span style=\"color: #0000ff;\">Bilje\u0161ke uz financijsko izvje\u0161\u0107e 2020.<\/span><\/a><\/p>\n<p>Dodano 08.12.2020.<\/p>\n<p><a href=\"https:\/\/oigs.hr\/novo\/wp-content\/uploads\/2021\/02\/Financijski-plan-2021.-godina.xlsx\"><span style=\"color: #0000ff;\">Financijski plan 2021.<\/span><\/a><\/p>\n<p><a href=\"https:\/\/oigs.hr\/novo\/wp-content\/uploads\/2021\/02\/Prijedlog-plana-Financijskog-plana-2021-1.pdf\"><span style=\"color: #0000ff;\">Prijedlog financijskog plana 2021. &#8211; 2023.<\/span><\/a><\/p>\n<p>&nbsp;<\/p>\n","protected":false},"excerpt":{"rendered":"<p>Financijsko poslovanje Datum 10.11.2025. Financijski plan 2026. Financijski plan za 2026. godinu i projekcije plana 2027. i 2028. godinu Datum &hellip; <\/p>\n","protected":false},"author":2,"featured_media":0,"parent":0,"menu_order":0,"comment_status":"closed","ping_status":"closed","template":"","meta":{"footnotes":""},"class_list":["post-1922","page","type-page","status-publish","hentry"],"yoast_head":"<!-- This site is optimized with the Yoast SEO plugin v27.4 - https:\/\/yoast.com\/product\/yoast-seo-wordpress\/ -->\n<title>Financijsko poslovanje - OIG\u0160<\/title>\n<meta name=\"description\" content=\"Financijsko poslovanje Datum 10.11.2025. Financijski plan 2026. Financijski plan za 2026. godinu i projekcije plana 2027. i 2028. godinu Datum 12.2.2026.\" \/>\n<meta name=\"robots\" content=\"index, follow, max-snippet:-1, max-image-preview:large, max-video-preview:-1\" \/>\n<link rel=\"canonical\" href=\"https:\/\/oigs.hr\/novo\/financijsko-poslovanje\/\" \/>\n<meta property=\"og:locale\" content=\"hr_HR\" \/>\n<meta property=\"og:type\" content=\"article\" \/>\n<meta property=\"og:title\" content=\"Financijsko poslovanje - OIG\u0160\" \/>\n<meta property=\"og:description\" content=\"Financijsko poslovanje Datum 10.11.2025. Financijski plan 2026. Financijski plan za 2026. godinu i projekcije plana 2027. i 2028. godinu Datum 12.2.2026.\" \/>\n<meta property=\"og:url\" content=\"https:\/\/oigs.hr\/novo\/financijsko-poslovanje\/\" \/>\n<meta property=\"og:site_name\" content=\"OIG\u0160\" \/>\n<meta property=\"article:publisher\" content=\"https:\/\/www.facebook.com\/oigs.srednjaskola\/\" \/>\n<meta property=\"article:modified_time\" content=\"2026-02-27T11:45:52+00:00\" \/>\n<meta property=\"og:image\" content=\"https:\/\/oigs.hr\/novo\/wp-content\/uploads\/2025\/08\/tFGCOFacR6wTd94yojA-1.png\" \/>\n\t<meta property=\"og:image:width\" content=\"1024\" \/>\n\t<meta property=\"og:image:height\" content=\"1024\" \/>\n\t<meta property=\"og:image:type\" content=\"image\/png\" \/>\n<meta name=\"twitter:card\" content=\"summary_large_image\" \/>\n<meta name=\"twitter:label1\" content=\"Procijenjeno vrijeme \u010ditanja\" \/>\n\t<meta name=\"twitter:data1\" content=\"2 minute\" \/>\n<script type=\"application\/ld+json\" class=\"yoast-schema-graph\">{\"@context\":\"https:\\\/\\\/schema.org\",\"@graph\":[{\"@type\":\"WebPage\",\"@id\":\"https:\\\/\\\/oigs.hr\\\/novo\\\/financijsko-poslovanje\\\/\",\"url\":\"https:\\\/\\\/oigs.hr\\\/novo\\\/financijsko-poslovanje\\\/\",\"name\":\"Financijsko poslovanje - OIG\u0160\",\"isPartOf\":{\"@id\":\"https:\\\/\\\/oigs.hr\\\/novo\\\/#website\"},\"primaryImageOfPage\":{\"@id\":\"https:\\\/\\\/oigs.hr\\\/novo\\\/financijsko-poslovanje\\\/#primaryimage\"},\"image\":{\"@id\":\"https:\\\/\\\/oigs.hr\\\/novo\\\/financijsko-poslovanje\\\/#primaryimage\"},\"thumbnailUrl\":\"https:\\\/\\\/oigs.hr\\\/novo\\\/wp-content\\\/uploads\\\/2025\\\/08\\\/tFGCOFacR6wTd94yojA-1-300x300.png\",\"datePublished\":\"2020-07-01T20:25:34+00:00\",\"dateModified\":\"2026-02-27T11:45:52+00:00\",\"description\":\"Financijsko poslovanje Datum 10.11.2025. Financijski plan 2026. Financijski plan za 2026. godinu i projekcije plana 2027. i 2028. godinu Datum 12.2.2026.\",\"breadcrumb\":{\"@id\":\"https:\\\/\\\/oigs.hr\\\/novo\\\/financijsko-poslovanje\\\/#breadcrumb\"},\"inLanguage\":\"hr\",\"potentialAction\":[{\"@type\":\"ReadAction\",\"target\":[\"https:\\\/\\\/oigs.hr\\\/novo\\\/financijsko-poslovanje\\\/\"]}]},{\"@type\":\"ImageObject\",\"inLanguage\":\"hr\",\"@id\":\"https:\\\/\\\/oigs.hr\\\/novo\\\/financijsko-poslovanje\\\/#primaryimage\",\"url\":\"https:\\\/\\\/oigs.hr\\\/novo\\\/wp-content\\\/uploads\\\/2025\\\/08\\\/tFGCOFacR6wTd94yojA-1.png\",\"contentUrl\":\"https:\\\/\\\/oigs.hr\\\/novo\\\/wp-content\\\/uploads\\\/2025\\\/08\\\/tFGCOFacR6wTd94yojA-1.png\",\"width\":1024,\"height\":1024},{\"@type\":\"BreadcrumbList\",\"@id\":\"https:\\\/\\\/oigs.hr\\\/novo\\\/financijsko-poslovanje\\\/#breadcrumb\",\"itemListElement\":[{\"@type\":\"ListItem\",\"position\":1,\"name\":\"Po\u010detna stranica\",\"item\":\"https:\\\/\\\/oigs.hr\\\/novo\\\/\"},{\"@type\":\"ListItem\",\"position\":2,\"name\":\"Financijsko poslovanje\"}]},{\"@type\":\"WebSite\",\"@id\":\"https:\\\/\\\/oigs.hr\\\/novo\\\/#website\",\"url\":\"https:\\\/\\\/oigs.hr\\\/novo\\\/\",\"name\":\"OIG\u0160\",\"description\":\"Obrtni\u010dka i industrijska graditeljska \u0161kola\",\"publisher\":{\"@id\":\"https:\\\/\\\/oigs.hr\\\/novo\\\/#organization\"},\"potentialAction\":[{\"@type\":\"SearchAction\",\"target\":{\"@type\":\"EntryPoint\",\"urlTemplate\":\"https:\\\/\\\/oigs.hr\\\/novo\\\/?s={search_term_string}\"},\"query-input\":{\"@type\":\"PropertyValueSpecification\",\"valueRequired\":true,\"valueName\":\"search_term_string\"}}],\"inLanguage\":\"hr\"},{\"@type\":\"Organization\",\"@id\":\"https:\\\/\\\/oigs.hr\\\/novo\\\/#organization\",\"name\":\"OIG\u0160\",\"url\":\"https:\\\/\\\/oigs.hr\\\/novo\\\/\",\"logo\":{\"@type\":\"ImageObject\",\"inLanguage\":\"hr\",\"@id\":\"https:\\\/\\\/oigs.hr\\\/novo\\\/#\\\/schema\\\/logo\\\/image\\\/\",\"url\":\"https:\\\/\\\/oigs.hr\\\/novo\\\/wp-content\\\/uploads\\\/2020\\\/06\\\/logo-1-e1592001907410.png\",\"contentUrl\":\"https:\\\/\\\/oigs.hr\\\/novo\\\/wp-content\\\/uploads\\\/2020\\\/06\\\/logo-1-e1592001907410.png\",\"width\":195,\"height\":181,\"caption\":\"OIG\u0160\"},\"image\":{\"@id\":\"https:\\\/\\\/oigs.hr\\\/novo\\\/#\\\/schema\\\/logo\\\/image\\\/\"},\"sameAs\":[\"https:\\\/\\\/www.facebook.com\\\/oigs.srednjaskola\\\/\"]}]}<\/script>\n<!-- \/ Yoast SEO plugin. -->","yoast_head_json":{"title":"Financijsko poslovanje - OIG\u0160","description":"Financijsko poslovanje Datum 10.11.2025. Financijski plan 2026. Financijski plan za 2026. godinu i projekcije plana 2027. i 2028. godinu Datum 12.2.2026.","robots":{"index":"index","follow":"follow","max-snippet":"max-snippet:-1","max-image-preview":"max-image-preview:large","max-video-preview":"max-video-preview:-1"},"canonical":"https:\/\/oigs.hr\/novo\/financijsko-poslovanje\/","og_locale":"hr_HR","og_type":"article","og_title":"Financijsko poslovanje - OIG\u0160","og_description":"Financijsko poslovanje Datum 10.11.2025. Financijski plan 2026. Financijski plan za 2026. godinu i projekcije plana 2027. i 2028. godinu Datum 12.2.2026.","og_url":"https:\/\/oigs.hr\/novo\/financijsko-poslovanje\/","og_site_name":"OIG\u0160","article_publisher":"https:\/\/www.facebook.com\/oigs.srednjaskola\/","article_modified_time":"2026-02-27T11:45:52+00:00","og_image":[{"width":1024,"height":1024,"url":"https:\/\/oigs.hr\/novo\/wp-content\/uploads\/2025\/08\/tFGCOFacR6wTd94yojA-1.png","type":"image\/png"}],"twitter_card":"summary_large_image","twitter_misc":{"Procijenjeno vrijeme \u010ditanja":"2 minute"},"schema":{"@context":"https:\/\/schema.org","@graph":[{"@type":"WebPage","@id":"https:\/\/oigs.hr\/novo\/financijsko-poslovanje\/","url":"https:\/\/oigs.hr\/novo\/financijsko-poslovanje\/","name":"Financijsko poslovanje - OIG\u0160","isPartOf":{"@id":"https:\/\/oigs.hr\/novo\/#website"},"primaryImageOfPage":{"@id":"https:\/\/oigs.hr\/novo\/financijsko-poslovanje\/#primaryimage"},"image":{"@id":"https:\/\/oigs.hr\/novo\/financijsko-poslovanje\/#primaryimage"},"thumbnailUrl":"https:\/\/oigs.hr\/novo\/wp-content\/uploads\/2025\/08\/tFGCOFacR6wTd94yojA-1-300x300.png","datePublished":"2020-07-01T20:25:34+00:00","dateModified":"2026-02-27T11:45:52+00:00","description":"Financijsko poslovanje Datum 10.11.2025. Financijski plan 2026. Financijski plan za 2026. godinu i projekcije plana 2027. i 2028. godinu Datum 12.2.2026.","breadcrumb":{"@id":"https:\/\/oigs.hr\/novo\/financijsko-poslovanje\/#breadcrumb"},"inLanguage":"hr","potentialAction":[{"@type":"ReadAction","target":["https:\/\/oigs.hr\/novo\/financijsko-poslovanje\/"]}]},{"@type":"ImageObject","inLanguage":"hr","@id":"https:\/\/oigs.hr\/novo\/financijsko-poslovanje\/#primaryimage","url":"https:\/\/oigs.hr\/novo\/wp-content\/uploads\/2025\/08\/tFGCOFacR6wTd94yojA-1.png","contentUrl":"https:\/\/oigs.hr\/novo\/wp-content\/uploads\/2025\/08\/tFGCOFacR6wTd94yojA-1.png","width":1024,"height":1024},{"@type":"BreadcrumbList","@id":"https:\/\/oigs.hr\/novo\/financijsko-poslovanje\/#breadcrumb","itemListElement":[{"@type":"ListItem","position":1,"name":"Po\u010detna stranica","item":"https:\/\/oigs.hr\/novo\/"},{"@type":"ListItem","position":2,"name":"Financijsko poslovanje"}]},{"@type":"WebSite","@id":"https:\/\/oigs.hr\/novo\/#website","url":"https:\/\/oigs.hr\/novo\/","name":"OIG\u0160","description":"Obrtni\u010dka i industrijska graditeljska \u0161kola","publisher":{"@id":"https:\/\/oigs.hr\/novo\/#organization"},"potentialAction":[{"@type":"SearchAction","target":{"@type":"EntryPoint","urlTemplate":"https:\/\/oigs.hr\/novo\/?s={search_term_string}"},"query-input":{"@type":"PropertyValueSpecification","valueRequired":true,"valueName":"search_term_string"}}],"inLanguage":"hr"},{"@type":"Organization","@id":"https:\/\/oigs.hr\/novo\/#organization","name":"OIG\u0160","url":"https:\/\/oigs.hr\/novo\/","logo":{"@type":"ImageObject","inLanguage":"hr","@id":"https:\/\/oigs.hr\/novo\/#\/schema\/logo\/image\/","url":"https:\/\/oigs.hr\/novo\/wp-content\/uploads\/2020\/06\/logo-1-e1592001907410.png","contentUrl":"https:\/\/oigs.hr\/novo\/wp-content\/uploads\/2020\/06\/logo-1-e1592001907410.png","width":195,"height":181,"caption":"OIG\u0160"},"image":{"@id":"https:\/\/oigs.hr\/novo\/#\/schema\/logo\/image\/"},"sameAs":["https:\/\/www.facebook.com\/oigs.srednjaskola\/"]}]}},"_links":{"self":[{"href":"https:\/\/oigs.hr\/novo\/wp-json\/wp\/v2\/pages\/1922","targetHints":{"allow":["GET"]}}],"collection":[{"href":"https:\/\/oigs.hr\/novo\/wp-json\/wp\/v2\/pages"}],"about":[{"href":"https:\/\/oigs.hr\/novo\/wp-json\/wp\/v2\/types\/page"}],"author":[{"embeddable":true,"href":"https:\/\/oigs.hr\/novo\/wp-json\/wp\/v2\/users\/2"}],"replies":[{"embeddable":true,"href":"https:\/\/oigs.hr\/novo\/wp-json\/wp\/v2\/comments?post=1922"}],"version-history":[{"count":42,"href":"https:\/\/oigs.hr\/novo\/wp-json\/wp\/v2\/pages\/1922\/revisions"}],"predecessor-version":[{"id":10756,"href":"https:\/\/oigs.hr\/novo\/wp-json\/wp\/v2\/pages\/1922\/revisions\/10756"}],"wp:attachment":[{"href":"https:\/\/oigs.hr\/novo\/wp-json\/wp\/v2\/media?parent=1922"}],"curies":[{"name":"wp","href":"https:\/\/api.w.org\/{rel}","templated":true}]}}