{"id":1803,"date":"2020-06-30T14:02:52","date_gmt":"2020-06-30T12:02:52","guid":{"rendered":"https:\/\/www.oigs.hr\/novo\/?page_id=1803"},"modified":"2025-10-04T07:17:05","modified_gmt":"2025-10-04T05:17:05","slug":"stipendije-20","status":"publish","type":"page","link":"https:\/\/oigs.hr\/novo\/stipendije-20\/","title":{"rendered":"Stipendije"},"content":{"rendered":"<h1>Stipendije Grada Zagreba za u\u010denike deficitarnih zanimanja<\/h1>\n<p><img loading=\"lazy\" decoding=\"async\" class=\"alignnone size-medium wp-image-9347\" src=\"https:\/\/oigs.hr\/novo\/wp-content\/uploads\/2025\/06\/29-300x200.jpg\" alt=\"\" width=\"300\" height=\"200\" srcset=\"https:\/\/oigs.hr\/novo\/wp-content\/uploads\/2025\/06\/29-300x200.jpg 300w, https:\/\/oigs.hr\/novo\/wp-content\/uploads\/2025\/06\/29-1024x683.jpg 1024w, https:\/\/oigs.hr\/novo\/wp-content\/uploads\/2025\/06\/29-768x512.jpg 768w, https:\/\/oigs.hr\/novo\/wp-content\/uploads\/2025\/06\/29-1536x1024.jpg 1536w, https:\/\/oigs.hr\/novo\/wp-content\/uploads\/2025\/06\/29-2048x1365.jpg 2048w\" sizes=\"auto, (max-width: 300px) 100vw, 300px\" \/><\/p>\n<p>Grad Zagreb svake godine dodjeljuje stipendije u\u010denicima koji se obrazuju za deficitarna zanimanja, s ciljem poticanja upisa u obrtni\u010dke \u0161kole i zadr\u017eavanja mladih stru\u010dnjaka u gradu.<\/p>\n<p data-start=\"614\" data-end=\"784\">Stipendije se dodjeljuju temeljem javnog natje\u010daja koji Grad Zagreb raspisuje svake godine, a isplata traje tijekom \u0161kolske godine \u2013 za deset mjeseci, od rujna do lipnja.<\/p>\n<p data-start=\"786\" data-end=\"977\">Ova mjera Grada Zagreba dodatno motivira u\u010denike na kvalitetno obrazovanje, a istovremeno odgovara na potrebe tr\u017ei\u0161ta rada, osobito u sektorima gdje kroni\u010dno nedostaje kvalificiranih radnika.<\/p>\n<p data-start=\"979\" data-end=\"1223\">Vi\u0161e informacija i prijave dostupne su na slu\u017ebenim stranicama Grada Zagreba:<\/p>\n<p data-start=\"979\" data-end=\"1223\"><span style=\"color: #000000;\"><strong data-start=\"1062\" data-end=\"1159\"><a class=\"cursor-pointer\" style=\"color: #000000;\" href=\"https:\/\/zagreb.hr\/stipendije-grada-zagreba\/175198\" target=\"_new\" rel=\"noopener\" data-start=\"1064\" data-end=\"1157\">Natje\u010daji za stipendije \u2013 Grad Zagreb<\/a><\/strong><\/span><\/p>\n<p data-start=\"109\" data-end=\"179\"><img loading=\"lazy\" decoding=\"async\" class=\"alignnone wp-image-9343\" src=\"https:\/\/oigs.hr\/novo\/wp-content\/uploads\/2025\/06\/9-300x200.jpg\" alt=\"\" width=\"318\" height=\"212\" srcset=\"https:\/\/oigs.hr\/novo\/wp-content\/uploads\/2025\/06\/9-300x200.jpg 300w, https:\/\/oigs.hr\/novo\/wp-content\/uploads\/2025\/06\/9-1024x683.jpg 1024w, https:\/\/oigs.hr\/novo\/wp-content\/uploads\/2025\/06\/9-768x512.jpg 768w, https:\/\/oigs.hr\/novo\/wp-content\/uploads\/2025\/06\/9-1536x1024.jpg 1536w, https:\/\/oigs.hr\/novo\/wp-content\/uploads\/2025\/06\/9-2048x1365.jpg 2048w\" sizes=\"auto, (max-width: 318px) 100vw, 318px\" \/><\/p>\n<p data-start=\"109\" data-end=\"179\"><strong data-start=\"109\" data-end=\"179\">Stipendije za u\u010denike \u2013 va\u017eno je pratiti objave lokalnih jedinica i privatnih tvrtki!<\/strong><\/p>\n<p data-start=\"181\" data-end=\"410\">Osim Grada Zagreba, stipendije za u\u010denike \u010desto raspisuju i drugi gradovi, \u017eupanije, obrtni\u010dke i gospodarske komore te razne tvrtke kao \u0161to je npr. ING-GRAD d.0.o.<\/p>\n<p data-start=\"412\" data-end=\"681\">\u0160kola \u0107e na svojoj mre\u017enoj stranici objaviti sve informacije o stipendijama koje zaprimimo, ali pozivamo u\u010denike i roditelje da sami redovito prate slu\u017ebene stranice svojih gradova, \u017eupanija i drugih relevantnih ustanova kako ne bi propustili va\u017ene rokove i mogu\u0107nosti.<\/p>\n","protected":false},"excerpt":{"rendered":"<p>Stipendije Grada Zagreba za u\u010denike deficitarnih zanimanja Grad Zagreb svake godine dodjeljuje stipendije u\u010denicima koji se obrazuju za deficitarna zanimanja, &hellip; <\/p>\n","protected":false},"author":3,"featured_media":0,"parent":0,"menu_order":0,"comment_status":"closed","ping_status":"closed","template":"","meta":{"footnotes":""},"class_list":["post-1803","page","type-page","status-publish","hentry"],"yoast_head":"<!-- This site is optimized with the Yoast SEO plugin v27.4 - https:\/\/yoast.com\/product\/yoast-seo-wordpress\/ -->\n<title>Stipendije - OIG\u0160<\/title>\n<meta name=\"description\" content=\"Stipendije Grada Zagreba za u\u010denike deficitarnih zanimanja Grad Zagreb svake godine dodjeljuje stipendije u\u010denicima koji se obrazuju za deficitarna\" \/>\n<meta name=\"robots\" content=\"index, follow, max-snippet:-1, max-image-preview:large, max-video-preview:-1\" \/>\n<link rel=\"canonical\" href=\"https:\/\/oigs.hr\/novo\/stipendije-20\/\" \/>\n<meta property=\"og:locale\" content=\"hr_HR\" \/>\n<meta property=\"og:type\" content=\"article\" \/>\n<meta property=\"og:title\" content=\"Stipendije - OIG\u0160\" \/>\n<meta property=\"og:description\" content=\"Stipendije Grada Zagreba za u\u010denike deficitarnih zanimanja Grad Zagreb svake godine dodjeljuje stipendije u\u010denicima koji se obrazuju za deficitarna\" \/>\n<meta property=\"og:url\" content=\"https:\/\/oigs.hr\/novo\/stipendije-20\/\" \/>\n<meta property=\"og:site_name\" content=\"OIG\u0160\" \/>\n<meta property=\"article:publisher\" content=\"https:\/\/www.facebook.com\/oigs.srednjaskola\/\" \/>\n<meta property=\"article:modified_time\" content=\"2025-10-04T05:17:05+00:00\" \/>\n<meta property=\"og:image\" content=\"https:\/\/oigs.hr\/novo\/wp-content\/uploads\/2025\/06\/29-scaled.jpg\" \/>\n\t<meta property=\"og:image:width\" content=\"2560\" \/>\n\t<meta property=\"og:image:height\" content=\"1707\" \/>\n\t<meta property=\"og:image:type\" content=\"image\/jpeg\" \/>\n<meta name=\"twitter:card\" content=\"summary_large_image\" \/>\n<meta name=\"twitter:label1\" content=\"Procijenjeno vrijeme \u010ditanja\" \/>\n\t<meta name=\"twitter:data1\" content=\"2 minute\" \/>\n<script type=\"application\/ld+json\" class=\"yoast-schema-graph\">{\"@context\":\"https:\\\/\\\/schema.org\",\"@graph\":[{\"@type\":\"WebPage\",\"@id\":\"https:\\\/\\\/oigs.hr\\\/novo\\\/stipendije-20\\\/\",\"url\":\"https:\\\/\\\/oigs.hr\\\/novo\\\/stipendije-20\\\/\",\"name\":\"Stipendije - OIG\u0160\",\"isPartOf\":{\"@id\":\"https:\\\/\\\/oigs.hr\\\/novo\\\/#website\"},\"primaryImageOfPage\":{\"@id\":\"https:\\\/\\\/oigs.hr\\\/novo\\\/stipendije-20\\\/#primaryimage\"},\"image\":{\"@id\":\"https:\\\/\\\/oigs.hr\\\/novo\\\/stipendije-20\\\/#primaryimage\"},\"thumbnailUrl\":\"https:\\\/\\\/oigs.hr\\\/novo\\\/wp-content\\\/uploads\\\/2025\\\/06\\\/29-300x200.jpg\",\"datePublished\":\"2020-06-30T12:02:52+00:00\",\"dateModified\":\"2025-10-04T05:17:05+00:00\",\"description\":\"Stipendije Grada Zagreba za u\u010denike deficitarnih zanimanja Grad Zagreb svake godine dodjeljuje stipendije u\u010denicima koji se obrazuju za deficitarna\",\"breadcrumb\":{\"@id\":\"https:\\\/\\\/oigs.hr\\\/novo\\\/stipendije-20\\\/#breadcrumb\"},\"inLanguage\":\"hr\",\"potentialAction\":[{\"@type\":\"ReadAction\",\"target\":[\"https:\\\/\\\/oigs.hr\\\/novo\\\/stipendije-20\\\/\"]}]},{\"@type\":\"ImageObject\",\"inLanguage\":\"hr\",\"@id\":\"https:\\\/\\\/oigs.hr\\\/novo\\\/stipendije-20\\\/#primaryimage\",\"url\":\"https:\\\/\\\/oigs.hr\\\/novo\\\/wp-content\\\/uploads\\\/2025\\\/06\\\/29-scaled.jpg\",\"contentUrl\":\"https:\\\/\\\/oigs.hr\\\/novo\\\/wp-content\\\/uploads\\\/2025\\\/06\\\/29-scaled.jpg\",\"width\":2560,\"height\":1707},{\"@type\":\"BreadcrumbList\",\"@id\":\"https:\\\/\\\/oigs.hr\\\/novo\\\/stipendije-20\\\/#breadcrumb\",\"itemListElement\":[{\"@type\":\"ListItem\",\"position\":1,\"name\":\"Po\u010detna stranica\",\"item\":\"https:\\\/\\\/oigs.hr\\\/novo\\\/\"},{\"@type\":\"ListItem\",\"position\":2,\"name\":\"Stipendije\"}]},{\"@type\":\"WebSite\",\"@id\":\"https:\\\/\\\/oigs.hr\\\/novo\\\/#website\",\"url\":\"https:\\\/\\\/oigs.hr\\\/novo\\\/\",\"name\":\"OIG\u0160\",\"description\":\"Obrtni\u010dka i industrijska graditeljska \u0161kola\",\"publisher\":{\"@id\":\"https:\\\/\\\/oigs.hr\\\/novo\\\/#organization\"},\"potentialAction\":[{\"@type\":\"SearchAction\",\"target\":{\"@type\":\"EntryPoint\",\"urlTemplate\":\"https:\\\/\\\/oigs.hr\\\/novo\\\/?s={search_term_string}\"},\"query-input\":{\"@type\":\"PropertyValueSpecification\",\"valueRequired\":true,\"valueName\":\"search_term_string\"}}],\"inLanguage\":\"hr\"},{\"@type\":\"Organization\",\"@id\":\"https:\\\/\\\/oigs.hr\\\/novo\\\/#organization\",\"name\":\"OIG\u0160\",\"url\":\"https:\\\/\\\/oigs.hr\\\/novo\\\/\",\"logo\":{\"@type\":\"ImageObject\",\"inLanguage\":\"hr\",\"@id\":\"https:\\\/\\\/oigs.hr\\\/novo\\\/#\\\/schema\\\/logo\\\/image\\\/\",\"url\":\"https:\\\/\\\/oigs.hr\\\/novo\\\/wp-content\\\/uploads\\\/2020\\\/06\\\/logo-1-e1592001907410.png\",\"contentUrl\":\"https:\\\/\\\/oigs.hr\\\/novo\\\/wp-content\\\/uploads\\\/2020\\\/06\\\/logo-1-e1592001907410.png\",\"width\":195,\"height\":181,\"caption\":\"OIG\u0160\"},\"image\":{\"@id\":\"https:\\\/\\\/oigs.hr\\\/novo\\\/#\\\/schema\\\/logo\\\/image\\\/\"},\"sameAs\":[\"https:\\\/\\\/www.facebook.com\\\/oigs.srednjaskola\\\/\"]}]}<\/script>\n<!-- \/ Yoast SEO plugin. -->","yoast_head_json":{"title":"Stipendije - OIG\u0160","description":"Stipendije Grada Zagreba za u\u010denike deficitarnih zanimanja Grad Zagreb svake godine dodjeljuje stipendije u\u010denicima koji se obrazuju za deficitarna","robots":{"index":"index","follow":"follow","max-snippet":"max-snippet:-1","max-image-preview":"max-image-preview:large","max-video-preview":"max-video-preview:-1"},"canonical":"https:\/\/oigs.hr\/novo\/stipendije-20\/","og_locale":"hr_HR","og_type":"article","og_title":"Stipendije - OIG\u0160","og_description":"Stipendije Grada Zagreba za u\u010denike deficitarnih zanimanja Grad Zagreb svake godine dodjeljuje stipendije u\u010denicima koji se obrazuju za deficitarna","og_url":"https:\/\/oigs.hr\/novo\/stipendije-20\/","og_site_name":"OIG\u0160","article_publisher":"https:\/\/www.facebook.com\/oigs.srednjaskola\/","article_modified_time":"2025-10-04T05:17:05+00:00","og_image":[{"width":2560,"height":1707,"url":"https:\/\/oigs.hr\/novo\/wp-content\/uploads\/2025\/06\/29-scaled.jpg","type":"image\/jpeg"}],"twitter_card":"summary_large_image","twitter_misc":{"Procijenjeno vrijeme \u010ditanja":"2 minute"},"schema":{"@context":"https:\/\/schema.org","@graph":[{"@type":"WebPage","@id":"https:\/\/oigs.hr\/novo\/stipendije-20\/","url":"https:\/\/oigs.hr\/novo\/stipendije-20\/","name":"Stipendije - OIG\u0160","isPartOf":{"@id":"https:\/\/oigs.hr\/novo\/#website"},"primaryImageOfPage":{"@id":"https:\/\/oigs.hr\/novo\/stipendije-20\/#primaryimage"},"image":{"@id":"https:\/\/oigs.hr\/novo\/stipendije-20\/#primaryimage"},"thumbnailUrl":"https:\/\/oigs.hr\/novo\/wp-content\/uploads\/2025\/06\/29-300x200.jpg","datePublished":"2020-06-30T12:02:52+00:00","dateModified":"2025-10-04T05:17:05+00:00","description":"Stipendije Grada Zagreba za u\u010denike deficitarnih zanimanja Grad Zagreb svake godine dodjeljuje stipendije u\u010denicima koji se obrazuju za deficitarna","breadcrumb":{"@id":"https:\/\/oigs.hr\/novo\/stipendije-20\/#breadcrumb"},"inLanguage":"hr","potentialAction":[{"@type":"ReadAction","target":["https:\/\/oigs.hr\/novo\/stipendije-20\/"]}]},{"@type":"ImageObject","inLanguage":"hr","@id":"https:\/\/oigs.hr\/novo\/stipendije-20\/#primaryimage","url":"https:\/\/oigs.hr\/novo\/wp-content\/uploads\/2025\/06\/29-scaled.jpg","contentUrl":"https:\/\/oigs.hr\/novo\/wp-content\/uploads\/2025\/06\/29-scaled.jpg","width":2560,"height":1707},{"@type":"BreadcrumbList","@id":"https:\/\/oigs.hr\/novo\/stipendije-20\/#breadcrumb","itemListElement":[{"@type":"ListItem","position":1,"name":"Po\u010detna stranica","item":"https:\/\/oigs.hr\/novo\/"},{"@type":"ListItem","position":2,"name":"Stipendije"}]},{"@type":"WebSite","@id":"https:\/\/oigs.hr\/novo\/#website","url":"https:\/\/oigs.hr\/novo\/","name":"OIG\u0160","description":"Obrtni\u010dka i industrijska graditeljska \u0161kola","publisher":{"@id":"https:\/\/oigs.hr\/novo\/#organization"},"potentialAction":[{"@type":"SearchAction","target":{"@type":"EntryPoint","urlTemplate":"https:\/\/oigs.hr\/novo\/?s={search_term_string}"},"query-input":{"@type":"PropertyValueSpecification","valueRequired":true,"valueName":"search_term_string"}}],"inLanguage":"hr"},{"@type":"Organization","@id":"https:\/\/oigs.hr\/novo\/#organization","name":"OIG\u0160","url":"https:\/\/oigs.hr\/novo\/","logo":{"@type":"ImageObject","inLanguage":"hr","@id":"https:\/\/oigs.hr\/novo\/#\/schema\/logo\/image\/","url":"https:\/\/oigs.hr\/novo\/wp-content\/uploads\/2020\/06\/logo-1-e1592001907410.png","contentUrl":"https:\/\/oigs.hr\/novo\/wp-content\/uploads\/2020\/06\/logo-1-e1592001907410.png","width":195,"height":181,"caption":"OIG\u0160"},"image":{"@id":"https:\/\/oigs.hr\/novo\/#\/schema\/logo\/image\/"},"sameAs":["https:\/\/www.facebook.com\/oigs.srednjaskola\/"]}]}},"_links":{"self":[{"href":"https:\/\/oigs.hr\/novo\/wp-json\/wp\/v2\/pages\/1803","targetHints":{"allow":["GET"]}}],"collection":[{"href":"https:\/\/oigs.hr\/novo\/wp-json\/wp\/v2\/pages"}],"about":[{"href":"https:\/\/oigs.hr\/novo\/wp-json\/wp\/v2\/types\/page"}],"author":[{"embeddable":true,"href":"https:\/\/oigs.hr\/novo\/wp-json\/wp\/v2\/users\/3"}],"replies":[{"embeddable":true,"href":"https:\/\/oigs.hr\/novo\/wp-json\/wp\/v2\/comments?post=1803"}],"version-history":[{"count":8,"href":"https:\/\/oigs.hr\/novo\/wp-json\/wp\/v2\/pages\/1803\/revisions"}],"predecessor-version":[{"id":10157,"href":"https:\/\/oigs.hr\/novo\/wp-json\/wp\/v2\/pages\/1803\/revisions\/10157"}],"wp:attachment":[{"href":"https:\/\/oigs.hr\/novo\/wp-json\/wp\/v2\/media?parent=1803"}],"curies":[{"name":"wp","href":"https:\/\/api.w.org\/{rel}","templated":true}]}}