{"id":10670,"date":"2026-01-29T08:09:03","date_gmt":"2026-01-29T07:09:03","guid":{"rendered":"https:\/\/oigs.hr\/novo\/?page_id=10670"},"modified":"2026-01-29T08:14:19","modified_gmt":"2026-01-29T07:14:19","slug":"izdavanje-duplikata-svjedodzbe","status":"publish","type":"page","link":"https:\/\/oigs.hr\/novo\/izdavanje-duplikata-svjedodzbe\/","title":{"rendered":"Izdavanje duplikata svjedod\u017ebe"},"content":{"rendered":"<h2><img loading=\"lazy\" decoding=\"async\" class=\"alignnone wp-image-10673\" src=\"https:\/\/oigs.hr\/novo\/wp-content\/uploads\/2026\/01\/W1-f6O53-l83UaYU3pvp1-300x300.jpg\" alt=\"\" width=\"445\" height=\"445\" srcset=\"https:\/\/oigs.hr\/novo\/wp-content\/uploads\/2026\/01\/W1-f6O53-l83UaYU3pvp1-300x300.jpg 300w, https:\/\/oigs.hr\/novo\/wp-content\/uploads\/2026\/01\/W1-f6O53-l83UaYU3pvp1-1024x1024.jpg 1024w, https:\/\/oigs.hr\/novo\/wp-content\/uploads\/2026\/01\/W1-f6O53-l83UaYU3pvp1-150x150.jpg 150w, https:\/\/oigs.hr\/novo\/wp-content\/uploads\/2026\/01\/W1-f6O53-l83UaYU3pvp1-768x768.jpg 768w, https:\/\/oigs.hr\/novo\/wp-content\/uploads\/2026\/01\/W1-f6O53-l83UaYU3pvp1-70x70.jpg 70w, https:\/\/oigs.hr\/novo\/wp-content\/uploads\/2026\/01\/W1-f6O53-l83UaYU3pvp1-246x246.jpg 246w, https:\/\/oigs.hr\/novo\/wp-content\/uploads\/2026\/01\/W1-f6O53-l83UaYU3pvp1-276x276.jpg 276w, https:\/\/oigs.hr\/novo\/wp-content\/uploads\/2026\/01\/W1-f6O53-l83UaYU3pvp1-125x125.jpg 125w, https:\/\/oigs.hr\/novo\/wp-content\/uploads\/2026\/01\/W1-f6O53-l83UaYU3pvp1.jpg 1536w\" sizes=\"auto, (max-width: 445px) 100vw, 445px\" \/><\/h2>\n<h2><strong>Na koji se na\u010din mo\u017ee dobiti duplikat svjedod\u017ebe?<\/strong><\/h2>\n<p>Pisani zahtjev za izdavanje duplikata svjedod\u017ebe podnosi se u referadu \u0160kole\u00a0 ili elektroni\u010dkim putem: e-mail: referada@oigs.hr. Zahtjev sadr\u017ei podatke o podnositelju, \u0161kolsku godinu u kojoj je zavr\u0161en razred za koji se tra\u017ei duplikat svjedod\u017ebe te svrhu izdavanja navedenog dokumenta. Podnositelj zahtjeva du\u017ean je platiti tro\u0161kove postupka u iznosu od 10,00 Eura na ra\u010dun \u0160kole IBAN: HR2223600001101454277.<\/p>\n<p><strong>Obrazac za izdavanje duplikata svjedod\u017ebe mo\u017eete skinuti<span style=\"color: #000080;\">\u00a0<a style=\"color: #000080;\" href=\"https:\/\/oigs.hr\/novo\/wp-content\/uploads\/2023\/04\/Zahtjev-za-izdavanje-duplikata-prijepisa-svjedodzbi-1.pdf\">ovdje:<\/a><\/span><\/strong><\/p>\n<h2><strong>Potvrde o redovnom \u0161kolovanju<\/strong><\/h2>\n<p>Potvrde o redovnom \u0161kolovanju u\u010denik mo\u017ee ovjeriti i preuzeti u referadi \u0160kole svakim radnim danom u uredovno vrijeme za stranke od 8,00 \u2013 13,00 ili od 14,00-18:00 sati.<\/p>\n<p>U\u010denik\/roditelj mo\u017ee zahtjev za potvrdom o redovnom \u0161kolovanju uputiti elektroni\u010dkom po\u0161tom, e-mail: referada@oigs.hr.<\/p>\n<p>&nbsp;<\/p>\n","protected":false},"excerpt":{"rendered":"<p>Na koji se na\u010din mo\u017ee dobiti duplikat svjedod\u017ebe? Pisani zahtjev za izdavanje duplikata svjedod\u017ebe podnosi se u referadu \u0160kole\u00a0 ili &hellip; <\/p>\n","protected":false},"author":3,"featured_media":0,"parent":0,"menu_order":0,"comment_status":"closed","ping_status":"closed","template":"","meta":{"footnotes":""},"class_list":["post-10670","page","type-page","status-publish","hentry"],"yoast_head":"<!-- This site is optimized with the Yoast SEO plugin v27.4 - https:\/\/yoast.com\/product\/yoast-seo-wordpress\/ -->\n<title>Izdavanje duplikata svjedod\u017ebe - OIG\u0160<\/title>\n<meta name=\"description\" content=\"Na koji se na\u010din mo\u017ee dobiti duplikat svjedod\u017ebe? Pisani zahtjev za izdavanje duplikata svjedod\u017ebe podnosi se u referadu \u0160kole\u00a0 ili elektroni\u010dkim putem:\" \/>\n<meta name=\"robots\" content=\"index, follow, max-snippet:-1, max-image-preview:large, max-video-preview:-1\" \/>\n<link rel=\"canonical\" href=\"https:\/\/oigs.hr\/novo\/izdavanje-duplikata-svjedodzbe\/\" \/>\n<meta property=\"og:locale\" content=\"hr_HR\" \/>\n<meta property=\"og:type\" content=\"article\" \/>\n<meta property=\"og:title\" content=\"Izdavanje duplikata svjedod\u017ebe - OIG\u0160\" \/>\n<meta property=\"og:description\" content=\"Na koji se na\u010din mo\u017ee dobiti duplikat svjedod\u017ebe? Pisani zahtjev za izdavanje duplikata svjedod\u017ebe podnosi se u referadu \u0160kole\u00a0 ili elektroni\u010dkim putem:\" \/>\n<meta property=\"og:url\" content=\"https:\/\/oigs.hr\/novo\/izdavanje-duplikata-svjedodzbe\/\" \/>\n<meta property=\"og:site_name\" content=\"OIG\u0160\" \/>\n<meta property=\"article:publisher\" content=\"https:\/\/www.facebook.com\/oigs.srednjaskola\/\" \/>\n<meta property=\"article:modified_time\" content=\"2026-01-29T07:14:19+00:00\" \/>\n<meta property=\"og:image\" content=\"https:\/\/oigs.hr\/novo\/wp-content\/uploads\/2026\/01\/W1-f6O53-l83UaYU3pvp1.jpg\" \/>\n\t<meta property=\"og:image:width\" content=\"1536\" \/>\n\t<meta property=\"og:image:height\" content=\"1536\" \/>\n\t<meta property=\"og:image:type\" content=\"image\/jpeg\" \/>\n<meta name=\"twitter:card\" content=\"summary_large_image\" \/>\n<meta name=\"twitter:label1\" content=\"Procijenjeno vrijeme \u010ditanja\" \/>\n\t<meta name=\"twitter:data1\" content=\"1 minuta\" \/>\n<script type=\"application\/ld+json\" class=\"yoast-schema-graph\">{\"@context\":\"https:\\\/\\\/schema.org\",\"@graph\":[{\"@type\":\"WebPage\",\"@id\":\"https:\\\/\\\/oigs.hr\\\/novo\\\/izdavanje-duplikata-svjedodzbe\\\/\",\"url\":\"https:\\\/\\\/oigs.hr\\\/novo\\\/izdavanje-duplikata-svjedodzbe\\\/\",\"name\":\"Izdavanje duplikata svjedod\u017ebe - OIG\u0160\",\"isPartOf\":{\"@id\":\"https:\\\/\\\/oigs.hr\\\/novo\\\/#website\"},\"primaryImageOfPage\":{\"@id\":\"https:\\\/\\\/oigs.hr\\\/novo\\\/izdavanje-duplikata-svjedodzbe\\\/#primaryimage\"},\"image\":{\"@id\":\"https:\\\/\\\/oigs.hr\\\/novo\\\/izdavanje-duplikata-svjedodzbe\\\/#primaryimage\"},\"thumbnailUrl\":\"https:\\\/\\\/oigs.hr\\\/novo\\\/wp-content\\\/uploads\\\/2026\\\/01\\\/W1-f6O53-l83UaYU3pvp1-300x300.jpg\",\"datePublished\":\"2026-01-29T07:09:03+00:00\",\"dateModified\":\"2026-01-29T07:14:19+00:00\",\"description\":\"Na koji se na\u010din mo\u017ee dobiti duplikat svjedod\u017ebe? Pisani zahtjev za izdavanje duplikata svjedod\u017ebe podnosi se u referadu \u0160kole\u00a0 ili elektroni\u010dkim putem:\",\"breadcrumb\":{\"@id\":\"https:\\\/\\\/oigs.hr\\\/novo\\\/izdavanje-duplikata-svjedodzbe\\\/#breadcrumb\"},\"inLanguage\":\"hr\",\"potentialAction\":[{\"@type\":\"ReadAction\",\"target\":[\"https:\\\/\\\/oigs.hr\\\/novo\\\/izdavanje-duplikata-svjedodzbe\\\/\"]}]},{\"@type\":\"ImageObject\",\"inLanguage\":\"hr\",\"@id\":\"https:\\\/\\\/oigs.hr\\\/novo\\\/izdavanje-duplikata-svjedodzbe\\\/#primaryimage\",\"url\":\"https:\\\/\\\/oigs.hr\\\/novo\\\/wp-content\\\/uploads\\\/2026\\\/01\\\/W1-f6O53-l83UaYU3pvp1.jpg\",\"contentUrl\":\"https:\\\/\\\/oigs.hr\\\/novo\\\/wp-content\\\/uploads\\\/2026\\\/01\\\/W1-f6O53-l83UaYU3pvp1.jpg\",\"width\":1536,\"height\":1536},{\"@type\":\"BreadcrumbList\",\"@id\":\"https:\\\/\\\/oigs.hr\\\/novo\\\/izdavanje-duplikata-svjedodzbe\\\/#breadcrumb\",\"itemListElement\":[{\"@type\":\"ListItem\",\"position\":1,\"name\":\"Po\u010detna stranica\",\"item\":\"https:\\\/\\\/oigs.hr\\\/novo\\\/\"},{\"@type\":\"ListItem\",\"position\":2,\"name\":\"Izdavanje duplikata svjedod\u017ebe\"}]},{\"@type\":\"WebSite\",\"@id\":\"https:\\\/\\\/oigs.hr\\\/novo\\\/#website\",\"url\":\"https:\\\/\\\/oigs.hr\\\/novo\\\/\",\"name\":\"OIG\u0160\",\"description\":\"Obrtni\u010dka i industrijska graditeljska \u0161kola\",\"publisher\":{\"@id\":\"https:\\\/\\\/oigs.hr\\\/novo\\\/#organization\"},\"potentialAction\":[{\"@type\":\"SearchAction\",\"target\":{\"@type\":\"EntryPoint\",\"urlTemplate\":\"https:\\\/\\\/oigs.hr\\\/novo\\\/?s={search_term_string}\"},\"query-input\":{\"@type\":\"PropertyValueSpecification\",\"valueRequired\":true,\"valueName\":\"search_term_string\"}}],\"inLanguage\":\"hr\"},{\"@type\":\"Organization\",\"@id\":\"https:\\\/\\\/oigs.hr\\\/novo\\\/#organization\",\"name\":\"OIG\u0160\",\"url\":\"https:\\\/\\\/oigs.hr\\\/novo\\\/\",\"logo\":{\"@type\":\"ImageObject\",\"inLanguage\":\"hr\",\"@id\":\"https:\\\/\\\/oigs.hr\\\/novo\\\/#\\\/schema\\\/logo\\\/image\\\/\",\"url\":\"https:\\\/\\\/oigs.hr\\\/novo\\\/wp-content\\\/uploads\\\/2020\\\/06\\\/logo-1-e1592001907410.png\",\"contentUrl\":\"https:\\\/\\\/oigs.hr\\\/novo\\\/wp-content\\\/uploads\\\/2020\\\/06\\\/logo-1-e1592001907410.png\",\"width\":195,\"height\":181,\"caption\":\"OIG\u0160\"},\"image\":{\"@id\":\"https:\\\/\\\/oigs.hr\\\/novo\\\/#\\\/schema\\\/logo\\\/image\\\/\"},\"sameAs\":[\"https:\\\/\\\/www.facebook.com\\\/oigs.srednjaskola\\\/\"]}]}<\/script>\n<!-- \/ Yoast SEO plugin. -->","yoast_head_json":{"title":"Izdavanje duplikata svjedod\u017ebe - OIG\u0160","description":"Na koji se na\u010din mo\u017ee dobiti duplikat svjedod\u017ebe? Pisani zahtjev za izdavanje duplikata svjedod\u017ebe podnosi se u referadu \u0160kole\u00a0 ili elektroni\u010dkim putem:","robots":{"index":"index","follow":"follow","max-snippet":"max-snippet:-1","max-image-preview":"max-image-preview:large","max-video-preview":"max-video-preview:-1"},"canonical":"https:\/\/oigs.hr\/novo\/izdavanje-duplikata-svjedodzbe\/","og_locale":"hr_HR","og_type":"article","og_title":"Izdavanje duplikata svjedod\u017ebe - OIG\u0160","og_description":"Na koji se na\u010din mo\u017ee dobiti duplikat svjedod\u017ebe? Pisani zahtjev za izdavanje duplikata svjedod\u017ebe podnosi se u referadu \u0160kole\u00a0 ili elektroni\u010dkim putem:","og_url":"https:\/\/oigs.hr\/novo\/izdavanje-duplikata-svjedodzbe\/","og_site_name":"OIG\u0160","article_publisher":"https:\/\/www.facebook.com\/oigs.srednjaskola\/","article_modified_time":"2026-01-29T07:14:19+00:00","og_image":[{"width":1536,"height":1536,"url":"https:\/\/oigs.hr\/novo\/wp-content\/uploads\/2026\/01\/W1-f6O53-l83UaYU3pvp1.jpg","type":"image\/jpeg"}],"twitter_card":"summary_large_image","twitter_misc":{"Procijenjeno vrijeme \u010ditanja":"1 minuta"},"schema":{"@context":"https:\/\/schema.org","@graph":[{"@type":"WebPage","@id":"https:\/\/oigs.hr\/novo\/izdavanje-duplikata-svjedodzbe\/","url":"https:\/\/oigs.hr\/novo\/izdavanje-duplikata-svjedodzbe\/","name":"Izdavanje duplikata svjedod\u017ebe - OIG\u0160","isPartOf":{"@id":"https:\/\/oigs.hr\/novo\/#website"},"primaryImageOfPage":{"@id":"https:\/\/oigs.hr\/novo\/izdavanje-duplikata-svjedodzbe\/#primaryimage"},"image":{"@id":"https:\/\/oigs.hr\/novo\/izdavanje-duplikata-svjedodzbe\/#primaryimage"},"thumbnailUrl":"https:\/\/oigs.hr\/novo\/wp-content\/uploads\/2026\/01\/W1-f6O53-l83UaYU3pvp1-300x300.jpg","datePublished":"2026-01-29T07:09:03+00:00","dateModified":"2026-01-29T07:14:19+00:00","description":"Na koji se na\u010din mo\u017ee dobiti duplikat svjedod\u017ebe? Pisani zahtjev za izdavanje duplikata svjedod\u017ebe podnosi se u referadu \u0160kole\u00a0 ili elektroni\u010dkim putem:","breadcrumb":{"@id":"https:\/\/oigs.hr\/novo\/izdavanje-duplikata-svjedodzbe\/#breadcrumb"},"inLanguage":"hr","potentialAction":[{"@type":"ReadAction","target":["https:\/\/oigs.hr\/novo\/izdavanje-duplikata-svjedodzbe\/"]}]},{"@type":"ImageObject","inLanguage":"hr","@id":"https:\/\/oigs.hr\/novo\/izdavanje-duplikata-svjedodzbe\/#primaryimage","url":"https:\/\/oigs.hr\/novo\/wp-content\/uploads\/2026\/01\/W1-f6O53-l83UaYU3pvp1.jpg","contentUrl":"https:\/\/oigs.hr\/novo\/wp-content\/uploads\/2026\/01\/W1-f6O53-l83UaYU3pvp1.jpg","width":1536,"height":1536},{"@type":"BreadcrumbList","@id":"https:\/\/oigs.hr\/novo\/izdavanje-duplikata-svjedodzbe\/#breadcrumb","itemListElement":[{"@type":"ListItem","position":1,"name":"Po\u010detna stranica","item":"https:\/\/oigs.hr\/novo\/"},{"@type":"ListItem","position":2,"name":"Izdavanje duplikata svjedod\u017ebe"}]},{"@type":"WebSite","@id":"https:\/\/oigs.hr\/novo\/#website","url":"https:\/\/oigs.hr\/novo\/","name":"OIG\u0160","description":"Obrtni\u010dka i industrijska graditeljska \u0161kola","publisher":{"@id":"https:\/\/oigs.hr\/novo\/#organization"},"potentialAction":[{"@type":"SearchAction","target":{"@type":"EntryPoint","urlTemplate":"https:\/\/oigs.hr\/novo\/?s={search_term_string}"},"query-input":{"@type":"PropertyValueSpecification","valueRequired":true,"valueName":"search_term_string"}}],"inLanguage":"hr"},{"@type":"Organization","@id":"https:\/\/oigs.hr\/novo\/#organization","name":"OIG\u0160","url":"https:\/\/oigs.hr\/novo\/","logo":{"@type":"ImageObject","inLanguage":"hr","@id":"https:\/\/oigs.hr\/novo\/#\/schema\/logo\/image\/","url":"https:\/\/oigs.hr\/novo\/wp-content\/uploads\/2020\/06\/logo-1-e1592001907410.png","contentUrl":"https:\/\/oigs.hr\/novo\/wp-content\/uploads\/2020\/06\/logo-1-e1592001907410.png","width":195,"height":181,"caption":"OIG\u0160"},"image":{"@id":"https:\/\/oigs.hr\/novo\/#\/schema\/logo\/image\/"},"sameAs":["https:\/\/www.facebook.com\/oigs.srednjaskola\/"]}]}},"_links":{"self":[{"href":"https:\/\/oigs.hr\/novo\/wp-json\/wp\/v2\/pages\/10670","targetHints":{"allow":["GET"]}}],"collection":[{"href":"https:\/\/oigs.hr\/novo\/wp-json\/wp\/v2\/pages"}],"about":[{"href":"https:\/\/oigs.hr\/novo\/wp-json\/wp\/v2\/types\/page"}],"author":[{"embeddable":true,"href":"https:\/\/oigs.hr\/novo\/wp-json\/wp\/v2\/users\/3"}],"replies":[{"embeddable":true,"href":"https:\/\/oigs.hr\/novo\/wp-json\/wp\/v2\/comments?post=10670"}],"version-history":[{"count":4,"href":"https:\/\/oigs.hr\/novo\/wp-json\/wp\/v2\/pages\/10670\/revisions"}],"predecessor-version":[{"id":10675,"href":"https:\/\/oigs.hr\/novo\/wp-json\/wp\/v2\/pages\/10670\/revisions\/10675"}],"wp:attachment":[{"href":"https:\/\/oigs.hr\/novo\/wp-json\/wp\/v2\/media?parent=10670"}],"curies":[{"name":"wp","href":"https:\/\/api.w.org\/{rel}","templated":true}]}}